NOAA-Style Climate Reports
Select a Year or Month report
2024: Jan Feb Mar Apr May Jun Jul Aug Sep Oct Nov Dec
2023: Jan Feb Mar Apr May Jun Jul Aug Sep Oct Nov Dec
2022: Jan Feb Mar Apr May Jun Jul Aug Sep Oct Nov Dec
2021: Jan Feb Mar Apr May Jun Jul Aug Sep Oct Nov Dec
2020: Jan Feb Mar Apr May Jun Jul Aug Sep Oct Nov Dec
2019: Jan Feb Mar Apr May Jun Jul Aug Sep Oct Nov Dec
2018: Jan Feb Mar Apr May Jun Jul Aug Sep Oct Nov Dec
2017: Jan Feb Mar Apr May Jun Jul Aug Sep Oct Nov Dec
2016: Jan Feb Mar Apr May Jun Jul Aug Sep Oct Nov Dec
2015: Jan Feb Mar Apr May Jun Jul Aug Sep Oct Nov Dec
2014: Jan Feb Mar Apr May Jun Jul Aug Sep Oct Nov Dec
2013: Jan Feb Mar Apr May Jun Jul Aug Sep Oct Nov Dec
2012: Jan Feb Mar Apr May Jun Jul Aug Sep Oct Nov Dec
2011: Jan Feb Mar Apr May Jun Jul Aug Sep Oct Nov Dec
2010: Jan Feb Mar Apr May Jun Jul Aug Sep Oct Nov Dec
2009: Jan Feb Mar Apr May Jun Jul Aug Sep Oct Nov Dec
2008: Jan Feb Mar Apr May Jun Jul Aug Sep Oct Nov Dec
2024: Jan Feb Mar Apr May Jun Jul Aug Sep Oct Nov Dec
2023: Jan Feb Mar Apr May Jun Jul Aug Sep Oct Nov Dec
2022: Jan Feb Mar Apr May Jun Jul Aug Sep Oct Nov Dec
2021: Jan Feb Mar Apr May Jun Jul Aug Sep Oct Nov Dec
2020: Jan Feb Mar Apr May Jun Jul Aug Sep Oct Nov Dec
2019: Jan Feb Mar Apr May Jun Jul Aug Sep Oct Nov Dec
2018: Jan Feb Mar Apr May Jun Jul Aug Sep Oct Nov Dec
2017: Jan Feb Mar Apr May Jun Jul Aug Sep Oct Nov Dec
2016: Jan Feb Mar Apr May Jun Jul Aug Sep Oct Nov Dec
2015: Jan Feb Mar Apr May Jun Jul Aug Sep Oct Nov Dec
2014: Jan Feb Mar Apr May Jun Jul Aug Sep Oct Nov Dec
2013: Jan Feb Mar Apr May Jun Jul Aug Sep Oct Nov Dec
2012: Jan Feb Mar Apr May Jun Jul Aug Sep Oct Nov Dec
2011: Jan Feb Mar Apr May Jun Jul Aug Sep Oct Nov Dec
2010: Jan Feb Mar Apr May Jun Jul Aug Sep Oct Nov Dec
2009: Jan Feb Mar Apr May Jun Jul Aug Sep Oct Nov Dec
2008: Jan Feb Mar Apr May Jun Jul Aug Sep Oct Nov Dec
Report for 2024 April
Monthly Climatological Summary for Apr 2024 Name: Garrymore Weather City: Geashill State: Offaly Elevation: 80 m Lat: N 53° 10' 00" Lon: W 007° 21' 33" Temperature (°C), Rain (mm), Wind Speed (km/h) Heat Cool Avg Mean Deg Deg Wind Dom Day Temp High Time Low Time Days Days Rain Speed High Time Dir ---------------------------------------------------------------------------------- 01 8.1 11.0 13:55 6.4 23:36 10.2 0.0 1.5 4.5 23.8 17:14 NE 02 7.1 13.0 14:40 0.7 06:28 11.2 0.0 0.5 2.5 23.8 17:10 ESE 03 8.6 12.5 13:24 6.2 07:34 9.7 0.0 5.1 6.9 31.3 20:15 NW 04 8.6 11.2 14:59 6.5 01:47 9.7 0.0 8.4 4.3 33.1 23:47 SE 05 11.7 14.0 13:26 10.4 03:22 6.6 0.0 3.8 14.2 53.3 13:35 S 06 11.9 14.4 14:46 7.6 23:43 6.3 0.0 0.3 27.3 77.0 14:15 S 07 9.1 12.8 16:55 6.2 23:32 9.0 0.0 2.0 14.3 56.9 00:56 SSW 08 6.0 7.0 10:26 5.2 04:10 12.3 0.0 12.9 8.1 36.7 17:49 NW 09 7.2 11.7 16:21 4.0 05:30 11.0 0.0 0.0 13.4 53.3 11:20 WNW 10 11.1 16.3 16:01 4.2 01:04 7.1 0.0 0.3 10.9 43.9 07:08 S 11 13.3 15.1 13:00 12.3 06:28 4.9 0.0 3.3 10.0 36.7 14:26 SSW 12 12.6 14.9 18:22 11.3 06:08 5.6 0.0 0.5 11.1 40.3 10:34 S 13 10.8 14.4 10:42 6.2 22:49 7.5 0.0 0.3 8.9 46.1 15:13 WSW 14 8.1 11.9 17:21 3.7 06:55 10.2 0.0 0.5 9.5 40.3 23:46 SSW 15 7.1 10.2 16:44 4.3 06:53 11.2 0.0 2.8 16.9 66.2 03:42 WNW 16 7.9 11.8 14:13 5.3 23:35 10.4 0.0 1.7 12.1 40.3 04:27 NW 17 7.6 12.4 15:19 4.0 03:26 10.7 0.0 2.1 9.4 38.5 17:52 WNW 18 9.2 13.5 17:12 6.2 00:03 9.1 0.0 0.2 5.4 34.9 16:49 W 19 10.5 14.8 18:05 6.1 23:49 7.8 0.0 0.3 9.0 34.9 15:26 WNW 20 9.1 16.2 14:43 1.4 05:41 9.2 0.0 0.0 1.3 14.8 12:13 NW 21 10.8 18.5 15:06 2.0 06:31 7.4 0.0 0.0 1.6 16.6 14:13 N 22 9.8 15.5 16:24 4.4 03:53 8.5 0.0 0.0 7.1 31.3 10:58 N 23 10.9 15.8 17:00 5.8 23:52 7.4 0.0 0.0 8.0 29.5 12:08 N 24 8.2 13.5 14:15 2.7 03:08 10.1 0.0 0.0 4.6 23.8 09:14 NW 25 7.4 11.8 13:06 3.5 02:48 10.9 0.0 0.0 4.1 20.2 13:59 WNW 26 6.2 12.2 13:34 1.5 06:18 12.1 0.0 1.3 4.5 25.6 14:06 NNE 27 5.5 11.6 17:03 -0.6 06:11 12.8 0.0 0.2 2.9 23.8 10:04 N 28 6.2 13.4 13:26 -1.6 05:56 12.1 0.0 3.3 4.3 33.1 17:17 SW ---------------------------------------------------------------------------------- 8.9 18.5 21 -1.6 28 261.0 0.0 51.3 8.5 77.0 6 WSW Max >= 27.0 0 Max <= 0.0 0 Min <= 0.0 2 Min <= -18.0 0 Max Rain: 12.9 on day 8 Days of Rain: 21 (>= 0.2 mm) 9 (>= 2.0 mm) 0 (>= 20.0 mm) Heat Base: 18.3 Cool Base: 18.3 Method: Integration