NOAA-Style Climate Reports


Report for 2022 May
                   Monthly Climatological Summary for May 2022

Name: Garrymore Weather   City: Geashill   State: Offaly
Elevation: 80 m  Lat: N 53° 10' 02"   Lon: W 007° 21' 35"

                  Temperature (°C), Rain (mm), Wind Speed (km/h)

                                      Heat  Cool        Avg
    Mean                              Deg   Deg         Wind                 Dom
Day Temp  High   Time   Low    Time   Days  Days  Rain  Speed High   Time    Dir
----------------------------------------------------------------------------------
01  10.7  12.0   17:57   9.6   00:01   7.6   0.0   6.4   5.3  23.8   07:41   WSW
02  12.0  15.7   13:35   9.6   04:37   6.3   0.0   0.0   1.3  13.0   10:56   NNW
03  12.9  17.8   15:48   9.6   06:23   5.4   0.0   0.0   3.6  22.0   15:42   WNW
04  13.0  17.7   16:45   9.9   23:45   5.3   0.0   0.2   8.7  33.1   09:47   WNW
05  13.3  17.9   14:43   9.1   06:02   5.0   0.0   0.0   4.4  20.2   00:19   WSW
06  12.9  16.6   17:03  10.5   05:32   5.4   0.0   5.1   5.8  23.8   13:38    SW
07  12.7  18.3   17:11   8.5   02:58   5.5   0.0   0.0   2.9  16.6   13:26   WNW
08  10.1  11.1   00:00   9.4   02:22   0.9   0.0   0.0   5.0  14.8   01:15     S
09  12.3  14.4   13:20   9.4   02:21   4.3   0.0   0.0  14.0  53.3   13:21     S
10  12.7  16.4   14:20   9.5   02:24   3.8   0.0   7.9   9.8  38.5   12:24   SSW
11  11.9  15.6   16:13   8.7   23:43   4.3   0.0   0.3  10.3  40.3   12:25     W
12  11.3  14.7   14:08   6.3   02:17   4.8   0.0   0.2   7.1  33.1   12:06    SW
13  13.5  18.0   14:10  10.5   03:04   4.8   0.0   0.0   8.6  36.7   14:49   WSW
14  13.2  19.8   17:41   6.9   04:52   5.2   0.1   0.0   2.8  16.6   11:57   SSW
15  13.7  19.0   12:32   7.3   05:49   4.6   0.0   0.0   2.5  18.4   23:58   ESE
16  14.9  19.4   16:12  12.8   05:12   3.4   0.0   9.7   8.3  40.3   18:04     S
17  12.6  16.1   11:13  10.0   16:21   5.7   0.0  10.9   9.1  34.9   03:53     S
18  12.2  16.6   15:29   8.5   04:26   6.1   0.0   2.0  14.2  68.0   15:34     S
19  12.0  17.3   15:17   5.3   05:26   6.3   0.0   0.0  12.1  40.3   12:08     S
----------------------------------------------------------------------------------
    12.5  19.8    14     5.3    19    94.7   0.1  42.7   7.0  68.0    18     SSW

Max >=  27.0  0
Max <=   0.0  0
Min <=   0.0  0
Min <= -18.0  0
Max Rain: 10.9 on day 17
Days of Rain: 9 (>= 0.2 mm)  6 (>= 2.0 mm)  0 (>= 20.0 mm)
Heat Base: 18.3  Cool Base: 18.3  Method: Integration