NOAA-Style Climate Reports
Select a Year or Month report
2024: Jan Feb Mar Apr May Jun Jul Aug Sep Oct Nov Dec
2023: Jan Feb Mar Apr May Jun Jul Aug Sep Oct Nov Dec
2022: Jan Feb Mar Apr May Jun Jul Aug Sep Oct Nov Dec
2021: Jan Feb Mar Apr May Jun Jul Aug Sep Oct Nov Dec
2020: Jan Feb Mar Apr May Jun Jul Aug Sep Oct Nov Dec
2019: Jan Feb Mar Apr May Jun Jul Aug Sep Oct Nov Dec
2018: Jan Feb Mar Apr May Jun Jul Aug Sep Oct Nov Dec
2017: Jan Feb Mar Apr May Jun Jul Aug Sep Oct Nov Dec
2016: Jan Feb Mar Apr May Jun Jul Aug Sep Oct Nov Dec
2015: Jan Feb Mar Apr May Jun Jul Aug Sep Oct Nov Dec
2014: Jan Feb Mar Apr May Jun Jul Aug Sep Oct Nov Dec
2013: Jan Feb Mar Apr May Jun Jul Aug Sep Oct Nov Dec
2012: Jan Feb Mar Apr May Jun Jul Aug Sep Oct Nov Dec
2011: Jan Feb Mar Apr May Jun Jul Aug Sep Oct Nov Dec
2010: Jan Feb Mar Apr May Jun Jul Aug Sep Oct Nov Dec
2009: Jan Feb Mar Apr May Jun Jul Aug Sep Oct Nov Dec
2008: Jan Feb Mar Apr May Jun Jul Aug Sep Oct Nov Dec
2024: Jan Feb Mar Apr May Jun Jul Aug Sep Oct Nov Dec
2023: Jan Feb Mar Apr May Jun Jul Aug Sep Oct Nov Dec
2022: Jan Feb Mar Apr May Jun Jul Aug Sep Oct Nov Dec
2021: Jan Feb Mar Apr May Jun Jul Aug Sep Oct Nov Dec
2020: Jan Feb Mar Apr May Jun Jul Aug Sep Oct Nov Dec
2019: Jan Feb Mar Apr May Jun Jul Aug Sep Oct Nov Dec
2018: Jan Feb Mar Apr May Jun Jul Aug Sep Oct Nov Dec
2017: Jan Feb Mar Apr May Jun Jul Aug Sep Oct Nov Dec
2016: Jan Feb Mar Apr May Jun Jul Aug Sep Oct Nov Dec
2015: Jan Feb Mar Apr May Jun Jul Aug Sep Oct Nov Dec
2014: Jan Feb Mar Apr May Jun Jul Aug Sep Oct Nov Dec
2013: Jan Feb Mar Apr May Jun Jul Aug Sep Oct Nov Dec
2012: Jan Feb Mar Apr May Jun Jul Aug Sep Oct Nov Dec
2011: Jan Feb Mar Apr May Jun Jul Aug Sep Oct Nov Dec
2010: Jan Feb Mar Apr May Jun Jul Aug Sep Oct Nov Dec
2009: Jan Feb Mar Apr May Jun Jul Aug Sep Oct Nov Dec
2008: Jan Feb Mar Apr May Jun Jul Aug Sep Oct Nov Dec
Report for 2024 February
Monthly Climatological Summary for Feb 2024 Name: Garrymore Weather City: Geashill State: Offaly Elevation: 80 m Lat: N 53° 10' 01" Lon: W 007° 21' 34" Temperature (°C), Rain (mm), Wind Speed (km/h) Heat Cool Avg Mean Deg Deg Wind Dom Day Temp High Time Low Time Days Days Rain Speed High Time Dir ---------------------------------------------------------------------------------- 01 4.7 9.9 23:57 -0.2 05:42 13.6 0.0 0.3 5.6 25.6 13:08 S 02 11.6 12.8 13:18 9.9 00:00 6.7 0.0 0.0 8.6 36.7 14:48 SW 03 9.2 11.4 00:00 7.6 21:51 9.1 0.0 3.0 4.6 22.0 12:05 WSW 04 10.9 13.7 12:47 8.4 00:00 7.4 0.0 0.0 10.4 43.9 11:18 WSW 05 10.7 12.5 15:46 9.6 04:14 7.6 0.0 0.0 11.0 40.3 13:10 SW 06 7.1 11.3 08:27 2.7 22:22 11.2 0.0 15.0 7.1 46.1 04:47 WSW 07 2.9 5.7 14:09 0.7 04:30 15.4 0.0 0.0 0.8 11.2 15:01 N 08 4.4 7.4 23:33 1.8 05:38 13.9 0.0 19.3 5.7 23.8 04:01 NE 09 5.7 7.1 00:00 2.5 23:38 12.6 0.0 5.8 3.8 22.0 00:08 NE 10 5.3 10.3 15:07 1.4 04:59 13.0 0.0 0.3 2.3 14.8 10:47 NNE 11 5.6 8.6 13:09 2.0 23:58 12.8 0.0 1.3 5.4 34.9 16:44 W 12 4.7 8.3 13:11 0.0 05:56 13.6 0.0 1.0 6.5 34.9 12:02 SSW 13 6.5 9.3 23:40 3.1 04:50 11.8 0.0 4.5 4.2 18.4 00:15 S 14 11.3 13.2 13:27 9.1 00:03 7.0 0.0 3.1 9.5 31.3 21:08 S 15 10.5 13.3 14:20 5.1 21:42 7.8 0.0 5.1 3.8 27.7 01:39 SSW 16 10.1 13.1 16:02 7.9 00:50 8.2 0.0 0.3 5.2 33.1 11:06 SSW 17 11.1 13.2 14:16 9.5 01:08 7.2 0.0 3.3 7.8 42.1 11:27 S 18 10.5 12.9 16:00 8.5 23:02 7.8 0.0 1.2 3.6 25.6 22:28 WSW 19 9.3 11.8 14:25 6.8 23:57 9.0 0.0 0.3 5.1 27.7 04:32 WSW 20 8.6 11.6 14:58 4.2 23:36 9.7 0.0 1.5 6.0 34.9 04:26 SSW 21 9.3 11.9 10:49 4.3 00:01 9.0 0.0 9.4 7.3 40.3 06:57 SSW 22 4.6 7.5 15:10 2.1 19:31 13.7 0.0 3.0 5.3 36.7 00:44 SW 23 4.1 7.6 14:17 1.8 07:55 14.2 0.0 0.0 4.9 27.7 01:05 WSW 24 4.4 8.5 15:42 0.8 07:09 13.8 0.0 1.1 3.4 23.8 10:49 WNW 25 5.0 8.2 13:33 2.2 00:00 13.3 0.0 0.0 8.1 38.5 13:49 NNE 26 3.7 9.0 14:42 -0.6 23:02 14.6 0.0 0.0 5.6 31.3 12:31 NNW 27 6.0 10.6 13:17 1.1 00:00 12.3 0.0 0.2 8.8 31.3 11:22 SW 28 8.4 13.2 12:33 2.9 00:00 9.8 0.0 7.4 8.0 27.7 12:49 SSW 29 4.7 7.9 11:28 0.4 20:43 13.6 0.0 1.3 7.6 27.7 11:47 SSW ---------------------------------------------------------------------------------- 7.3 13.7 4 -0.6 26 319.7 0.0 87.7 6.1 46.1 6 SW Max >= 27.0 0 Max <= 0.0 0 Min <= 0.0 3 Min <= -18.0 0 Max Rain: 19.3 on day 8 Days of Rain: 22 (>= 0.2 mm) 11 (>= 2.0 mm) 0 (>= 20.0 mm) Heat Base: 18.3 Cool Base: 18.3 Method: Integration