NOAA-Style Climate Reports
Select a Year or Month report
2024: Jan Feb Mar Apr May Jun Jul Aug Sep Oct Nov Dec
2023: Jan Feb Mar Apr May Jun Jul Aug Sep Oct Nov Dec
2022: Jan Feb Mar Apr May Jun Jul Aug Sep Oct Nov Dec
2021: Jan Feb Mar Apr May Jun Jul Aug Sep Oct Nov Dec
2020: Jan Feb Mar Apr May Jun Jul Aug Sep Oct Nov Dec
2019: Jan Feb Mar Apr May Jun Jul Aug Sep Oct Nov Dec
2018: Jan Feb Mar Apr May Jun Jul Aug Sep Oct Nov Dec
2017: Jan Feb Mar Apr May Jun Jul Aug Sep Oct Nov Dec
2016: Jan Feb Mar Apr May Jun Jul Aug Sep Oct Nov Dec
2015: Jan Feb Mar Apr May Jun Jul Aug Sep Oct Nov Dec
2014: Jan Feb Mar Apr May Jun Jul Aug Sep Oct Nov Dec
2013: Jan Feb Mar Apr May Jun Jul Aug Sep Oct Nov Dec
2012: Jan Feb Mar Apr May Jun Jul Aug Sep Oct Nov Dec
2011: Jan Feb Mar Apr May Jun Jul Aug Sep Oct Nov Dec
2010: Jan Feb Mar Apr May Jun Jul Aug Sep Oct Nov Dec
2009: Jan Feb Mar Apr May Jun Jul Aug Sep Oct Nov Dec
2008: Jan Feb Mar Apr May Jun Jul Aug Sep Oct Nov Dec
2024: Jan Feb Mar Apr May Jun Jul Aug Sep Oct Nov Dec
2023: Jan Feb Mar Apr May Jun Jul Aug Sep Oct Nov Dec
2022: Jan Feb Mar Apr May Jun Jul Aug Sep Oct Nov Dec
2021: Jan Feb Mar Apr May Jun Jul Aug Sep Oct Nov Dec
2020: Jan Feb Mar Apr May Jun Jul Aug Sep Oct Nov Dec
2019: Jan Feb Mar Apr May Jun Jul Aug Sep Oct Nov Dec
2018: Jan Feb Mar Apr May Jun Jul Aug Sep Oct Nov Dec
2017: Jan Feb Mar Apr May Jun Jul Aug Sep Oct Nov Dec
2016: Jan Feb Mar Apr May Jun Jul Aug Sep Oct Nov Dec
2015: Jan Feb Mar Apr May Jun Jul Aug Sep Oct Nov Dec
2014: Jan Feb Mar Apr May Jun Jul Aug Sep Oct Nov Dec
2013: Jan Feb Mar Apr May Jun Jul Aug Sep Oct Nov Dec
2012: Jan Feb Mar Apr May Jun Jul Aug Sep Oct Nov Dec
2011: Jan Feb Mar Apr May Jun Jul Aug Sep Oct Nov Dec
2010: Jan Feb Mar Apr May Jun Jul Aug Sep Oct Nov Dec
2009: Jan Feb Mar Apr May Jun Jul Aug Sep Oct Nov Dec
2008: Jan Feb Mar Apr May Jun Jul Aug Sep Oct Nov Dec
Report for 2023 December
Monthly Climatological Summary for Dec 2023 Name: Garrymore Weather City: Geashill State: Offaly Elevation: 80 m Lat: N 53° 10' 01" Lon: W 007° 21' 34" Temperature (°C), Rain (mm), Wind Speed (km/h) Heat Cool Avg Mean Deg Deg Wind Dom Day Temp High Time Low Time Days Days Rain Speed High Time Dir ---------------------------------------------------------------------------------- 01 -0.6 3.8 14:22 -3.8 05:50 18.8 0.0 0.3 1.4 11.2 02:21 W 02 0.2 3.8 13:37 -2.8 21:09 18.1 0.0 0.0 2.0 13.0 14:26 S 03 0.5 2.5 21:20 -2.2 01:48 17.8 0.0 2.2 3.5 31.3 23:32 NNE 04 1.6 4.3 13:39 -1.5 08:01 15.2 0.0 0.0 11.4 29.5 02:58 NW 05 1.1 4.5 13:55 -1.2 23:42 17.2 0.0 0.0 4.1 20.2 00:08 WNW 06 6.0 9.3 23:57 -1.4 00:51 12.3 0.0 6.1 8.6 43.9 16:26 SSE 07 9.4 11.8 15:07 6.3 21:34 8.9 0.0 7.6 5.9 33.1 07:57 SSE 08 8.3 10.2 13:21 6.3 00:19 10.0 0.0 0.0 12.9 43.9 16:20 SSW 09 9.1 11.4 05:59 7.0 21:52 9.2 0.0 9.2 13.3 56.9 08:40 W 10 8.4 10.9 11:59 5.7 03:21 9.9 0.0 13.2 12.0 62.3 17:23 SW 11 7.4 9.9 19:25 3.8 08:24 10.9 0.0 19.3 5.7 31.3 01:05 SSW 12 7.3 8.6 00:00 5.3 08:51 11.0 0.0 5.1 4.3 23.8 20:00 NW 13 5.8 7.7 14:19 3.2 09:04 12.5 0.0 0.0 6.6 29.5 02:50 WNW 14 8.1 9.8 04:38 6.4 00:00 10.2 0.0 0.2 3.8 25.6 03:42 SW 15 8.6 11.1 20:54 5.5 08:12 9.7 0.0 0.0 7.7 25.6 12:01 S 16 9.7 11.2 14:26 7.7 00:58 8.6 0.0 0.0 9.9 47.9 22:26 S 17 11.1 12.3 14:10 10.0 02:11 7.2 0.0 0.5 15.3 58.7 02:18 S 18 11.4 13.2 13:09 8.5 23:42 6.9 0.0 2.0 2.7 25.6 00:09 SW 19 7.0 9.0 02:32 4.2 09:22 11.3 0.0 0.8 3.9 27.7 20:53 W 20 9.6 10.7 23:40 7.5 00:00 8.7 0.0 0.3 15.1 42.1 10:19 W 21 10.4 11.8 10:59 9.2 18:09 7.9 0.0 0.5 21.5 60.5 15:19 WNW 22 9.5 10.3 00:19 8.7 06:40 8.8 0.0 0.2 16.0 53.3 01:14 WNW 23 10.6 12.7 20:23 8.9 02:45 7.7 0.0 1.8 11.9 42.1 02:52 WSW 24 11.4 12.7 03:50 9.1 23:58 6.9 0.0 2.0 9.9 46.1 10:25 WSW 25 8.5 9.9 12:28 6.6 19:50 9.8 0.0 2.6 7.9 34.9 13:53 SW 26 4.8 7.3 00:29 1.3 09:45 13.5 0.0 9.6 4.5 42.1 23:33 S 27 8.2 12.4 06:57 5.1 18:43 10.1 0.0 28.5 12.6 53.3 06:30 S 28 7.4 9.4 13:14 6.3 06:59 10.9 0.0 4.0 12.9 58.7 13:33 SW 29 5.1 7.3 14:04 2.3 22:14 13.2 0.0 2.8 8.0 36.7 00:02 WSW 30 6.7 9.5 08:04 2.1 00:29 11.6 0.0 14.3 16.1 58.7 18:22 S 31 6.6 8.0 12:26 5.4 04:29 11.7 0.0 1.0 15.3 43.9 09:02 WSW ---------------------------------------------------------------------------------- 7.1 13.2 18 -3.8 1 346.5 0.0 134.1 9.2 62.3 10 SW Max >= 27.0 0 Max <= 0.0 0 Min <= 0.0 6 Min <= -18.0 0 Max Rain: 28.5 on day 27 Days of Rain: 24 (>= 0.2 mm) 15 (>= 2.0 mm) 1 (>= 20.0 mm) Heat Base: 18.3 Cool Base: 18.3 Method: Integration