NOAA-Style Climate Reports
Select a Year or Month report
2024: Jan Feb Mar Apr May Jun Jul Aug Sep Oct Nov Dec
2023: Jan Feb Mar Apr May Jun Jul Aug Sep Oct Nov Dec
2022: Jan Feb Mar Apr May Jun Jul Aug Sep Oct Nov Dec
2021: Jan Feb Mar Apr May Jun Jul Aug Sep Oct Nov Dec
2020: Jan Feb Mar Apr May Jun Jul Aug Sep Oct Nov Dec
2019: Jan Feb Mar Apr May Jun Jul Aug Sep Oct Nov Dec
2018: Jan Feb Mar Apr May Jun Jul Aug Sep Oct Nov Dec
2017: Jan Feb Mar Apr May Jun Jul Aug Sep Oct Nov Dec
2016: Jan Feb Mar Apr May Jun Jul Aug Sep Oct Nov Dec
2015: Jan Feb Mar Apr May Jun Jul Aug Sep Oct Nov Dec
2014: Jan Feb Mar Apr May Jun Jul Aug Sep Oct Nov Dec
2013: Jan Feb Mar Apr May Jun Jul Aug Sep Oct Nov Dec
2012: Jan Feb Mar Apr May Jun Jul Aug Sep Oct Nov Dec
2011: Jan Feb Mar Apr May Jun Jul Aug Sep Oct Nov Dec
2010: Jan Feb Mar Apr May Jun Jul Aug Sep Oct Nov Dec
2009: Jan Feb Mar Apr May Jun Jul Aug Sep Oct Nov Dec
2008: Jan Feb Mar Apr May Jun Jul Aug Sep Oct Nov Dec
2024: Jan Feb Mar Apr May Jun Jul Aug Sep Oct Nov Dec
2023: Jan Feb Mar Apr May Jun Jul Aug Sep Oct Nov Dec
2022: Jan Feb Mar Apr May Jun Jul Aug Sep Oct Nov Dec
2021: Jan Feb Mar Apr May Jun Jul Aug Sep Oct Nov Dec
2020: Jan Feb Mar Apr May Jun Jul Aug Sep Oct Nov Dec
2019: Jan Feb Mar Apr May Jun Jul Aug Sep Oct Nov Dec
2018: Jan Feb Mar Apr May Jun Jul Aug Sep Oct Nov Dec
2017: Jan Feb Mar Apr May Jun Jul Aug Sep Oct Nov Dec
2016: Jan Feb Mar Apr May Jun Jul Aug Sep Oct Nov Dec
2015: Jan Feb Mar Apr May Jun Jul Aug Sep Oct Nov Dec
2014: Jan Feb Mar Apr May Jun Jul Aug Sep Oct Nov Dec
2013: Jan Feb Mar Apr May Jun Jul Aug Sep Oct Nov Dec
2012: Jan Feb Mar Apr May Jun Jul Aug Sep Oct Nov Dec
2011: Jan Feb Mar Apr May Jun Jul Aug Sep Oct Nov Dec
2010: Jan Feb Mar Apr May Jun Jul Aug Sep Oct Nov Dec
2009: Jan Feb Mar Apr May Jun Jul Aug Sep Oct Nov Dec
2008: Jan Feb Mar Apr May Jun Jul Aug Sep Oct Nov Dec
Report for 2023 October
Monthly Climatological Summary for Oct 2023 Name: Garrymore Weather City: Geashill State: Offaly Elevation: 80 m Lat: N 53° 10' 01" Lon: W 007° 21' 34" Temperature (°C), Rain (mm), Wind Speed (km/h) Heat Cool Avg Mean Deg Deg Wind Dom Day Temp High Time Low Time Days Days Rain Speed High Time Dir ---------------------------------------------------------------------------------- 01 15.0 18.5 15:52 9.8 23:47 3.3 0.0 0.3 4.1 22.0 03:38 SSW 02 11.0 14.0 14:09 8.4 04:47 7.3 0.0 0.0 4.0 20.2 10:33 S 03 12.3 16.2 15:20 9.5 00:53 6.0 0.0 0.2 6.0 27.7 09:40 WSW 04 13.1 16.3 14:27 10.0 00:46 5.2 0.0 0.0 9.3 34.9 11:22 SSW 05 14.7 17.1 16:52 12.3 05:08 3.6 0.0 6.4 11.3 53.3 11:32 S 06 17.2 19.8 14:15 15.0 23:54 1.2 0.2 1.0 8.7 27.7 02:59 S 07 16.8 21.0 15:27 14.2 00:57 1.9 0.4 0.0 7.0 27.7 07:30 S 08 15.9 21.6 16:16 12.6 05:49 2.8 0.4 0.0 3.9 23.8 10:53 S 09 16.1 22.2 14:28 11.0 09:12 2.9 0.7 0.0 1.7 13.0 12:56 S 10 16.5 21.3 14:51 14.2 02:52 2.1 0.3 0.0 6.7 31.3 15:27 SSW 11 10.6 15.7 00:00 5.1 22:30 7.7 0.0 8.4 2.8 22.0 00:08 WNW 12 7.8 12.2 15:47 1.7 07:38 10.5 0.0 0.0 1.0 16.6 15:02 S 13 9.6 12.9 15:12 5.9 23:24 8.7 0.0 2.8 6.7 38.5 13:30 WNW 14 6.8 11.3 14:13 2.8 23:22 11.5 0.0 0.0 6.5 42.1 14:46 WNW 15 4.6 10.4 14:17 -0.4 08:06 13.7 0.0 0.2 0.9 11.2 14:38 WSW 16 6.1 12.9 15:38 2.0 04:47 12.2 0.0 0.0 1.6 25.6 14:19 SE 17 8.6 12.0 13:52 5.3 00:10 9.7 0.0 17.6 1.5 22.0 13:05 ESE 18 11.8 13.8 13:12 9.7 00:20 6.5 0.0 17.2 1.4 20.2 01:20 ESE 19 13.6 17.9 15:42 11.9 07:51 4.6 0.0 14.3 1.6 22.0 12:49 SSE 20 10.7 13.4 12:13 0.0 10:36 4.2 0.0 8.1 9.6 31.3 17:14 NE 21 7.9 11.1 15:07 3.2 23:56 10.4 0.0 0.0 6.3 27.7 04:14 NNW 22 6.4 13.4 16:28 0.0 06:53 11.9 0.0 0.3 1.6 18.4 12:34 S 23 10.4 12.7 13:32 6.8 02:01 7.9 0.0 24.9 3.0 23.8 14:11 SE 24 9.3 14.3 15:46 4.8 23:47 9.0 0.0 11.2 0.9 20.2 17:18 SE 25 7.2 12.0 14:47 2.0 08:25 11.1 0.0 4.8 2.5 20.2 20:21 SE 26 10.4 13.9 13:37 7.7 21:55 7.9 0.0 9.6 4.3 22.0 00:05 S 27 8.8 14.0 15:38 4.3 03:53 9.5 0.0 1.6 2.4 20.2 16:01 SE 28 10.0 14.0 13:45 7.2 07:32 8.3 0.0 7.1 2.5 25.6 12:34 SSE 29 6.9 10.3 12:52 3.4 07:31 11.9 0.0 9.1 0.6 16.6 00:38 S 30 6.9 11.7 14:11 2.1 05:21 11.4 0.0 3.1 0.2 9.4 11:02 ENE 31 9.0 11.4 23:55 6.2 07:33 9.3 0.0 7.1 3.6 29.5 22:02 SE ---------------------------------------------------------------------------------- 10.7 22.2 9 -0.4 15 234.2 2.0 155.3 3.9 53.3 5 S Max >= 27.0 0 Max <= 0.0 0 Min <= 0.0 3 Min <= -18.0 0 Max Rain: 24.9 on day 23 Days of Rain: 21 (>= 0.2 mm) 15 (>= 2.0 mm) 1 (>= 20.0 mm) Heat Base: 18.3 Cool Base: 18.3 Method: Integration