NOAA-Style Climate Reports
Select a Year or Month report
2024: Jan Feb Mar Apr May Jun Jul Aug Sep Oct Nov Dec
2023: Jan Feb Mar Apr May Jun Jul Aug Sep Oct Nov Dec
2022: Jan Feb Mar Apr May Jun Jul Aug Sep Oct Nov Dec
2021: Jan Feb Mar Apr May Jun Jul Aug Sep Oct Nov Dec
2020: Jan Feb Mar Apr May Jun Jul Aug Sep Oct Nov Dec
2019: Jan Feb Mar Apr May Jun Jul Aug Sep Oct Nov Dec
2018: Jan Feb Mar Apr May Jun Jul Aug Sep Oct Nov Dec
2017: Jan Feb Mar Apr May Jun Jul Aug Sep Oct Nov Dec
2016: Jan Feb Mar Apr May Jun Jul Aug Sep Oct Nov Dec
2015: Jan Feb Mar Apr May Jun Jul Aug Sep Oct Nov Dec
2014: Jan Feb Mar Apr May Jun Jul Aug Sep Oct Nov Dec
2013: Jan Feb Mar Apr May Jun Jul Aug Sep Oct Nov Dec
2012: Jan Feb Mar Apr May Jun Jul Aug Sep Oct Nov Dec
2011: Jan Feb Mar Apr May Jun Jul Aug Sep Oct Nov Dec
2010: Jan Feb Mar Apr May Jun Jul Aug Sep Oct Nov Dec
2009: Jan Feb Mar Apr May Jun Jul Aug Sep Oct Nov Dec
2008: Jan Feb Mar Apr May Jun Jul Aug Sep Oct Nov Dec
2024: Jan Feb Mar Apr May Jun Jul Aug Sep Oct Nov Dec
2023: Jan Feb Mar Apr May Jun Jul Aug Sep Oct Nov Dec
2022: Jan Feb Mar Apr May Jun Jul Aug Sep Oct Nov Dec
2021: Jan Feb Mar Apr May Jun Jul Aug Sep Oct Nov Dec
2020: Jan Feb Mar Apr May Jun Jul Aug Sep Oct Nov Dec
2019: Jan Feb Mar Apr May Jun Jul Aug Sep Oct Nov Dec
2018: Jan Feb Mar Apr May Jun Jul Aug Sep Oct Nov Dec
2017: Jan Feb Mar Apr May Jun Jul Aug Sep Oct Nov Dec
2016: Jan Feb Mar Apr May Jun Jul Aug Sep Oct Nov Dec
2015: Jan Feb Mar Apr May Jun Jul Aug Sep Oct Nov Dec
2014: Jan Feb Mar Apr May Jun Jul Aug Sep Oct Nov Dec
2013: Jan Feb Mar Apr May Jun Jul Aug Sep Oct Nov Dec
2012: Jan Feb Mar Apr May Jun Jul Aug Sep Oct Nov Dec
2011: Jan Feb Mar Apr May Jun Jul Aug Sep Oct Nov Dec
2010: Jan Feb Mar Apr May Jun Jul Aug Sep Oct Nov Dec
2009: Jan Feb Mar Apr May Jun Jul Aug Sep Oct Nov Dec
2008: Jan Feb Mar Apr May Jun Jul Aug Sep Oct Nov Dec
Report for 2023 July
Monthly Climatological Summary for Jul 2023 Name: Garrymore Weather City: Geashill State: Offaly Elevation: 80 m Lat: N 53° 10' 01" Lon: W 007° 21' 34" Temperature (°C), Rain (mm), Wind Speed (km/h) Heat Cool Avg Mean Deg Deg Wind Dom Day Temp High Time Low Time Days Days Rain Speed High Time Dir ---------------------------------------------------------------------------------- 01 14.5 17.8 14:26 10.7 23:42 3.8 0.0 2.0 9.3 36.7 13:39 WNW 02 13.5 17.4 14:14 10.7 23:54 4.8 0.0 0.2 7.0 40.3 14:36 W 03 12.4 17.0 16:30 9.9 07:46 5.9 0.0 7.2 6.4 33.1 14:10 WSW 04 12.5 18.0 11:53 7.7 05:15 5.8 0.0 8.1 5.5 29.5 13:54 W 05 13.0 17.7 16:18 8.9 02:04 5.2 0.0 2.0 5.1 31.3 16:18 WSW 06 14.0 16.8 22:53 11.2 02:35 4.3 0.0 4.8 12.2 55.1 13:59 S 07 17.9 20.5 14:54 16.1 23:34 0.9 0.4 1.3 14.5 53.3 12:55 SSE 08 17.7 20.9 16:43 13.4 23:38 0.6 0.3 0.2 10.9 31.3 12:00 S 09 14.4 20.5 14:31 10.6 04:36 3.4 0.1 7.4 5.2 33.1 16:00 S 10 14.9 19.2 17:45 11.4 00:02 3.4 0.0 11.9 3.1 20.2 10:41 S 11 15.2 20.0 15:08 12.9 04:18 3.2 0.1 1.6 5.8 29.5 14:00 W 12 15.1 19.4 16:07 12.3 23:39 3.3 0.0 1.0 6.2 29.5 14:19 W 13 14.7 18.3 11:17 11.7 04:16 3.6 0.0 2.5 3.7 23.8 13:50 SSW 14 14.0 16.8 19:18 12.2 03:40 4.3 0.0 24.4 3.0 29.5 19:35 S 15 13.8 16.0 16:34 12.4 23:56 4.5 0.0 13.5 11.3 42.1 19:46 WSW 16 14.3 18.4 15:29 12.4 00:00 4.0 0.0 0.5 6.4 23.8 00:51 W 17 14.7 19.5 15:57 9.8 05:20 3.6 0.0 0.0 3.4 22.0 14:27 W 18 15.0 20.1 16:15 11.7 04:18 3.4 0.1 14.7 3.9 23.8 18:10 NW 19 14.9 18.9 13:27 12.0 06:09 3.4 0.0 0.0 5.5 25.6 13:55 WNW 20 13.6 18.2 17:33 8.8 05:53 4.7 0.0 0.0 4.2 23.8 17:35 WNW 21 13.2 16.6 12:50 10.2 02:05 5.1 0.0 3.6 4.4 27.7 15:13 WSW 22 16.0 20.5 13:18 12.7 00:00 2.6 0.2 17.0 5.2 25.6 21:08 SSW 23 15.0 16.8 15:38 12.8 23:57 3.3 0.0 1.5 6.0 27.7 17:06 N 24 13.7 18.7 16:33 9.7 03:24 4.6 0.0 0.0 4.5 22.0 12:24 NNW 25 14.3 21.0 16:11 8.3 06:14 4.2 0.2 0.0 2.4 16.6 12:12 W 26 14.5 17.0 21:46 10.2 05:31 3.8 0.0 8.9 6.0 31.3 16:17 S 27 17.1 22.0 14:19 13.3 23:59 1.6 0.5 0.0 5.3 27.7 13:40 W 28 15.2 19.2 15:19 12.5 04:52 3.1 0.0 1.0 7.6 33.1 12:37 S 29 14.8 19.5 16:08 11.1 05:42 3.5 0.0 0.6 7.8 34.9 14:04 SW 30 14.8 17.1 18:11 12.8 03:29 3.4 0.0 7.6 6.8 29.5 01:24 SSW 31 15.5 18.2 13:37 12.6 23:59 2.8 0.0 2.8 7.4 34.9 15:24 WSW ---------------------------------------------------------------------------------- 14.7 22.0 27 7.7 4 114.1 1.9 146.3 6.3 55.1 6 SW Max >= 27.0 0 Max <= 0.0 0 Min <= 0.0 0 Min <= -18.0 0 Max Rain: 24.4 on day 14 Days of Rain: 25 (>= 0.2 mm) 16 (>= 2.0 mm) 1 (>= 20.0 mm) Heat Base: 18.3 Cool Base: 18.3 Method: Integration