NOAA-Style Climate Reports
Select a Year or Month report
2024: Jan Feb Mar Apr May Jun Jul Aug Sep Oct Nov Dec
2023: Jan Feb Mar Apr May Jun Jul Aug Sep Oct Nov Dec
2022: Jan Feb Mar Apr May Jun Jul Aug Sep Oct Nov Dec
2021: Jan Feb Mar Apr May Jun Jul Aug Sep Oct Nov Dec
2020: Jan Feb Mar Apr May Jun Jul Aug Sep Oct Nov Dec
2019: Jan Feb Mar Apr May Jun Jul Aug Sep Oct Nov Dec
2018: Jan Feb Mar Apr May Jun Jul Aug Sep Oct Nov Dec
2017: Jan Feb Mar Apr May Jun Jul Aug Sep Oct Nov Dec
2016: Jan Feb Mar Apr May Jun Jul Aug Sep Oct Nov Dec
2015: Jan Feb Mar Apr May Jun Jul Aug Sep Oct Nov Dec
2014: Jan Feb Mar Apr May Jun Jul Aug Sep Oct Nov Dec
2013: Jan Feb Mar Apr May Jun Jul Aug Sep Oct Nov Dec
2012: Jan Feb Mar Apr May Jun Jul Aug Sep Oct Nov Dec
2011: Jan Feb Mar Apr May Jun Jul Aug Sep Oct Nov Dec
2010: Jan Feb Mar Apr May Jun Jul Aug Sep Oct Nov Dec
2009: Jan Feb Mar Apr May Jun Jul Aug Sep Oct Nov Dec
2008: Jan Feb Mar Apr May Jun Jul Aug Sep Oct Nov Dec
2024: Jan Feb Mar Apr May Jun Jul Aug Sep Oct Nov Dec
2023: Jan Feb Mar Apr May Jun Jul Aug Sep Oct Nov Dec
2022: Jan Feb Mar Apr May Jun Jul Aug Sep Oct Nov Dec
2021: Jan Feb Mar Apr May Jun Jul Aug Sep Oct Nov Dec
2020: Jan Feb Mar Apr May Jun Jul Aug Sep Oct Nov Dec
2019: Jan Feb Mar Apr May Jun Jul Aug Sep Oct Nov Dec
2018: Jan Feb Mar Apr May Jun Jul Aug Sep Oct Nov Dec
2017: Jan Feb Mar Apr May Jun Jul Aug Sep Oct Nov Dec
2016: Jan Feb Mar Apr May Jun Jul Aug Sep Oct Nov Dec
2015: Jan Feb Mar Apr May Jun Jul Aug Sep Oct Nov Dec
2014: Jan Feb Mar Apr May Jun Jul Aug Sep Oct Nov Dec
2013: Jan Feb Mar Apr May Jun Jul Aug Sep Oct Nov Dec
2012: Jan Feb Mar Apr May Jun Jul Aug Sep Oct Nov Dec
2011: Jan Feb Mar Apr May Jun Jul Aug Sep Oct Nov Dec
2010: Jan Feb Mar Apr May Jun Jul Aug Sep Oct Nov Dec
2009: Jan Feb Mar Apr May Jun Jul Aug Sep Oct Nov Dec
2008: Jan Feb Mar Apr May Jun Jul Aug Sep Oct Nov Dec
Report for 2023 May
Monthly Climatological Summary for May 2023 Name: Garrymore Weather City: Geashill State: Offaly Elevation: 80 m Lat: N 53° 10' 01" Lon: W 007° 21' 34" Temperature (°C), Rain (mm), Wind Speed (km/h) Heat Cool Avg Mean Deg Deg Wind Dom Day Temp High Time Low Time Days Days Rain Speed High Time Dir ---------------------------------------------------------------------------------- 01 12.3 15.9 15:47 7.7 23:51 6.0 0.0 0.5 5.9 20.2 06:09 WNW 02 11.7 16.7 11:58 5.7 03:50 6.6 0.0 0.0 4.1 27.7 12:02 S 03 12.4 17.3 14:38 8.9 03:22 5.8 0.0 0.0 6.1 33.1 12:02 SE 04 11.7 15.3 11:23 8.8 06:28 6.6 0.0 2.1 3.9 23.8 09:34 ENE 05 12.7 17.5 14:23 9.9 03:11 5.6 0.0 4.0 7.5 31.3 16:04 S 06 12.4 17.0 16:05 9.4 03:29 5.9 0.0 12.2 3.1 23.8 15:12 S 07 12.4 17.1 14:00 7.1 04:46 5.9 0.0 4.8 8.9 36.7 17:19 S 08 14.5 18.3 12:23 10.6 23:39 3.8 0.0 5.6 5.2 27.7 04:40 SW 09 11.9 17.3 13:39 5.9 06:26 6.4 0.0 0.3 4.3 33.1 13:45 W 10 11.5 15.5 16:20 9.9 06:04 6.8 0.0 1.0 6.5 33.1 12:38 WSW 11 11.0 15.0 17:22 7.6 23:47 7.3 0.0 5.3 6.8 31.3 11:25 NW 12 12.4 20.0 16:59 6.1 04:50 6.0 0.1 0.3 2.9 18.4 13:10 NNW 13 13.2 21.0 16:18 4.5 05:52 5.4 0.3 0.0 2.7 23.8 15:33 SSW 14 11.1 15.0 14:33 5.4 23:53 7.2 0.0 0.7 5.1 31.3 18:22 NW 15 9.3 15.5 14:53 3.0 05:19 9.0 0.0 0.0 5.7 27.7 10:55 NW 16 10.4 17.0 15:43 3.2 05:30 7.9 0.0 0.0 4.3 23.8 13:36 NW 17 12.2 19.3 14:42 5.1 05:29 6.1 0.0 0.0 3.7 23.8 10:41 W 18 12.5 17.2 13:00 7.1 06:05 5.8 0.0 0.0 3.8 20.2 10:49 WSW 19 12.6 17.4 17:07 7.5 05:48 5.7 0.0 0.0 4.6 20.2 17:02 WNW 20 14.3 18.1 18:25 11.5 05:22 4.0 0.0 0.6 1.6 11.2 00:37 WNW 21 14.0 17.3 16:09 12.6 03:26 4.3 0.0 2.7 3.7 18.4 15:18 N 22 12.5 16.2 18:13 9.1 23:54 5.8 0.0 0.6 6.8 29.5 12:27 NNW 23 12.1 18.2 17:00 6.7 03:00 6.2 0.0 0.0 5.4 23.8 15:50 NW 24 12.0 17.2 14:52 6.5 05:35 6.3 0.0 0.0 4.8 22.0 14:04 NW 25 14.3 18.8 13:08 9.6 06:17 4.0 0.0 0.0 5.3 22.0 12:24 NNW 26 14.0 20.0 13:34 7.5 05:31 4.4 0.1 0.0 3.3 22.0 13:05 N 27 15.2 22.1 16:08 7.6 05:17 3.9 0.8 0.0 2.9 23.8 20:53 NNW 28 13.0 17.3 15:49 8.8 23:55 5.3 0.0 0.0 5.8 27.7 06:18 NNE 29 13.3 20.6 12:39 5.2 04:55 5.4 0.4 0.0 1.9 22.0 15:46 NE 30 15.1 22.3 15:16 6.4 05:06 4.2 1.0 0.0 1.7 20.2 16:36 ENE 31 14.4 19.7 14:00 7.9 05:23 4.1 0.1 0.0 3.1 25.6 13:24 NNE ---------------------------------------------------------------------------------- 12.7 22.3 30 3.0 15 177.7 2.8 40.7 4.6 36.7 7 WNW Max >= 27.0 0 Max <= 0.0 0 Min <= 0.0 0 Min <= -18.0 0 Max Rain: 12.2 on day 6 Days of Rain: 14 (>= 0.2 mm) 7 (>= 2.0 mm) 0 (>= 20.0 mm) Heat Base: 18.3 Cool Base: 18.3 Method: Integration