NOAA-Style Climate Reports
Select a Year or Month report
2024: Jan Feb Mar Apr May Jun Jul Aug Sep Oct Nov Dec
2023: Jan Feb Mar Apr May Jun Jul Aug Sep Oct Nov Dec
2022: Jan Feb Mar Apr May Jun Jul Aug Sep Oct Nov Dec
2021: Jan Feb Mar Apr May Jun Jul Aug Sep Oct Nov Dec
2020: Jan Feb Mar Apr May Jun Jul Aug Sep Oct Nov Dec
2019: Jan Feb Mar Apr May Jun Jul Aug Sep Oct Nov Dec
2018: Jan Feb Mar Apr May Jun Jul Aug Sep Oct Nov Dec
2017: Jan Feb Mar Apr May Jun Jul Aug Sep Oct Nov Dec
2016: Jan Feb Mar Apr May Jun Jul Aug Sep Oct Nov Dec
2015: Jan Feb Mar Apr May Jun Jul Aug Sep Oct Nov Dec
2014: Jan Feb Mar Apr May Jun Jul Aug Sep Oct Nov Dec
2013: Jan Feb Mar Apr May Jun Jul Aug Sep Oct Nov Dec
2012: Jan Feb Mar Apr May Jun Jul Aug Sep Oct Nov Dec
2011: Jan Feb Mar Apr May Jun Jul Aug Sep Oct Nov Dec
2010: Jan Feb Mar Apr May Jun Jul Aug Sep Oct Nov Dec
2009: Jan Feb Mar Apr May Jun Jul Aug Sep Oct Nov Dec
2008: Jan Feb Mar Apr May Jun Jul Aug Sep Oct Nov Dec
2024: Jan Feb Mar Apr May Jun Jul Aug Sep Oct Nov Dec
2023: Jan Feb Mar Apr May Jun Jul Aug Sep Oct Nov Dec
2022: Jan Feb Mar Apr May Jun Jul Aug Sep Oct Nov Dec
2021: Jan Feb Mar Apr May Jun Jul Aug Sep Oct Nov Dec
2020: Jan Feb Mar Apr May Jun Jul Aug Sep Oct Nov Dec
2019: Jan Feb Mar Apr May Jun Jul Aug Sep Oct Nov Dec
2018: Jan Feb Mar Apr May Jun Jul Aug Sep Oct Nov Dec
2017: Jan Feb Mar Apr May Jun Jul Aug Sep Oct Nov Dec
2016: Jan Feb Mar Apr May Jun Jul Aug Sep Oct Nov Dec
2015: Jan Feb Mar Apr May Jun Jul Aug Sep Oct Nov Dec
2014: Jan Feb Mar Apr May Jun Jul Aug Sep Oct Nov Dec
2013: Jan Feb Mar Apr May Jun Jul Aug Sep Oct Nov Dec
2012: Jan Feb Mar Apr May Jun Jul Aug Sep Oct Nov Dec
2011: Jan Feb Mar Apr May Jun Jul Aug Sep Oct Nov Dec
2010: Jan Feb Mar Apr May Jun Jul Aug Sep Oct Nov Dec
2009: Jan Feb Mar Apr May Jun Jul Aug Sep Oct Nov Dec
2008: Jan Feb Mar Apr May Jun Jul Aug Sep Oct Nov Dec
Report for 2023 January
Monthly Climatological Summary for Jan 2023 Name: Garrymore Weather City: Geashill State: Offaly Elevation: 80 m Lat: N 53° 10' 01" Lon: W 007° 21' 34" Temperature (°C), Rain (mm), Wind Speed (km/h) Heat Cool Avg Mean Deg Deg Wind Dom Day Temp High Time Low Time Days Days Rain Speed High Time Dir ---------------------------------------------------------------------------------- 01 4.0 5.9 10:46 1.1 20:38 14.3 0.0 1.8 2.8 20.2 02:32 SW 02 2.2 6.5 23:57 -1.2 07:52 16.1 0.0 0.3 4.6 36.7 23:08 S 03 10.3 13.2 20:55 6.5 00:00 8.0 0.0 4.8 13.0 43.9 21:06 S 04 10.5 12.1 00:00 9.1 22:06 7.8 0.0 0.0 10.4 42.1 02:55 WSW 05 9.3 11.9 12:12 7.0 23:52 9.0 0.0 1.3 11.7 43.9 12:57 SSW 06 7.1 10.2 19:42 3.6 04:06 11.2 0.0 7.1 9.6 34.9 17:10 S 07 6.6 8.3 13:29 3.7 08:21 11.7 0.0 5.3 12.2 68.0 13:14 S 08 5.0 7.0 14:59 2.9 09:24 13.3 0.0 1.0 10.0 34.9 23:23 SSW 09 5.4 7.7 14:26 3.7 08:39 12.9 0.0 0.0 12.3 43.9 13:56 W 10 8.4 12.2 13:28 4.1 00:00 9.9 0.0 18.3 13.5 47.9 03:01 SSW 11 7.1 11.6 23:32 5.1 02:34 11.2 0.0 12.2 13.0 46.1 20:11 SW 12 8.4 11.5 00:00 5.6 16:42 9.9 0.0 1.0 15.5 66.2 14:55 WSW 13 7.1 8.9 12:55 5.9 00:26 11.2 0.0 3.8 13.8 51.5 00:03 WSW 14 5.2 8.4 00:00 2.2 22:28 13.1 0.0 1.6 9.7 46.1 13:40 WSW 15 3.1 4.7 14:34 1.0 20:03 15.2 0.0 2.0 6.2 31.3 00:32 W 16 -0.6 3.6 15:18 -3.9 23:44 18.6 0.0 0.5 2.3 20.2 03:22 WNW 17 -1.7 2.1 14:57 -4.8 06:58 20.0 0.0 0.0 6.7 33.1 22:18 WNW 18 0.8 2.9 14:48 -1.1 23:49 17.5 0.0 2.0 10.9 43.9 06:57 WNW 19 -0.1 3.8 15:24 -3.1 08:14 18.4 0.0 0.0 2.8 18.4 13:02 WNW 20 1.4 4.4 20:22 -2.9 01:23 16.9 0.0 0.3 1.7 16.6 13:06 SSE 21 7.3 8.4 15:13 4.3 00:00 11.0 0.0 0.2 11.3 40.3 15:08 SSE 22 9.3 10.5 14:29 7.9 03:45 9.0 0.0 1.3 7.7 38.5 03:14 S 23 8.7 10.3 14:17 5.3 20:02 9.6 0.0 0.8 3.8 22.0 23:06 S 24 7.7 9.3 14:44 6.2 07:54 10.6 0.0 0.0 7.5 25.6 09:59 S 25 7.1 10.1 10:45 1.7 22:46 11.2 0.0 1.2 5.7 38.5 11:23 WNW 26 5.3 7.6 13:13 2.4 00:00 13.0 0.0 0.0 5.7 18.4 07:21 NW 27 4.0 7.0 11:43 -0.7 22:51 14.3 0.0 0.0 1.7 13.0 14:56 W 28 3.8 6.9 12:47 -0.2 00:50 14.4 0.0 1.8 2.4 16.6 14:27 SW 29 7.2 10.5 13:52 3.7 05:03 11.1 0.0 0.5 6.7 34.9 20:35 W 30 7.0 9.3 22:45 4.8 06:32 11.3 0.0 0.0 7.2 29.5 22:43 WSW 31 7.5 9.3 00:26 6.0 08:44 10.8 0.0 0.0 10.5 43.9 12:54 W ---------------------------------------------------------------------------------- 5.6 13.2 3 -4.8 17 392.5 0.0 69.1 8.2 68.0 7 SW Max >= 27.0 0 Max <= 0.0 0 Min <= 0.0 8 Min <= -18.0 0 Max Rain: 18.3 on day 10 Days of Rain: 22 (>= 0.2 mm) 8 (>= 2.0 mm) 0 (>= 20.0 mm) Heat Base: 18.3 Cool Base: 18.3 Method: Integration