NOAA-Style Climate Reports
Select a Year or Month report
2024: Jan Feb Mar Apr May Jun Jul Aug Sep Oct Nov Dec
2023: Jan Feb Mar Apr May Jun Jul Aug Sep Oct Nov Dec
2022: Jan Feb Mar Apr May Jun Jul Aug Sep Oct Nov Dec
2021: Jan Feb Mar Apr May Jun Jul Aug Sep Oct Nov Dec
2020: Jan Feb Mar Apr May Jun Jul Aug Sep Oct Nov Dec
2019: Jan Feb Mar Apr May Jun Jul Aug Sep Oct Nov Dec
2018: Jan Feb Mar Apr May Jun Jul Aug Sep Oct Nov Dec
2017: Jan Feb Mar Apr May Jun Jul Aug Sep Oct Nov Dec
2016: Jan Feb Mar Apr May Jun Jul Aug Sep Oct Nov Dec
2015: Jan Feb Mar Apr May Jun Jul Aug Sep Oct Nov Dec
2014: Jan Feb Mar Apr May Jun Jul Aug Sep Oct Nov Dec
2013: Jan Feb Mar Apr May Jun Jul Aug Sep Oct Nov Dec
2012: Jan Feb Mar Apr May Jun Jul Aug Sep Oct Nov Dec
2011: Jan Feb Mar Apr May Jun Jul Aug Sep Oct Nov Dec
2010: Jan Feb Mar Apr May Jun Jul Aug Sep Oct Nov Dec
2009: Jan Feb Mar Apr May Jun Jul Aug Sep Oct Nov Dec
2008: Jan Feb Mar Apr May Jun Jul Aug Sep Oct Nov Dec
2024: Jan Feb Mar Apr May Jun Jul Aug Sep Oct Nov Dec
2023: Jan Feb Mar Apr May Jun Jul Aug Sep Oct Nov Dec
2022: Jan Feb Mar Apr May Jun Jul Aug Sep Oct Nov Dec
2021: Jan Feb Mar Apr May Jun Jul Aug Sep Oct Nov Dec
2020: Jan Feb Mar Apr May Jun Jul Aug Sep Oct Nov Dec
2019: Jan Feb Mar Apr May Jun Jul Aug Sep Oct Nov Dec
2018: Jan Feb Mar Apr May Jun Jul Aug Sep Oct Nov Dec
2017: Jan Feb Mar Apr May Jun Jul Aug Sep Oct Nov Dec
2016: Jan Feb Mar Apr May Jun Jul Aug Sep Oct Nov Dec
2015: Jan Feb Mar Apr May Jun Jul Aug Sep Oct Nov Dec
2014: Jan Feb Mar Apr May Jun Jul Aug Sep Oct Nov Dec
2013: Jan Feb Mar Apr May Jun Jul Aug Sep Oct Nov Dec
2012: Jan Feb Mar Apr May Jun Jul Aug Sep Oct Nov Dec
2011: Jan Feb Mar Apr May Jun Jul Aug Sep Oct Nov Dec
2010: Jan Feb Mar Apr May Jun Jul Aug Sep Oct Nov Dec
2009: Jan Feb Mar Apr May Jun Jul Aug Sep Oct Nov Dec
2008: Jan Feb Mar Apr May Jun Jul Aug Sep Oct Nov Dec
Report for 2019 December
Monthly Climatological Summary for Dec 2019 Name: Garrymore Weather City: Geashill State: Offaly Elevation: 80 m Lat: N 53° 10' 05" Lon: W 007° 21' 37" Temperature (°C), Rain (mm), Wind Speed (km/h) Heat Cool Avg Mean Deg Deg Wind Dom Day Temp High Time Low Time Days Days Rain Speed High Time Dir ---------------------------------------------------------------------------------- 01 0.6 4.1 13:51 -1.9 23:34 17.7 0.0 0.0 3.1 12.2 12:37 NW 02 0.4 4.6 15:31 -2.5 02:02 17.9 0.0 0.0 2.8 11.1 16:38 S 03 2.5 8.0 14:28 -1.4 08:18 15.8 0.0 0.3 6.1 31.7 14:41 S 04 6.2 10.8 13:10 3.1 22:15 12.1 0.0 0.0 8.6 43.0 08:26 SSW 05 8.0 11.5 16:04 3.1 03:12 10.3 0.0 2.4 14.3 46.5 12:02 SSW 06 8.9 11.5 00:35 6.2 18:18 9.4 0.0 20.4 10.6 43.9 10:48 W 07 8.6 11.5 22:22 6.6 01:38 9.7 0.0 70.5 15.3 60.2 18:00 SSW 08 6.2 9.4 00:10 4.1 15:44 12.1 0.0 220.8 17.1 66.3 16:22 WSW 09 5.8 9.9 14:07 2.8 21:42 12.5 0.0 110.7 12.2 55.2 00:19 WNW 10 7.6 11.8 11:08 3.7 23:20 10.7 0.0 134.4 21.0 91.9 06:49 SSW 11 3.0 5.6 12:10 0.8 21:50 15.3 0.0 0.3 8.8 28.2 12:28 SSW 12 5.3 8.5 13:01 1.5 00:05 13.0 0.0 14.1 8.0 91.9 05:24 SW 13 5.0 7.4 12:41 2.7 23:33 13.3 0.0 89.4 13.0 45.4 12:58 WNW 14 2.4 4.8 13:57 0.4 08:41 15.9 0.0 8.4 13.0 45.4 06:26 SSW 15 1.7 4.3 21:53 -0.8 07:45 16.6 0.0 0.9 9.6 39.3 03:32 S 16 1.9 6.5 14:08 -0.6 23:58 16.4 0.0 0.6 8.6 31.7 00:35 S 17 0.6 5.0 15:10 -0.9 23:28 17.7 0.0 0.6 3.5 20.9 00:20 SSE 18 5.9 10.9 19:22 -1.7 00:58 12.4 0.0 140.1 16.0 80.7 20:28 SSE 19 7.2 9.1 12:19 5.3 04:35 11.1 0.0 2.7 4.6 50.0 00:29 SSE 20 1.8 5.8 00:03 -0.9 08:39 16.5 0.0 3.0 3.2 20.9 00:38 S 21 2.0 4.8 13:23 -1.1 03:42 16.3 0.0 0.0 1.6 12.2 12:58 SE 22 5.1 9.0 14:11 1.8 04:04 13.2 0.0 0.6 10.6 91.9 07:01 SSW 23 5.8 8.7 12:28 3.9 19:57 12.5 0.0 0.3 8.2 30.6 11:52 SW 24 4.9 7.4 09:32 1.9 23:46 13.4 0.0 0.3 7.9 27.0 01:15 WSW 25 1.7 6.0 23:17 -2.6 08:24 16.6 0.0 0.6 3.4 34.3 23:15 ESE 26 7.8 10.1 12:38 6.0 00:00 10.5 0.0 0.6 9.9 43.0 00:33 SSE 27 10.4 11.5 14:30 8.3 00:00 7.9 0.0 0.0 10.8 37.8 19:29 S 28 9.5 10.3 13:43 8.6 04:23 8.8 0.0 225.3 24.0 67.4 23:31 S 29 9.3 10.4 02:24 7.3 22:18 9.0 0.0 230.4 22.4 74.6 02:37 S 30 7.9 10.2 15:01 6.1 06:09 10.4 0.0 0.0 8.9 36.7 01:48 SSE 31 6.4 7.7 14:44 5.0 10:02 11.9 0.0 0.0 3.5 20.9 00:13 ENE ---------------------------------------------------------------------------------- 5.2 11.8 10 -2.6 25 406.9 0.01277.7 10.0 91.9 10 SSW Max >= 27.0 0 Max <= 0.0 0 Min <= 0.0 10 Min <= -18.0 0 Max Rain: 230.4 on day 29 Days of Rain: 24 (>= 0.2 mm) 14 (>= 2.0 mm) 9 (>= 20.0 mm) Heat Base: 18.3 Cool Base: 18.3 Method: Integration