NOAA-Style Climate Reports
Select a Year or Month report
2024: Jan Feb Mar Apr May Jun Jul Aug Sep Oct Nov Dec
2023: Jan Feb Mar Apr May Jun Jul Aug Sep Oct Nov Dec
2022: Jan Feb Mar Apr May Jun Jul Aug Sep Oct Nov Dec
2021: Jan Feb Mar Apr May Jun Jul Aug Sep Oct Nov Dec
2020: Jan Feb Mar Apr May Jun Jul Aug Sep Oct Nov Dec
2019: Jan Feb Mar Apr May Jun Jul Aug Sep Oct Nov Dec
2018: Jan Feb Mar Apr May Jun Jul Aug Sep Oct Nov Dec
2017: Jan Feb Mar Apr May Jun Jul Aug Sep Oct Nov Dec
2016: Jan Feb Mar Apr May Jun Jul Aug Sep Oct Nov Dec
2015: Jan Feb Mar Apr May Jun Jul Aug Sep Oct Nov Dec
2014: Jan Feb Mar Apr May Jun Jul Aug Sep Oct Nov Dec
2013: Jan Feb Mar Apr May Jun Jul Aug Sep Oct Nov Dec
2012: Jan Feb Mar Apr May Jun Jul Aug Sep Oct Nov Dec
2011: Jan Feb Mar Apr May Jun Jul Aug Sep Oct Nov Dec
2010: Jan Feb Mar Apr May Jun Jul Aug Sep Oct Nov Dec
2009: Jan Feb Mar Apr May Jun Jul Aug Sep Oct Nov Dec
2008: Jan Feb Mar Apr May Jun Jul Aug Sep Oct Nov Dec
2024: Jan Feb Mar Apr May Jun Jul Aug Sep Oct Nov Dec
2023: Jan Feb Mar Apr May Jun Jul Aug Sep Oct Nov Dec
2022: Jan Feb Mar Apr May Jun Jul Aug Sep Oct Nov Dec
2021: Jan Feb Mar Apr May Jun Jul Aug Sep Oct Nov Dec
2020: Jan Feb Mar Apr May Jun Jul Aug Sep Oct Nov Dec
2019: Jan Feb Mar Apr May Jun Jul Aug Sep Oct Nov Dec
2018: Jan Feb Mar Apr May Jun Jul Aug Sep Oct Nov Dec
2017: Jan Feb Mar Apr May Jun Jul Aug Sep Oct Nov Dec
2016: Jan Feb Mar Apr May Jun Jul Aug Sep Oct Nov Dec
2015: Jan Feb Mar Apr May Jun Jul Aug Sep Oct Nov Dec
2014: Jan Feb Mar Apr May Jun Jul Aug Sep Oct Nov Dec
2013: Jan Feb Mar Apr May Jun Jul Aug Sep Oct Nov Dec
2012: Jan Feb Mar Apr May Jun Jul Aug Sep Oct Nov Dec
2011: Jan Feb Mar Apr May Jun Jul Aug Sep Oct Nov Dec
2010: Jan Feb Mar Apr May Jun Jul Aug Sep Oct Nov Dec
2009: Jan Feb Mar Apr May Jun Jul Aug Sep Oct Nov Dec
2008: Jan Feb Mar Apr May Jun Jul Aug Sep Oct Nov Dec
Report for 2019 May
Monthly Climatological Summary for May 2019 Name: Garrymore Weather City: Geashill State: Offaly Elevation: 80 m Lat: N 53° 10' 05" Lon: W 007° 21' 37" Temperature (°C), Rain (mm), Wind Speed (km/h) Heat Cool Avg Mean Deg Deg Wind Dom Day Temp High Time Low Time Days Days Rain Speed High Time Dir ---------------------------------------------------------------------------------- 01 8.5 14.0 12:46 2.1 06:33 9.8 0.0 0.3 3.8 26.3 15:40 WNW 02 10.4 16.1 15:30 6.6 06:29 7.9 0.0 0.0 13.2 91.9 19:23 NW 03 8.3 12.9 16:57 5.1 22:57 10.0 0.0 0.0 13.0 91.9 00:03 NW 04 7.2 14.4 19:10 1.1 06:53 11.1 0.0 0.0 20.5 91.9 03:02 NNW 05 7.2 16.4 18:33 -1.3 06:02 11.1 0.0 0.0 14.0 91.9 06:14 NW 06 8.1 13.7 15:34 0.3 04:49 10.2 0.0 0.0 23.6 91.9 08:50 NE 07 8.8 12.9 19:02 3.5 06:03 9.5 0.0 0.6 32.3 91.9 00:00 E 08 7.2 8.3 18:35 5.8 00:00 11.1 0.0 2.1 9.3 40.7 16:23 NE 09 8.6 14.7 19:10 3.1 23:59 9.7 0.0 0.3 5.2 20.6 14:56 NNW 10 7.2 17.1 18:37 -0.9 05:59 11.1 0.0 3.0 2.3 26.3 13:00 NE 11 8.8 15.8 19:19 2.7 02:47 9.5 0.0 0.3 4.3 22.8 15:12 NNW 12 9.6 17.0 16:22 0.1 04:42 8.7 0.0 0.0 6.6 31.3 13:34 S 13 11.5 17.9 16:40 4.5 06:15 6.8 0.0 0.0 10.3 39.6 13:59 S 14 11.1 18.6 13:44 2.4 05:44 7.2 0.0 0.0 4.9 26.3 11:26 SE 15 12.6 19.6 16:47 3.8 05:14 5.8 0.1 0.0 6.5 32.4 13:27 SSE 16 11.6 18.4 12:27 4.6 04:58 6.7 0.0 0.0 2.1 18.0 14:19 SE 17 10.3 16.2 10:39 5.5 04:31 8.0 0.0 0.6 2.9 19.1 15:27 NNE 18 11.6 18.2 15:37 7.2 05:38 6.7 0.0 0.0 6.8 27.8 15:53 NNW 19 10.8 16.0 17:58 6.5 23:59 7.5 0.0 1.8 5.5 21.7 16:50 NW 20 11.1 19.3 15:07 3.5 04:43 7.3 0.0 0.0 3.6 18.0 15:12 NNW 21 12.2 19.6 17:01 2.6 05:29 6.2 0.1 0.0 1.6 18.0 22:13 S 22 13.6 19.4 15:18 8.5 05:27 4.7 0.0 0.0 2.8 18.0 01:00 NW 23 14.0 19.5 16:30 9.8 06:15 4.3 0.0 0.0 19.0 91.9 03:16 S 24 13.7 17.8 17:18 10.2 01:47 4.6 0.0 0.0 3.7 16.9 02:02 WNW 25 14.1 19.5 14:11 10.3 01:35 4.3 0.1 0.0 4.5 25.2 17:30 SW 26 14.2 18.1 16:36 10.4 23:37 4.1 0.0 1.8 9.8 44.3 10:32 W 27 11.2 15.9 13:27 8.4 22:46 7.1 0.0 10.8 8.2 36.1 13:38 W 28 11.3 16.4 16:38 7.6 06:15 7.0 0.0 8.1 5.2 24.1 08:24 NNW 29 12.2 16.6 18:40 8.3 03:22 6.1 0.0 3.3 11.2 91.9 00:13 WSW 30 16.3 19.5 13:04 13.7 01:47 2.2 0.2 0.3 8.4 91.9 00:42 SW 31 13.9 16.0 19:11 9.1 23:56 4.4 0.0 5.4 11.0 91.9 10:37 S ---------------------------------------------------------------------------------- 10.9 19.6 15 -1.3 5 230.7 0.5 38.7 8.9 91.9 2 NW Max >= 27.0 0 Max <= 0.0 0 Min <= 0.0 2 Min <= -18.0 0 Max Rain: 10.8 on day 27 Days of Rain: 14 (>= 0.2 mm) 6 (>= 2.0 mm) 0 (>= 20.0 mm) Heat Base: 18.3 Cool Base: 18.3 Method: Integration