NOAA-Style Climate Reports
Select a Year or Month report
2024: Jan Feb Mar Apr May Jun Jul Aug Sep Oct Nov Dec
2023: Jan Feb Mar Apr May Jun Jul Aug Sep Oct Nov Dec
2022: Jan Feb Mar Apr May Jun Jul Aug Sep Oct Nov Dec
2021: Jan Feb Mar Apr May Jun Jul Aug Sep Oct Nov Dec
2020: Jan Feb Mar Apr May Jun Jul Aug Sep Oct Nov Dec
2019: Jan Feb Mar Apr May Jun Jul Aug Sep Oct Nov Dec
2018: Jan Feb Mar Apr May Jun Jul Aug Sep Oct Nov Dec
2017: Jan Feb Mar Apr May Jun Jul Aug Sep Oct Nov Dec
2016: Jan Feb Mar Apr May Jun Jul Aug Sep Oct Nov Dec
2015: Jan Feb Mar Apr May Jun Jul Aug Sep Oct Nov Dec
2014: Jan Feb Mar Apr May Jun Jul Aug Sep Oct Nov Dec
2013: Jan Feb Mar Apr May Jun Jul Aug Sep Oct Nov Dec
2012: Jan Feb Mar Apr May Jun Jul Aug Sep Oct Nov Dec
2011: Jan Feb Mar Apr May Jun Jul Aug Sep Oct Nov Dec
2010: Jan Feb Mar Apr May Jun Jul Aug Sep Oct Nov Dec
2009: Jan Feb Mar Apr May Jun Jul Aug Sep Oct Nov Dec
2008: Jan Feb Mar Apr May Jun Jul Aug Sep Oct Nov Dec
2024: Jan Feb Mar Apr May Jun Jul Aug Sep Oct Nov Dec
2023: Jan Feb Mar Apr May Jun Jul Aug Sep Oct Nov Dec
2022: Jan Feb Mar Apr May Jun Jul Aug Sep Oct Nov Dec
2021: Jan Feb Mar Apr May Jun Jul Aug Sep Oct Nov Dec
2020: Jan Feb Mar Apr May Jun Jul Aug Sep Oct Nov Dec
2019: Jan Feb Mar Apr May Jun Jul Aug Sep Oct Nov Dec
2018: Jan Feb Mar Apr May Jun Jul Aug Sep Oct Nov Dec
2017: Jan Feb Mar Apr May Jun Jul Aug Sep Oct Nov Dec
2016: Jan Feb Mar Apr May Jun Jul Aug Sep Oct Nov Dec
2015: Jan Feb Mar Apr May Jun Jul Aug Sep Oct Nov Dec
2014: Jan Feb Mar Apr May Jun Jul Aug Sep Oct Nov Dec
2013: Jan Feb Mar Apr May Jun Jul Aug Sep Oct Nov Dec
2012: Jan Feb Mar Apr May Jun Jul Aug Sep Oct Nov Dec
2011: Jan Feb Mar Apr May Jun Jul Aug Sep Oct Nov Dec
2010: Jan Feb Mar Apr May Jun Jul Aug Sep Oct Nov Dec
2009: Jan Feb Mar Apr May Jun Jul Aug Sep Oct Nov Dec
2008: Jan Feb Mar Apr May Jun Jul Aug Sep Oct Nov Dec
Report for 2018 July
Monthly Climatological Summary for Jul 2018 Name: Garrymore Weather City: Geashill State: Offaly Elevation: 80 m Lat: N 53° 10' 05" Lon: W 007° 21' 37" Temperature (°C), Rain (mm), Wind Speed (km/h) Heat Cool Avg Mean Deg Deg Wind Dom Day Temp High Time Low Time Days Days Rain Speed High Time Dir ---------------------------------------------------------------------------------- 01 17.9 26.2 16:08 11.5 03:32 2.4 2.0 0.0 7.0 30.6 18:51 N 02 18.6 29.4 16:23 9.6 05:13 3.0 3.2 0.0 4.5 28.2 14:24 NNE 03 20.2 29.6 16:16 10.6 05:39 2.2 4.1 0.0 1.5 17.2 11:42 NE 04 18.8 30.3 16:21 6.5 05:22 3.4 4.0 0.0 2.7 22.0 18:43 SW 05 17.8 25.4 18:45 12.3 03:44 2.0 1.5 0.0 3.9 18.3 00:57 NNW 06 19.1 26.7 18:06 13.2 05:10 1.7 2.5 0.0 3.3 19.4 18:34 WNW 07 19.6 27.7 17:38 10.5 04:26 2.2 3.4 0.0 1.9 12.2 17:27 WSW 08 22.3 31.9 07:06 11.6 05:18 1.6 5.6 0.0 3.6 16.9 16:22 WNW 09 18.5 25.7 16:01 13.8 02:18 1.6 1.8 0.0 4.6 20.6 16:01 NNW 10 17.9 28.2 18:51 6.9 05:44 3.4 3.0 0.0 2.1 14.4 08:15 N 11 16.5 21.5 13:19 10.8 05:49 2.3 0.5 0.0 3.8 22.8 17:34 N 12 14.9 17.7 15:12 11.4 03:12 3.4 0.0 0.0 3.0 15.6 13:47 N 13 17.5 25.4 19:42 12.3 23:58 2.2 1.4 0.0 1.1 10.7 15:56 N 14 17.7 23.7 13:52 9.9 05:55 2.4 1.8 0.0 4.6 22.8 09:21 SSW 15 16.1 17.8 00:00 13.3 23:24 2.2 0.0 4.5 7.0 22.8 09:33 S 16 15.0 20.0 13:00 11.0 06:44 3.4 0.1 0.0 4.5 26.3 17:10 W 17 15.0 19.5 17:04 10.1 06:00 3.5 0.1 1.2 2.8 20.6 14:19 SSW 18 15.9 22.7 17:36 10.2 23:54 3.1 0.7 0.0 3.5 19.1 13:16 NW 19 15.7 22.7 15:43 9.0 06:13 3.6 1.0 0.0 4.0 21.7 13:41 WNW 20 15.8 21.7 14:44 12.1 07:52 2.8 0.4 11.1 5.5 22.8 15:02 SW 21 16.0 22.6 16:36 11.2 06:13 3.0 0.7 0.0 4.4 19.1 21:12 NW 22 19.8 27.0 15:08 14.8 01:24 1.1 2.6 0.0 6.0 91.9 01:46 WSW 23 19.0 25.5 14:50 13.3 23:52 1.0 1.7 0.3 6.7 91.9 05:45 SW 24 16.6 23.6 17:28 11.3 01:27 2.7 0.9 0.0 2.9 91.9 00:02 W 25 17.0 24.8 16:29 9.1 03:25 3.1 1.7 0.0 7.3 27.8 13:27 S 26 18.3 24.3 15:25 13.0 05:35 1.5 1.5 4.5 12.3 49.4 16:52 S 27 15.9 19.1 15:15 12.9 23:56 2.4 0.0 5.7 8.7 91.9 04:19 S 28 12.8 17.8 17:09 9.9 23:57 5.5 0.0 8.4 6.2 91.9 08:19 WSW 29 13.9 20.6 15:10 8.2 00:45 4.6 0.1 0.9 3.9 22.8 19:01 WNW 30 14.0 19.6 13:32 8.8 23:56 4.4 0.1 0.3 6.5 28.9 17:29 S 31 13.2 17.6 18:57 8.7 05:26 5.1 0.0 0.9 10.1 40.7 13:48 S ---------------------------------------------------------------------------------- 17.0 31.9 8 6.5 4 86.8 46.4 37.8 4.8 91.9 22 SW Max >= 27.0 7 Max <= 0.0 0 Min <= 0.0 0 Min <= -18.0 0 Max Rain: 11.1 on day 20 Days of Rain: 10 (>= 0.2 mm) 5 (>= 2.0 mm) 0 (>= 20.0 mm) Heat Base: 18.3 Cool Base: 18.3 Method: Integration