NOAA-Style Climate Reports
Select a Year or Month report
2024: Jan Feb Mar Apr May Jun Jul Aug Sep Oct Nov Dec
2023: Jan Feb Mar Apr May Jun Jul Aug Sep Oct Nov Dec
2022: Jan Feb Mar Apr May Jun Jul Aug Sep Oct Nov Dec
2021: Jan Feb Mar Apr May Jun Jul Aug Sep Oct Nov Dec
2020: Jan Feb Mar Apr May Jun Jul Aug Sep Oct Nov Dec
2019: Jan Feb Mar Apr May Jun Jul Aug Sep Oct Nov Dec
2018: Jan Feb Mar Apr May Jun Jul Aug Sep Oct Nov Dec
2017: Jan Feb Mar Apr May Jun Jul Aug Sep Oct Nov Dec
2016: Jan Feb Mar Apr May Jun Jul Aug Sep Oct Nov Dec
2015: Jan Feb Mar Apr May Jun Jul Aug Sep Oct Nov Dec
2014: Jan Feb Mar Apr May Jun Jul Aug Sep Oct Nov Dec
2013: Jan Feb Mar Apr May Jun Jul Aug Sep Oct Nov Dec
2012: Jan Feb Mar Apr May Jun Jul Aug Sep Oct Nov Dec
2011: Jan Feb Mar Apr May Jun Jul Aug Sep Oct Nov Dec
2010: Jan Feb Mar Apr May Jun Jul Aug Sep Oct Nov Dec
2009: Jan Feb Mar Apr May Jun Jul Aug Sep Oct Nov Dec
2008: Jan Feb Mar Apr May Jun Jul Aug Sep Oct Nov Dec
2024: Jan Feb Mar Apr May Jun Jul Aug Sep Oct Nov Dec
2023: Jan Feb Mar Apr May Jun Jul Aug Sep Oct Nov Dec
2022: Jan Feb Mar Apr May Jun Jul Aug Sep Oct Nov Dec
2021: Jan Feb Mar Apr May Jun Jul Aug Sep Oct Nov Dec
2020: Jan Feb Mar Apr May Jun Jul Aug Sep Oct Nov Dec
2019: Jan Feb Mar Apr May Jun Jul Aug Sep Oct Nov Dec
2018: Jan Feb Mar Apr May Jun Jul Aug Sep Oct Nov Dec
2017: Jan Feb Mar Apr May Jun Jul Aug Sep Oct Nov Dec
2016: Jan Feb Mar Apr May Jun Jul Aug Sep Oct Nov Dec
2015: Jan Feb Mar Apr May Jun Jul Aug Sep Oct Nov Dec
2014: Jan Feb Mar Apr May Jun Jul Aug Sep Oct Nov Dec
2013: Jan Feb Mar Apr May Jun Jul Aug Sep Oct Nov Dec
2012: Jan Feb Mar Apr May Jun Jul Aug Sep Oct Nov Dec
2011: Jan Feb Mar Apr May Jun Jul Aug Sep Oct Nov Dec
2010: Jan Feb Mar Apr May Jun Jul Aug Sep Oct Nov Dec
2009: Jan Feb Mar Apr May Jun Jul Aug Sep Oct Nov Dec
2008: Jan Feb Mar Apr May Jun Jul Aug Sep Oct Nov Dec
Report for 2017 February
Monthly Climatological Summary for Feb 2017 Name: Garrymore Weather City: Geashill State: Offaly Elevation: 80 m Lat: N 53° 10' 05" Lon: W 007° 21' 37" Temperature (°C), Rain (mm), Wind Speed (km/h) Heat Cool Avg Mean Deg Deg Wind Dom Day Temp High Time Low Time Days Days Rain Speed High Time Dir ---------------------------------------------------------------------------------- 01 6.9 9.3 11:10 3.2 00:26 11.4 0.0 4.8 13.0 49.1 13:37 SSE 02 9.9 11.3 12:06 7.5 23:19 8.4 0.0 39.3 19.8 62.4 14:11 SSE 03 4.1 7.6 00:00 1.1 23:39 14.2 0.0 0.3 8.0 48.0 00:22 S 04 1.9 7.2 15:23 -1.0 08:18 16.4 0.0 0.0 17.4 91.9 20:53 S 05 0.6 9.1 14:56 -5.5 06:24 17.7 0.0 0.3 4.2 91.9 00:00 SSW 06 4.7 9.3 17:23 -1.5 03:27 13.5 0.0 35.1 10.7 57.6 10:50 SSE 07 2.7 6.7 14:19 -1.0 23:46 15.6 0.0 2.1 4.7 28.2 14:09 W 08 2.4 8.8 13:50 -3.0 06:16 15.9 0.0 0.3 5.6 30.6 19:48 SSE 09 3.5 5.4 11:59 1.1 20:44 14.8 0.0 0.6 9.6 39.3 13:57 SE 10 1.8 3.9 11:46 0.5 08:34 16.5 0.0 0.0 4.8 20.9 11:44 ENE 11 1.5 3.6 15:52 -2.3 07:36 16.8 0.0 0.6 16.9 91.9 03:20 NNE 12 2.6 3.9 05:02 1.1 19:10 15.7 0.0 3.9 13.8 40.4 14:51 NE 13 6.5 10.6 15:28 2.4 00:00 11.8 0.0 0.0 11.4 34.3 15:12 E 14 5.9 8.0 16:16 4.3 06:11 12.4 0.0 0.6 6.0 24.4 00:06 ESE 15 8.0 10.8 14:32 4.5 22:27 10.3 0.0 1.2 9.4 35.7 10:14 S 16 6.8 9.6 14:47 -1.0 06:13 11.5 0.0 0.0 8.8 25.6 12:57 S 17 9.1 11.1 15:14 6.0 03:37 9.2 0.0 0.3 10.1 39.3 18:28 SSE 18 9.7 12.0 15:18 7.9 23:27 8.6 0.0 0.3 7.7 28.2 01:21 SSW 19 9.7 12.1 16:11 7.1 01:31 8.6 0.0 0.0 8.1 29.6 17:18 SW 20 10.6 12.3 13:59 8.4 23:41 7.7 0.0 0.0 8.4 36.7 12:34 W 21 10.1 12.3 14:47 7.8 05:31 8.2 0.0 7.2 11.0 45.4 15:30 SW 22 9.0 10.3 22:48 7.6 08:35 9.3 0.0 11.4 8.5 39.3 01:12 WSW 23 5.2 9.9 01:49 1.8 20:40 13.1 0.0 618.3 21.9 70.9 04:57 W 24 4.5 7.6 10:57 -0.1 07:56 13.8 0.0 1.2 9.1 43.0 22:50 SSW 25 8.8 12.6 15:22 5.6 20:35 9.5 0.0 10.8 13.9 51.5 06:16 SSW 26 6.5 10.2 12:54 1.6 21:49 11.8 0.0 90.9 17.2 73.5 10:36 SSW 27 1.9 7.7 13:02 -1.4 23:37 16.4 0.0 1.5 7.1 31.7 07:53 SSW 28 4.0 8.3 16:00 -1.1 00:00 14.3 0.0 54.3 13.9 52.6 13:40 W ---------------------------------------------------------------------------------- 5.7 12.6 25 -5.5 5 353.4 0.0 885.3 10.7 91.9 4 S Max >= 27.0 0 Max <= 0.0 0 Min <= 0.0 10 Min <= -18.0 0 Max Rain: 618.3 on day 23 Days of Rain: 22 (>= 0.2 mm) 11 (>= 2.0 mm) 5 (>= 20.0 mm) Heat Base: 18.3 Cool Base: 18.3 Method: Integration