NOAA-Style Climate Reports
Select a Year or Month report
2024: Jan Feb Mar Apr May Jun Jul Aug Sep Oct Nov Dec
2023: Jan Feb Mar Apr May Jun Jul Aug Sep Oct Nov Dec
2022: Jan Feb Mar Apr May Jun Jul Aug Sep Oct Nov Dec
2021: Jan Feb Mar Apr May Jun Jul Aug Sep Oct Nov Dec
2020: Jan Feb Mar Apr May Jun Jul Aug Sep Oct Nov Dec
2019: Jan Feb Mar Apr May Jun Jul Aug Sep Oct Nov Dec
2018: Jan Feb Mar Apr May Jun Jul Aug Sep Oct Nov Dec
2017: Jan Feb Mar Apr May Jun Jul Aug Sep Oct Nov Dec
2016: Jan Feb Mar Apr May Jun Jul Aug Sep Oct Nov Dec
2015: Jan Feb Mar Apr May Jun Jul Aug Sep Oct Nov Dec
2014: Jan Feb Mar Apr May Jun Jul Aug Sep Oct Nov Dec
2013: Jan Feb Mar Apr May Jun Jul Aug Sep Oct Nov Dec
2012: Jan Feb Mar Apr May Jun Jul Aug Sep Oct Nov Dec
2011: Jan Feb Mar Apr May Jun Jul Aug Sep Oct Nov Dec
2010: Jan Feb Mar Apr May Jun Jul Aug Sep Oct Nov Dec
2009: Jan Feb Mar Apr May Jun Jul Aug Sep Oct Nov Dec
2008: Jan Feb Mar Apr May Jun Jul Aug Sep Oct Nov Dec
2024: Jan Feb Mar Apr May Jun Jul Aug Sep Oct Nov Dec
2023: Jan Feb Mar Apr May Jun Jul Aug Sep Oct Nov Dec
2022: Jan Feb Mar Apr May Jun Jul Aug Sep Oct Nov Dec
2021: Jan Feb Mar Apr May Jun Jul Aug Sep Oct Nov Dec
2020: Jan Feb Mar Apr May Jun Jul Aug Sep Oct Nov Dec
2019: Jan Feb Mar Apr May Jun Jul Aug Sep Oct Nov Dec
2018: Jan Feb Mar Apr May Jun Jul Aug Sep Oct Nov Dec
2017: Jan Feb Mar Apr May Jun Jul Aug Sep Oct Nov Dec
2016: Jan Feb Mar Apr May Jun Jul Aug Sep Oct Nov Dec
2015: Jan Feb Mar Apr May Jun Jul Aug Sep Oct Nov Dec
2014: Jan Feb Mar Apr May Jun Jul Aug Sep Oct Nov Dec
2013: Jan Feb Mar Apr May Jun Jul Aug Sep Oct Nov Dec
2012: Jan Feb Mar Apr May Jun Jul Aug Sep Oct Nov Dec
2011: Jan Feb Mar Apr May Jun Jul Aug Sep Oct Nov Dec
2010: Jan Feb Mar Apr May Jun Jul Aug Sep Oct Nov Dec
2009: Jan Feb Mar Apr May Jun Jul Aug Sep Oct Nov Dec
2008: Jan Feb Mar Apr May Jun Jul Aug Sep Oct Nov Dec
Report for 2016 December
Monthly Climatological Summary for Dec 2016 Name: Garrymore Weather City: Geashill State: Offaly Elevation: 80 m Lat: N 53° 10' 05" Lon: W 007° 21' 37" Temperature (°C), Rain (mm), Wind Speed (km/h) Heat Cool Avg Mean Deg Deg Wind Dom Day Temp High Time Low Time Days Days Rain Speed High Time Dir ---------------------------------------------------------------------------------- 01 -1.7 6.5 15:21 -5.7 05:33 20.0 0.0 0.0 0.6 8.7 19:57 NNW 02 1.0 7.4 14:26 -3.3 08:41 17.3 0.0 0.0 0.8 8.7 06:24 E 03 4.6 7.9 13:10 3.0 00:12 13.7 0.0 0.3 2.6 18.3 13:11 E 04 2.7 5.3 13:28 0.1 07:41 15.6 0.0 0.0 3.6 13.3 05:54 ENE 05 3.6 6.8 22:21 0.1 03:45 14.7 0.0 0.0 3.1 20.9 22:20 E 06 10.1 12.3 23:00 6.8 00:00 8.2 0.0 5.7 12.9 43.0 10:03 SSE 07 12.8 14.0 12:56 9.5 23:17 5.5 0.0 14.7 14.0 52.6 07:57 S 08 10.1 13.6 14:33 7.1 09:01 8.2 0.0 1.2 6.9 41.9 20:25 S 09 11.2 12.9 05:39 9.1 22:47 7.1 0.0 0.6 11.8 39.3 00:00 S 10 6.9 10.2 15:02 4.1 06:59 11.4 0.0 0.0 4.8 20.9 08:19 SSW 11 5.6 8.6 13:54 2.6 19:50 12.7 0.0 0.3 5.6 22.0 21:33 S 12 7.5 9.7 14:02 3.3 00:46 10.8 0.0 1.2 3.6 20.9 22:28 SE 13 9.8 11.7 23:59 8.3 11:22 8.5 0.0 1.8 10.1 45.4 23:16 SSE 14 6.6 12.5 00:08 -1.5 23:41 11.7 0.0 8.1 6.2 45.4 00:03 S 15 6.1 10.0 13:00 -1.4 00:00 12.2 0.0 6.0 8.6 39.3 09:44 SSE 16 4.9 8.2 15:28 -1.0 23:58 13.4 0.0 13.5 5.6 27.0 02:52 W 17 1.4 5.5 12:38 -2.9 04:28 16.9 0.0 0.3 4.3 23.3 11:02 SSE 18 5.0 9.3 14:56 2.7 00:08 13.3 0.0 0.0 6.2 22.0 11:25 SSE 19 5.3 9.0 12:13 -0.5 23:37 13.0 0.0 0.0 5.8 28.2 00:24 SW 20 0.9 6.2 18:52 -4.4 06:30 17.4 0.0 10.8 7.3 46.5 16:59 S 21 4.8 8.1 13:29 1.4 21:30 13.5 0.0 3.0 10.2 36.7 06:31 SSW 22 4.6 8.2 14:09 1.8 02:01 13.7 0.0 0.3 11.6 31.7 14:15 S 23 7.0 10.3 11:25 3.4 17:09 11.3 0.0 301.8 18.0 76.1 07:31 SSW 24 7.9 11.5 23:42 5.1 02:26 10.4 0.0 7.5 14.4 45.4 23:40 SW 25 10.0 13.2 13:53 5.7 21:49 8.3 0.0 23.4 13.8 48.0 00:13 SW 26 4.0 7.9 12:33 -1.0 22:54 14.3 0.0 1.5 5.5 28.2 00:17 SW 27 3.2 7.3 14:36 -1.2 08:58 15.1 0.0 0.0 4.9 22.0 16:54 S 28 5.6 9.9 11:58 2.3 07:11 12.7 0.0 0.0 5.6 29.6 02:20 SSE 29 6.4 8.4 15:38 3.8 02:33 11.9 0.0 0.0 13.0 31.7 04:52 S 30 9.1 10.9 16:58 5.7 02:01 9.2 0.0 0.0 10.9 28.2 12:57 S 31 8.3 10.0 19:53 5.1 23:55 10.0 0.0 8.4 11.8 35.7 21:52 SSW ---------------------------------------------------------------------------------- 6.0 14.0 7 -5.7 1 382.0 0.0 410.4 7.9 76.1 23 S Max >= 27.0 0 Max <= 0.0 0 Min <= 0.0 10 Min <= -18.0 0 Max Rain: 301.8 on day 23 Days of Rain: 20 (>= 0.2 mm) 11 (>= 2.0 mm) 2 (>= 20.0 mm) Heat Base: 18.3 Cool Base: 18.3 Method: Integration