NOAA-Style Climate Reports
Select a Year or Month report
2024: Jan Feb Mar Apr May Jun Jul Aug Sep Oct Nov Dec
2023: Jan Feb Mar Apr May Jun Jul Aug Sep Oct Nov Dec
2022: Jan Feb Mar Apr May Jun Jul Aug Sep Oct Nov Dec
2021: Jan Feb Mar Apr May Jun Jul Aug Sep Oct Nov Dec
2020: Jan Feb Mar Apr May Jun Jul Aug Sep Oct Nov Dec
2019: Jan Feb Mar Apr May Jun Jul Aug Sep Oct Nov Dec
2018: Jan Feb Mar Apr May Jun Jul Aug Sep Oct Nov Dec
2017: Jan Feb Mar Apr May Jun Jul Aug Sep Oct Nov Dec
2016: Jan Feb Mar Apr May Jun Jul Aug Sep Oct Nov Dec
2015: Jan Feb Mar Apr May Jun Jul Aug Sep Oct Nov Dec
2014: Jan Feb Mar Apr May Jun Jul Aug Sep Oct Nov Dec
2013: Jan Feb Mar Apr May Jun Jul Aug Sep Oct Nov Dec
2012: Jan Feb Mar Apr May Jun Jul Aug Sep Oct Nov Dec
2011: Jan Feb Mar Apr May Jun Jul Aug Sep Oct Nov Dec
2010: Jan Feb Mar Apr May Jun Jul Aug Sep Oct Nov Dec
2009: Jan Feb Mar Apr May Jun Jul Aug Sep Oct Nov Dec
2008: Jan Feb Mar Apr May Jun Jul Aug Sep Oct Nov Dec
2024: Jan Feb Mar Apr May Jun Jul Aug Sep Oct Nov Dec
2023: Jan Feb Mar Apr May Jun Jul Aug Sep Oct Nov Dec
2022: Jan Feb Mar Apr May Jun Jul Aug Sep Oct Nov Dec
2021: Jan Feb Mar Apr May Jun Jul Aug Sep Oct Nov Dec
2020: Jan Feb Mar Apr May Jun Jul Aug Sep Oct Nov Dec
2019: Jan Feb Mar Apr May Jun Jul Aug Sep Oct Nov Dec
2018: Jan Feb Mar Apr May Jun Jul Aug Sep Oct Nov Dec
2017: Jan Feb Mar Apr May Jun Jul Aug Sep Oct Nov Dec
2016: Jan Feb Mar Apr May Jun Jul Aug Sep Oct Nov Dec
2015: Jan Feb Mar Apr May Jun Jul Aug Sep Oct Nov Dec
2014: Jan Feb Mar Apr May Jun Jul Aug Sep Oct Nov Dec
2013: Jan Feb Mar Apr May Jun Jul Aug Sep Oct Nov Dec
2012: Jan Feb Mar Apr May Jun Jul Aug Sep Oct Nov Dec
2011: Jan Feb Mar Apr May Jun Jul Aug Sep Oct Nov Dec
2010: Jan Feb Mar Apr May Jun Jul Aug Sep Oct Nov Dec
2009: Jan Feb Mar Apr May Jun Jul Aug Sep Oct Nov Dec
2008: Jan Feb Mar Apr May Jun Jul Aug Sep Oct Nov Dec
Report for 2014 October
Monthly Climatological Summary for Oct 2014 Name: Garrymore Weather City: Geashill State: Offaly Elevation: 80 m Lat: N 53° 10' 05" Lon: W 007° 21' 37" Temperature (°C), Rain (mm), Wind Speed (km/h) Heat Cool Avg Mean Deg Deg Wind Dom Day Temp High Time Low Time Days Days Rain Speed High Time Dir ---------------------------------------------------------------------------------- 01 12.2 17.0 15:55 6.2 23:57 6.1 0.0 0.3 2.8 20.9 07:15 SSE 02 10.0 17.4 15:08 1.4 06:22 8.3 0.0 0.0 4.0 28.2 15:33 SE 03 12.7 15.4 07:24 9.9 23:36 5.7 0.0 9.9 2.6 27.0 01:43 SSE 04 8.8 13.5 15:17 3.4 08:12 9.5 0.0 3.3 2.3 27.0 16:12 S 05 9.8 13.1 13:54 7.2 00:00 8.5 0.0 9.6 9.0 51.5 22:21 SE 06 9.4 12.3 16:31 5.3 23:58 8.9 0.0 7.8 4.1 49.1 00:04 SE 07 6.3 13.9 16:24 -0.7 07:55 12.0 0.0 0.0 1.6 22.0 13:58 SE 08 9.6 13.8 15:57 5.7 00:09 8.7 0.0 3.6 2.7 20.9 08:17 ESE 09 8.9 14.2 16:08 5.2 23:57 9.4 0.0 0.6 1.8 22.0 14:59 SW 10 8.2 14.6 15:33 3.8 23:52 10.1 0.0 0.0 2.1 15.9 09:37 SE 11 6.8 14.7 16:11 -0.1 08:19 11.5 0.0 0.3 0.3 9.8 14:07 WNW 12 6.6 15.2 15:33 -0.1 08:10 11.7 0.0 0.0 0.2 12.2 15:33 NNE 13 7.5 14.2 15:46 3.3 08:32 10.8 0.0 0.0 0.8 17.2 15:40 NNW 14 7.8 14.4 16:29 3.4 08:44 10.5 0.0 0.3 0.3 15.9 12:11 NE 15 10.7 12.8 17:49 7.1 00:00 7.6 0.0 2.1 3.9 39.3 15:29 E 16 11.7 15.2 14:29 7.3 04:43 6.6 0.0 3.3 2.9 31.7 16:19 ESE 17 12.3 15.3 18:02 7.8 06:14 6.0 0.0 3.3 6.3 45.4 19:41 ESE 18 14.3 17.3 13:20 12.3 08:50 4.0 0.0 14.4 13.6 52.6 14:50 SE 19 12.9 15.8 12:35 10.5 23:21 5.4 0.0 85.5 8.1 43.9 02:37 SSE 20 11.9 15.0 15:20 10.0 03:49 6.4 0.0 6.6 7.0 43.9 22:23 SSE 21 8.7 12.5 01:32 6.1 20:25 9.6 0.0 16.2 9.6 50.0 03:32 W 22 10.0 12.2 17:05 6.8 00:57 8.3 0.0 1.5 4.8 29.6 20:49 SSE 23 12.7 16.9 15:15 9.8 23:09 5.6 0.0 0.6 5.7 30.6 14:10 SSE 24 9.6 12.4 15:52 7.5 07:33 8.7 0.0 0.9 5.2 25.6 13:08 SSE 25 10.4 13.9 12:58 7.8 02:07 7.9 0.0 0.3 9.3 37.8 11:46 SSE 26 12.8 16.2 14:48 10.1 04:46 5.5 0.0 6.0 8.8 35.7 13:13 SSE 27 14.7 15.9 13:55 14.1 20:56 3.6 0.0 0.3 7.5 39.3 23:07 SE 28 10.2 15.4 06:24 1.7 23:59 8.1 0.0 28.2 6.0 46.5 00:59 SE 29 5.6 12.7 13:09 -1.2 07:16 12.7 0.0 0.3 0.7 15.9 13:42 E 30 14.2 18.3 14:46 11.1 00:00 4.1 0.0 0.3 6.7 33.2 20:27 SE 31 14.0 16.1 09:59 10.3 23:59 4.3 0.0 8.7 7.3 43.0 05:33 SE ---------------------------------------------------------------------------------- 10.4 18.3 30 -1.2 29 246.1 0.0 214.2 4.8 52.6 18 SSE Max >= 27.0 0 Max <= 0.0 0 Min <= 0.0 4 Min <= -18.0 0 Max Rain: 85.5 on day 19 Days of Rain: 26 (>= 0.2 mm) 15 (>= 2.0 mm) 2 (>= 20.0 mm) Heat Base: 18.3 Cool Base: 18.3 Method: Integration