NOAA-Style Climate Reports
Select a Year or Month report
2024: Jan Feb Mar Apr May Jun Jul Aug Sep Oct Nov Dec
2023: Jan Feb Mar Apr May Jun Jul Aug Sep Oct Nov Dec
2022: Jan Feb Mar Apr May Jun Jul Aug Sep Oct Nov Dec
2021: Jan Feb Mar Apr May Jun Jul Aug Sep Oct Nov Dec
2020: Jan Feb Mar Apr May Jun Jul Aug Sep Oct Nov Dec
2019: Jan Feb Mar Apr May Jun Jul Aug Sep Oct Nov Dec
2018: Jan Feb Mar Apr May Jun Jul Aug Sep Oct Nov Dec
2017: Jan Feb Mar Apr May Jun Jul Aug Sep Oct Nov Dec
2016: Jan Feb Mar Apr May Jun Jul Aug Sep Oct Nov Dec
2015: Jan Feb Mar Apr May Jun Jul Aug Sep Oct Nov Dec
2014: Jan Feb Mar Apr May Jun Jul Aug Sep Oct Nov Dec
2013: Jan Feb Mar Apr May Jun Jul Aug Sep Oct Nov Dec
2012: Jan Feb Mar Apr May Jun Jul Aug Sep Oct Nov Dec
2011: Jan Feb Mar Apr May Jun Jul Aug Sep Oct Nov Dec
2010: Jan Feb Mar Apr May Jun Jul Aug Sep Oct Nov Dec
2009: Jan Feb Mar Apr May Jun Jul Aug Sep Oct Nov Dec
2008: Jan Feb Mar Apr May Jun Jul Aug Sep Oct Nov Dec
2024: Jan Feb Mar Apr May Jun Jul Aug Sep Oct Nov Dec
2023: Jan Feb Mar Apr May Jun Jul Aug Sep Oct Nov Dec
2022: Jan Feb Mar Apr May Jun Jul Aug Sep Oct Nov Dec
2021: Jan Feb Mar Apr May Jun Jul Aug Sep Oct Nov Dec
2020: Jan Feb Mar Apr May Jun Jul Aug Sep Oct Nov Dec
2019: Jan Feb Mar Apr May Jun Jul Aug Sep Oct Nov Dec
2018: Jan Feb Mar Apr May Jun Jul Aug Sep Oct Nov Dec
2017: Jan Feb Mar Apr May Jun Jul Aug Sep Oct Nov Dec
2016: Jan Feb Mar Apr May Jun Jul Aug Sep Oct Nov Dec
2015: Jan Feb Mar Apr May Jun Jul Aug Sep Oct Nov Dec
2014: Jan Feb Mar Apr May Jun Jul Aug Sep Oct Nov Dec
2013: Jan Feb Mar Apr May Jun Jul Aug Sep Oct Nov Dec
2012: Jan Feb Mar Apr May Jun Jul Aug Sep Oct Nov Dec
2011: Jan Feb Mar Apr May Jun Jul Aug Sep Oct Nov Dec
2010: Jan Feb Mar Apr May Jun Jul Aug Sep Oct Nov Dec
2009: Jan Feb Mar Apr May Jun Jul Aug Sep Oct Nov Dec
2008: Jan Feb Mar Apr May Jun Jul Aug Sep Oct Nov Dec
Report for 2014 April
Monthly Climatological Summary for Apr 2014 Name: Garrymore Weather City: Geashill State: Offaly Elevation: 80 m Lat: N 53° 10' 05" Lon: W 007° 21' 37" Temperature (°C), Rain (mm), Wind Speed (km/h) Heat Cool Avg Mean Deg Deg Wind Dom Day Temp High Time Low Time Days Days Rain Speed High Time Dir ---------------------------------------------------------------------------------- 01 9.9 16.3 15:42 5.5 02:25 8.4 0.0 0.0 4.1 23.3 14:06 ESE 02 9.1 11.2 14:32 6.7 05:12 9.2 0.0 4.8 3.7 34.3 12:56 ENE 03 10.7 14.8 15:19 7.1 07:37 7.6 0.0 0.3 4.5 25.6 11:24 ESE 04 10.5 15.9 15:10 7.3 01:39 7.8 0.0 0.3 6.3 30.6 16:32 SE 05 11.6 17.1 15:50 9.3 00:00 6.7 0.0 1.5 8.9 37.8 17:55 SE 06 11.7 16.5 15:19 5.8 23:34 6.6 0.0 2.7 9.8 50.0 10:00 SSE 07 7.6 14.0 13:21 3.8 23:20 10.7 0.0 3.3 4.2 27.0 18:25 S 08 7.6 12.4 14:27 3.2 02:17 10.7 0.0 0.0 5.2 28.2 12:36 SW 09 5.5 10.9 22:23 2.2 13:57 12.8 0.0 0.0 2.1 12.2 22:19 SSE 10 9.8 14.5 11:24 3.9 04:50 8.5 0.0 0.3 4.6 25.6 16:56 SSW 11 11.1 12.2 14:22 6.1 23:56 7.2 0.0 0.0 4.6 20.9 14:22 SW 12 9.1 13.4 12:06 5.9 00:04 9.2 0.0 0.0 7.6 28.2 12:00 SW 13 8.7 13.3 16:50 6.1 03:00 9.6 0.0 0.0 5.5 33.2 17:27 WSW 14 9.5 17.4 18:44 2.9 06:10 8.9 0.0 0.0 2.3 15.9 10:05 NW 15 9.2 16.8 15:09 0.0 06:41 9.1 0.0 0.0 5.7 36.7 14:59 SE 16 10.7 18.2 15:43 4.0 01:31 7.6 0.0 0.0 7.6 34.3 10:27 SE 17 10.2 12.5 13:30 8.3 23:58 8.1 0.0 0.0 5.5 27.0 13:47 W 18 11.2 20.6 19:09 4.7 03:25 7.2 0.1 0.0 1.2 15.9 14:22 ESE 19 10.2 19.4 14:49 3.2 23:58 8.1 0.0 0.0 3.0 24.4 19:14 E 20 8.3 16.7 14:48 -0.4 06:06 10.0 0.0 1.2 2.5 20.9 17:03 NNW 21 12.5 18.1 15:48 7.8 06:23 4.3 0.0 0.6 5.1 34.3 14:22 ENE ---------------------------------------------------------------------------------- 9.7 20.6 18 -0.4 20 178.3 0.1 15.0 4.9 50.0 6 SSE Max >= 27.0 0 Max <= 0.0 0 Min <= 0.0 2 Min <= -18.0 0 Max Rain: 4.8 on day 2 Days of Rain: 9 (>= 0.2 mm) 3 (>= 2.0 mm) 0 (>= 20.0 mm) Heat Base: 18.3 Cool Base: 18.3 Method: Integration