NOAA-Style Climate Reports
Select a Year or Month report
2024: Jan Feb Mar Apr May Jun Jul Aug Sep Oct Nov Dec
2023: Jan Feb Mar Apr May Jun Jul Aug Sep Oct Nov Dec
2022: Jan Feb Mar Apr May Jun Jul Aug Sep Oct Nov Dec
2021: Jan Feb Mar Apr May Jun Jul Aug Sep Oct Nov Dec
2020: Jan Feb Mar Apr May Jun Jul Aug Sep Oct Nov Dec
2019: Jan Feb Mar Apr May Jun Jul Aug Sep Oct Nov Dec
2018: Jan Feb Mar Apr May Jun Jul Aug Sep Oct Nov Dec
2017: Jan Feb Mar Apr May Jun Jul Aug Sep Oct Nov Dec
2016: Jan Feb Mar Apr May Jun Jul Aug Sep Oct Nov Dec
2015: Jan Feb Mar Apr May Jun Jul Aug Sep Oct Nov Dec
2014: Jan Feb Mar Apr May Jun Jul Aug Sep Oct Nov Dec
2013: Jan Feb Mar Apr May Jun Jul Aug Sep Oct Nov Dec
2012: Jan Feb Mar Apr May Jun Jul Aug Sep Oct Nov Dec
2011: Jan Feb Mar Apr May Jun Jul Aug Sep Oct Nov Dec
2010: Jan Feb Mar Apr May Jun Jul Aug Sep Oct Nov Dec
2009: Jan Feb Mar Apr May Jun Jul Aug Sep Oct Nov Dec
2008: Jan Feb Mar Apr May Jun Jul Aug Sep Oct Nov Dec
2024: Jan Feb Mar Apr May Jun Jul Aug Sep Oct Nov Dec
2023: Jan Feb Mar Apr May Jun Jul Aug Sep Oct Nov Dec
2022: Jan Feb Mar Apr May Jun Jul Aug Sep Oct Nov Dec
2021: Jan Feb Mar Apr May Jun Jul Aug Sep Oct Nov Dec
2020: Jan Feb Mar Apr May Jun Jul Aug Sep Oct Nov Dec
2019: Jan Feb Mar Apr May Jun Jul Aug Sep Oct Nov Dec
2018: Jan Feb Mar Apr May Jun Jul Aug Sep Oct Nov Dec
2017: Jan Feb Mar Apr May Jun Jul Aug Sep Oct Nov Dec
2016: Jan Feb Mar Apr May Jun Jul Aug Sep Oct Nov Dec
2015: Jan Feb Mar Apr May Jun Jul Aug Sep Oct Nov Dec
2014: Jan Feb Mar Apr May Jun Jul Aug Sep Oct Nov Dec
2013: Jan Feb Mar Apr May Jun Jul Aug Sep Oct Nov Dec
2012: Jan Feb Mar Apr May Jun Jul Aug Sep Oct Nov Dec
2011: Jan Feb Mar Apr May Jun Jul Aug Sep Oct Nov Dec
2010: Jan Feb Mar Apr May Jun Jul Aug Sep Oct Nov Dec
2009: Jan Feb Mar Apr May Jun Jul Aug Sep Oct Nov Dec
2008: Jan Feb Mar Apr May Jun Jul Aug Sep Oct Nov Dec
Report for 2013 June
Monthly Climatological Summary for Jun 2013 Name: Garrymore Weather City: Geashill State: Offaly Elevation: 80 m Lat: N 53° 10' 05" Lon: W 007° 21' 37" Temperature (°C), Rain (mm), Wind Speed (km/h) Heat Cool Avg Mean Deg Deg Wind Dom Day Temp High Time Low Time Days Days Rain Speed High Time Dir ---------------------------------------------------------------------------------- 01 11.6 16.8 19:35 6.2 01:10 6.7 0.0 0.0 3.0 23.3 17:26 WSW 02 14.5 21.3 16:24 7.6 05:42 4.1 0.3 0.0 1.7 13.3 16:59 WSW 03 16.4 23.8 12:50 10.6 23:58 2.8 1.0 0.0 0.6 12.2 13:59 ESE 04 17.2 27.0 19:45 6.0 04:57 4.0 2.9 0.0 1.3 20.9 16:12 E 05 17.1 25.3 15:00 5.9 05:43 4.1 2.9 0.0 0.9 14.8 10:47 E 06 17.5 26.6 15:29 6.1 05:00 3.9 3.0 0.0 0.8 18.3 16:43 E 07 18.7 28.8 19:48 7.0 04:51 3.4 3.8 0.0 0.6 22.0 15:57 E 08 18.7 28.1 15:39 6.4 05:10 3.5 3.9 0.0 0.4 13.3 16:16 NW 09 17.9 25.7 09:53 6.6 05:35 3.5 3.1 0.0 3.1 27.0 13:50 E 10 12.2 18.0 12:32 6.5 03:10 6.1 0.0 1.2 6.1 35.7 10:53 ESE 11 13.6 19.6 13:58 9.0 06:20 4.8 0.0 5.7 4.0 30.6 06:43 E 12 14.2 20.7 13:17 9.8 04:57 4.3 0.2 5.4 1.9 20.9 16:39 ESE 13 13.0 18.1 19:50 8.1 06:35 5.3 0.0 6.0 4.5 35.7 16:15 WSW 14 11.5 18.5 11:31 7.7 20:50 6.8 0.0 9.0 7.0 41.9 11:47 SE 15 11.5 17.8 14:39 5.6 05:38 6.8 0.0 2.7 6.4 29.6 14:09 S 16 13.0 19.5 14:36 9.9 02:03 5.3 0.0 3.9 3.2 19.4 14:46 SE 17 14.6 17.2 10:38 8.4 10:24 3.7 0.0 1.2 1.5 14.8 10:24 S 18 16.8 17.2 00:00 12.2 23:58 1.5 0.0 0.0 2.5 11.1 23:29 S 19 15.8 23.0 19:36 9.4 06:09 3.2 0.7 0.0 2.3 15.9 11:22 WSW 20 16.5 23.3 13:56 10.4 06:22 3.0 1.1 0.0 2.2 22.0 14:21 SE 21 14.9 21.6 16:24 11.2 21:59 3.7 0.3 1.2 5.2 31.7 19:35 SSE 22 12.6 16.4 14:42 11.2 01:43 5.7 0.0 0.3 8.0 31.7 13:55 S 23 11.8 15.1 16:53 8.7 23:59 6.5 0.0 0.9 9.4 45.4 05:53 WNW 24 13.1 18.5 19:09 7.1 02:38 5.2 0.0 0.0 2.0 13.3 04:09 WSW 25 14.4 21.0 14:08 5.8 04:53 4.2 0.4 0.0 2.3 14.8 09:32 SSE 26 15.4 21.4 16:43 8.8 04:56 3.5 0.6 0.0 1.9 15.9 15:40 WNW 27 14.9 23.1 17:25 8.1 04:43 4.1 0.7 0.0 3.7 27.0 14:55 SW 28 14.6 17.9 15:32 12.1 23:12 3.7 0.0 0.3 5.3 28.2 15:57 SSW 29 15.5 22.7 16:45 10.6 03:11 3.5 0.7 0.3 4.4 25.6 20:20 SSW 30 15.0 19.4 14:23 11.2 23:52 3.3 0.0 0.9 6.8 34.3 16:00 S ---------------------------------------------------------------------------------- 14.8 28.8 7 5.6 15 130.2 25.6 39.0 3.4 45.4 23 S Max >= 27.0 3 Max <= 0.0 0 Min <= 0.0 0 Min <= -18.0 0 Max Rain: 9.0 on day 14 Days of Rain: 14 (>= 0.2 mm) 6 (>= 2.0 mm) 0 (>= 20.0 mm) Heat Base: 18.3 Cool Base: 18.3 Method: Integration