NOAA-Style Climate Reports
Select a Year or Month report
2024: Jan Feb Mar Apr May Jun Jul Aug Sep Oct Nov Dec
2023: Jan Feb Mar Apr May Jun Jul Aug Sep Oct Nov Dec
2022: Jan Feb Mar Apr May Jun Jul Aug Sep Oct Nov Dec
2021: Jan Feb Mar Apr May Jun Jul Aug Sep Oct Nov Dec
2020: Jan Feb Mar Apr May Jun Jul Aug Sep Oct Nov Dec
2019: Jan Feb Mar Apr May Jun Jul Aug Sep Oct Nov Dec
2018: Jan Feb Mar Apr May Jun Jul Aug Sep Oct Nov Dec
2017: Jan Feb Mar Apr May Jun Jul Aug Sep Oct Nov Dec
2016: Jan Feb Mar Apr May Jun Jul Aug Sep Oct Nov Dec
2015: Jan Feb Mar Apr May Jun Jul Aug Sep Oct Nov Dec
2014: Jan Feb Mar Apr May Jun Jul Aug Sep Oct Nov Dec
2013: Jan Feb Mar Apr May Jun Jul Aug Sep Oct Nov Dec
2012: Jan Feb Mar Apr May Jun Jul Aug Sep Oct Nov Dec
2011: Jan Feb Mar Apr May Jun Jul Aug Sep Oct Nov Dec
2010: Jan Feb Mar Apr May Jun Jul Aug Sep Oct Nov Dec
2009: Jan Feb Mar Apr May Jun Jul Aug Sep Oct Nov Dec
2008: Jan Feb Mar Apr May Jun Jul Aug Sep Oct Nov Dec
2024: Jan Feb Mar Apr May Jun Jul Aug Sep Oct Nov Dec
2023: Jan Feb Mar Apr May Jun Jul Aug Sep Oct Nov Dec
2022: Jan Feb Mar Apr May Jun Jul Aug Sep Oct Nov Dec
2021: Jan Feb Mar Apr May Jun Jul Aug Sep Oct Nov Dec
2020: Jan Feb Mar Apr May Jun Jul Aug Sep Oct Nov Dec
2019: Jan Feb Mar Apr May Jun Jul Aug Sep Oct Nov Dec
2018: Jan Feb Mar Apr May Jun Jul Aug Sep Oct Nov Dec
2017: Jan Feb Mar Apr May Jun Jul Aug Sep Oct Nov Dec
2016: Jan Feb Mar Apr May Jun Jul Aug Sep Oct Nov Dec
2015: Jan Feb Mar Apr May Jun Jul Aug Sep Oct Nov Dec
2014: Jan Feb Mar Apr May Jun Jul Aug Sep Oct Nov Dec
2013: Jan Feb Mar Apr May Jun Jul Aug Sep Oct Nov Dec
2012: Jan Feb Mar Apr May Jun Jul Aug Sep Oct Nov Dec
2011: Jan Feb Mar Apr May Jun Jul Aug Sep Oct Nov Dec
2010: Jan Feb Mar Apr May Jun Jul Aug Sep Oct Nov Dec
2009: Jan Feb Mar Apr May Jun Jul Aug Sep Oct Nov Dec
2008: Jan Feb Mar Apr May Jun Jul Aug Sep Oct Nov Dec
Report for 2012 November
Monthly Climatological Summary for Nov 2012 Name: Garrymore Weather City: Geashill State: Offaly Elevation: 80 m Lat: N 53° 10' 05" Lon: W 007° 21' 37" Temperature (°C), Rain (mm), Wind Speed (km/h) Heat Cool Avg Mean Deg Deg Wind Dom Day Temp High Time Low Time Days Days Rain Speed High Time Dir ---------------------------------------------------------------------------------- 01 3.3 7.9 14:02 -1.8 00:08 15.0 0.0 0.9 4.7 29.6 13:58 SSW 02 4.5 10.2 11:59 -0.1 22:58 13.8 0.0 0.6 5.4 35.7 10:24 SSW 03 2.7 12.2 14:12 -1.3 07:38 15.6 0.0 0.3 6.2 34.3 14:35 SSE 04 5.3 9.4 12:44 2.3 23:18 13.0 0.0 0.9 3.2 24.4 03:45 E 05 3.8 10.5 13:56 -0.4 07:32 14.5 0.0 2.7 3.1 17.2 09:59 WNW 06 7.4 10.7 15:18 3.2 00:04 10.9 0.0 0.3 4.6 29.6 12:45 W 07 9.0 12.8 13:26 7.5 20:34 9.3 0.0 2.1 6.4 35.7 14:18 SSW 08 8.1 11.5 14:55 5.4 08:08 10.2 0.0 0.3 3.8 23.3 00:26 S 09 6.9 10.5 13:39 2.6 23:56 11.4 0.0 2.4 6.0 31.7 03:49 SSE 10 4.0 10.0 13:56 0.7 03:52 14.3 0.0 0.6 3.1 19.4 13:21 S 11 5.1 10.1 12:54 1.5 04:01 13.2 0.0 0.6 3.4 19.4 22:10 SW 12 10.4 13.8 06:33 5.1 01:08 7.9 0.0 1.8 6.5 39.3 01:07 SSE 13 11.2 13.3 12:25 9.4 19:15 7.1 0.0 8.1 8.2 43.0 11:10 SE 14 10.8 13.8 13:25 8.8 23:18 7.5 0.0 0.6 5.8 30.6 06:25 SE 15 8.8 14.0 12:10 4.0 22:50 9.5 0.0 0.0 2.8 20.9 12:15 SE 16 6.3 9.0 14:45 3.9 04:56 12.0 0.0 0.9 1.1 12.2 12:22 SSE 17 3.7 9.3 13:32 -0.5 08:06 14.6 0.0 0.6 2.3 29.6 15:12 SSW 18 3.2 9.5 22:32 -1.7 07:03 15.1 0.0 15.9 7.2 46.5 20:10 SE 19 10.3 12.7 12:01 8.4 18:38 8.0 0.0 6.6 10.1 39.3 03:34 SSE 20 8.6 12.1 13:04 4.5 23:47 9.7 0.0 2.7 8.5 55.2 13:45 SSE 21 6.4 15.4 12:33 1.0 07:52 11.9 0.0 1.5 6.0 31.7 12:22 SE 22 6.5 10.6 01:29 4.2 18:40 11.8 0.0 21.3 9.0 43.9 02:40 SSE 23 3.6 8.4 14:09 -0.7 22:46 14.7 0.0 0.9 4.3 30.6 12:41 SSE 24 0.1 6.5 20:26 -3.1 08:25 18.2 0.0 0.0 0.9 14.8 22:26 W 25 1.0 4.4 20:22 -2.1 04:09 17.3 0.0 1.8 2.7 29.6 23:29 NW 26 4.5 7.5 13:19 1.5 00:51 13.8 0.0 0.6 11.4 36.7 14:43 NW 27 2.7 7.3 14:20 -0.3 23:57 15.6 0.0 0.0 7.1 29.6 00:31 NW 28 0.6 5.7 15:01 -1.6 05:03 17.7 0.0 0.0 3.3 18.3 13:42 WNW 29 -1.1 2.2 12:54 -3.9 08:25 19.4 0.0 0.3 0.7 9.8 03:49 W 30 0.9 4.4 15:24 -2.2 00:00 17.4 0.0 0.3 1.9 19.4 08:20 ESE ---------------------------------------------------------------------------------- 5.3 15.4 21 -3.9 29 390.4 0.0 75.6 5.0 55.2 20 S Max >= 27.0 0 Max <= 0.0 0 Min <= 0.0 13 Min <= -18.0 0 Max Rain: 21.3 on day 22 Days of Rain: 26 (>= 0.2 mm) 8 (>= 2.0 mm) 1 (>= 20.0 mm) Heat Base: 18.3 Cool Base: 18.3 Method: Integration