NOAA-Style Climate Reports
Select a Year or Month report
2024: Jan Feb Mar Apr May Jun Jul Aug Sep Oct Nov Dec
2023: Jan Feb Mar Apr May Jun Jul Aug Sep Oct Nov Dec
2022: Jan Feb Mar Apr May Jun Jul Aug Sep Oct Nov Dec
2021: Jan Feb Mar Apr May Jun Jul Aug Sep Oct Nov Dec
2020: Jan Feb Mar Apr May Jun Jul Aug Sep Oct Nov Dec
2019: Jan Feb Mar Apr May Jun Jul Aug Sep Oct Nov Dec
2018: Jan Feb Mar Apr May Jun Jul Aug Sep Oct Nov Dec
2017: Jan Feb Mar Apr May Jun Jul Aug Sep Oct Nov Dec
2016: Jan Feb Mar Apr May Jun Jul Aug Sep Oct Nov Dec
2015: Jan Feb Mar Apr May Jun Jul Aug Sep Oct Nov Dec
2014: Jan Feb Mar Apr May Jun Jul Aug Sep Oct Nov Dec
2013: Jan Feb Mar Apr May Jun Jul Aug Sep Oct Nov Dec
2012: Jan Feb Mar Apr May Jun Jul Aug Sep Oct Nov Dec
2011: Jan Feb Mar Apr May Jun Jul Aug Sep Oct Nov Dec
2010: Jan Feb Mar Apr May Jun Jul Aug Sep Oct Nov Dec
2009: Jan Feb Mar Apr May Jun Jul Aug Sep Oct Nov Dec
2008: Jan Feb Mar Apr May Jun Jul Aug Sep Oct Nov Dec
2024: Jan Feb Mar Apr May Jun Jul Aug Sep Oct Nov Dec
2023: Jan Feb Mar Apr May Jun Jul Aug Sep Oct Nov Dec
2022: Jan Feb Mar Apr May Jun Jul Aug Sep Oct Nov Dec
2021: Jan Feb Mar Apr May Jun Jul Aug Sep Oct Nov Dec
2020: Jan Feb Mar Apr May Jun Jul Aug Sep Oct Nov Dec
2019: Jan Feb Mar Apr May Jun Jul Aug Sep Oct Nov Dec
2018: Jan Feb Mar Apr May Jun Jul Aug Sep Oct Nov Dec
2017: Jan Feb Mar Apr May Jun Jul Aug Sep Oct Nov Dec
2016: Jan Feb Mar Apr May Jun Jul Aug Sep Oct Nov Dec
2015: Jan Feb Mar Apr May Jun Jul Aug Sep Oct Nov Dec
2014: Jan Feb Mar Apr May Jun Jul Aug Sep Oct Nov Dec
2013: Jan Feb Mar Apr May Jun Jul Aug Sep Oct Nov Dec
2012: Jan Feb Mar Apr May Jun Jul Aug Sep Oct Nov Dec
2011: Jan Feb Mar Apr May Jun Jul Aug Sep Oct Nov Dec
2010: Jan Feb Mar Apr May Jun Jul Aug Sep Oct Nov Dec
2009: Jan Feb Mar Apr May Jun Jul Aug Sep Oct Nov Dec
2008: Jan Feb Mar Apr May Jun Jul Aug Sep Oct Nov Dec
Report for 2012 October
Monthly Climatological Summary for Oct 2012 Name: Garrymore Weather City: Geashill State: Offaly Elevation: 80 m Lat: N 53° 10' 05" Lon: W 007° 21' 37" Temperature (°C), Rain (mm), Wind Speed (km/h) Heat Cool Avg Mean Deg Deg Wind Dom Day Temp High Time Low Time Days Days Rain Speed High Time Dir ---------------------------------------------------------------------------------- 01 10.6 15.8 14:36 7.1 06:38 7.7 0.0 1.5 5.5 33.2 12:42 SSE 02 9.7 14.2 15:59 6.7 00:57 8.6 0.0 3.9 6.5 31.7 15:51 SSE 03 8.0 12.2 16:19 4.0 23:35 10.3 0.0 6.0 4.8 33.2 14:52 S 04 7.2 14.0 13:27 0.9 07:11 11.1 0.0 1.2 2.7 27.0 13:56 SE 05 8.6 13.6 09:07 4.0 23:39 9.7 0.0 0.3 2.2 17.2 03:24 SSW 06 8.1 15.4 15:48 1.4 06:57 10.2 0.0 0.0 1.4 17.2 14:22 WNW 07 7.9 14.7 13:47 2.2 05:28 10.4 0.0 0.9 1.1 20.9 15:46 E 08 9.4 14.6 13:07 4.6 23:34 8.9 0.0 3.3 0.2 8.7 01:39 ESE 09 7.2 15.0 15:49 1.8 07:41 11.1 0.0 0.3 0.1 7.2 13:22 NW 10 10.2 13.9 16:16 4.3 00:00 8.1 0.0 0.0 2.3 23.3 21:30 ESE 11 10.2 13.2 00:00 4.7 23:57 8.1 0.0 13.2 4.9 31.7 14:48 WNW 12 6.1 13.2 13:36 1.5 08:23 12.2 0.0 0.3 1.5 20.9 14:09 SSW 13 5.6 13.0 16:42 0.3 04:31 12.7 0.0 0.6 0.9 15.9 14:55 WSW 14 5.5 9.4 17:37 -0.2 05:17 12.8 0.0 2.7 1.5 17.2 11:21 WSW 15 7.3 9.8 14:00 5.5 07:12 11.0 0.0 3.9 2.1 33.2 23:52 SE 16 8.4 14.6 15:00 5.2 07:16 9.9 0.0 3.0 5.2 41.9 01:35 SSW 17 8.8 14.0 14:40 4.9 08:10 9.5 0.0 19.8 4.3 34.3 18:51 ESE 18 9.6 13.1 14:09 6.2 23:10 8.7 0.0 2.7 4.2 23.3 01:47 ESE 19 9.3 11.9 15:30 6.5 00:07 9.0 0.0 0.0 1.1 11.1 07:38 NW 20 10.1 16.1 14:40 6.0 22:43 8.2 0.0 0.0 2.8 19.4 13:07 SE 21 9.0 15.9 15:39 5.4 23:14 9.3 0.0 0.0 1.6 20.9 15:41 E 22 8.2 14.1 15:56 2.2 07:14 10.1 0.0 0.3 0.0 6.1 20:29 S 23 11.2 12.9 13:39 10.2 07:50 7.1 0.0 0.0 0.0 7.2 09:56 N 24 11.0 12.6 12:57 10.1 03:29 7.3 0.0 0.0 0.7 11.1 13:38 NNE 25 9.8 11.0 00:15 8.4 21:41 8.5 0.0 0.3 1.2 12.2 02:17 NNE 26 5.2 9.1 13:39 0.4 23:32 13.1 0.0 0.6 3.3 22.0 14:55 N 27 2.8 9.2 14:59 -3.0 08:30 15.5 0.0 0.0 3.5 24.4 23:41 WNW 28 7.3 8.7 15:42 6.1 00:00 11.0 0.0 4.2 6.1 27.0 13:41 SSW 29 5.6 9.5 15:15 2.7 23:49 12.7 0.0 0.3 2.0 14.8 16:37 WNW 30 6.2 9.9 11:51 1.5 03:41 12.1 0.0 0.0 4.9 37.8 12:21 S 31 4.5 7.7 05:54 -1.6 23:15 13.8 0.0 6.3 3.8 24.4 00:48 SSE ---------------------------------------------------------------------------------- 8.0 16.1 20 -3.0 27 318.7 0.0 75.6 2.7 41.9 16 S Max >= 27.0 0 Max <= 0.0 0 Min <= 0.0 3 Min <= -18.0 0 Max Rain: 19.8 on day 17 Days of Rain: 22 (>= 0.2 mm) 11 (>= 2.0 mm) 0 (>= 20.0 mm) Heat Base: 18.3 Cool Base: 18.3 Method: Integration