NOAA-Style Climate Reports
Select a Year or Month report
2024: Jan Feb Mar Apr May Jun Jul Aug Sep Oct Nov Dec
2023: Jan Feb Mar Apr May Jun Jul Aug Sep Oct Nov Dec
2022: Jan Feb Mar Apr May Jun Jul Aug Sep Oct Nov Dec
2021: Jan Feb Mar Apr May Jun Jul Aug Sep Oct Nov Dec
2020: Jan Feb Mar Apr May Jun Jul Aug Sep Oct Nov Dec
2019: Jan Feb Mar Apr May Jun Jul Aug Sep Oct Nov Dec
2018: Jan Feb Mar Apr May Jun Jul Aug Sep Oct Nov Dec
2017: Jan Feb Mar Apr May Jun Jul Aug Sep Oct Nov Dec
2016: Jan Feb Mar Apr May Jun Jul Aug Sep Oct Nov Dec
2015: Jan Feb Mar Apr May Jun Jul Aug Sep Oct Nov Dec
2014: Jan Feb Mar Apr May Jun Jul Aug Sep Oct Nov Dec
2013: Jan Feb Mar Apr May Jun Jul Aug Sep Oct Nov Dec
2012: Jan Feb Mar Apr May Jun Jul Aug Sep Oct Nov Dec
2011: Jan Feb Mar Apr May Jun Jul Aug Sep Oct Nov Dec
2010: Jan Feb Mar Apr May Jun Jul Aug Sep Oct Nov Dec
2009: Jan Feb Mar Apr May Jun Jul Aug Sep Oct Nov Dec
2008: Jan Feb Mar Apr May Jun Jul Aug Sep Oct Nov Dec
2024: Jan Feb Mar Apr May Jun Jul Aug Sep Oct Nov Dec
2023: Jan Feb Mar Apr May Jun Jul Aug Sep Oct Nov Dec
2022: Jan Feb Mar Apr May Jun Jul Aug Sep Oct Nov Dec
2021: Jan Feb Mar Apr May Jun Jul Aug Sep Oct Nov Dec
2020: Jan Feb Mar Apr May Jun Jul Aug Sep Oct Nov Dec
2019: Jan Feb Mar Apr May Jun Jul Aug Sep Oct Nov Dec
2018: Jan Feb Mar Apr May Jun Jul Aug Sep Oct Nov Dec
2017: Jan Feb Mar Apr May Jun Jul Aug Sep Oct Nov Dec
2016: Jan Feb Mar Apr May Jun Jul Aug Sep Oct Nov Dec
2015: Jan Feb Mar Apr May Jun Jul Aug Sep Oct Nov Dec
2014: Jan Feb Mar Apr May Jun Jul Aug Sep Oct Nov Dec
2013: Jan Feb Mar Apr May Jun Jul Aug Sep Oct Nov Dec
2012: Jan Feb Mar Apr May Jun Jul Aug Sep Oct Nov Dec
2011: Jan Feb Mar Apr May Jun Jul Aug Sep Oct Nov Dec
2010: Jan Feb Mar Apr May Jun Jul Aug Sep Oct Nov Dec
2009: Jan Feb Mar Apr May Jun Jul Aug Sep Oct Nov Dec
2008: Jan Feb Mar Apr May Jun Jul Aug Sep Oct Nov Dec
Report for 2012 May
Monthly Climatological Summary for May 2012 Name: Garrymore Weather City: Geashill State: Offaly Elevation: 80 m Lat: N 53° 10' 05" Lon: W 007° 21' 37" Temperature (°C), Rain (mm), Wind Speed (km/h) Heat Cool Avg Mean Deg Deg Wind Dom Day Temp High Time Low Time Days Days Rain Speed High Time Dir ---------------------------------------------------------------------------------- 01 9.1 13.4 09:19 7.4 08:37 9.2 0.0 6.3 3.8 23.3 11:58 NNE 02 10.0 15.8 15:17 4.8 05:41 8.3 0.0 0.0 0.5 8.7 01:27 NNE 03 12.7 20.9 19:08 5.8 23:59 5.8 0.1 0.9 1.1 12.2 12:07 NE 04 8.6 13.3 13:37 5.0 03:12 9.7 0.0 0.0 1.7 13.3 09:28 NNW 05 7.5 15.1 16:31 0.8 05:47 10.8 0.0 0.0 1.2 15.9 12:22 NE 06 8.1 15.8 09:06 0.7 01:59 10.2 0.0 0.0 2.0 30.6 13:39 ENE 07 7.9 14.3 11:30 4.6 00:00 10.4 0.0 7.8 5.0 33.2 12:44 ESE 08 7.8 13.3 19:09 3.1 23:46 10.5 0.0 2.7 3.4 29.6 13:45 NW 09 6.9 14.5 13:05 0.3 04:25 11.4 0.0 0.0 1.5 15.9 11:19 NE 10 8.7 14.1 13:25 4.3 23:38 9.6 0.0 0.0 2.4 19.4 13:14 WNW 11 8.0 12.9 17:52 3.2 23:40 10.3 0.0 0.6 7.3 35.7 12:46 WNW 12 9.1 16.4 15:54 -0.4 05:19 9.2 0.0 0.0 3.1 22.0 13:50 W 13 9.8 16.0 14:16 3.8 05:14 8.5 0.0 0.3 8.8 45.4 13:33 S 14 9.0 15.4 11:35 4.4 23:20 9.3 0.0 2.1 8.2 54.1 18:10 W 15 7.5 14.5 15:47 1.3 03:21 10.8 0.0 0.0 6.9 30.6 18:53 WNW 16 8.7 14.5 11:46 0.8 03:26 9.6 0.0 0.0 1.5 17.2 11:47 WSW 17 9.5 15.8 11:57 5.8 05:37 8.8 0.0 0.3 1.4 14.8 14:57 ESE 18 9.0 13.8 16:32 5.8 04:09 9.3 0.0 0.3 2.1 14.8 14:39 N 19 8.5 13.6 14:52 4.0 23:59 9.8 0.0 0.0 1.4 15.9 13:00 NNE 20 10.7 18.8 13:23 2.7 01:00 7.6 0.0 0.0 0.4 9.8 11:46 SE 21 14.3 21.5 13:39 6.8 00:14 4.5 0.5 0.0 4.5 22.0 20:49 SE 22 14.3 19.6 17:16 9.3 01:00 4.1 0.1 0.0 5.7 29.6 12:24 SE 23 15.8 22.2 16:28 10.8 23:59 3.3 0.8 0.0 5.8 27.0 13:07 SE 24 19.0 29.6 19:32 7.8 04:15 3.2 3.9 0.0 1.6 18.3 00:21 ESE 25 21.1 29.5 15:03 10.6 01:52 2.2 5.0 0.0 0.8 14.8 14:46 NE 26 20.4 28.3 19:22 11.4 02:15 1.9 4.0 0.0 1.3 20.9 12:47 NE 27 20.5 29.2 15:12 9.6 05:10 2.2 4.4 0.0 1.7 27.0 16:57 ESE 28 17.8 24.2 14:29 10.4 05:06 2.4 1.9 0.0 4.4 28.2 11:53 ESE 29 15.9 22.8 08:19 9.5 05:06 3.1 0.7 0.0 3.2 18.3 03:16 SE 30 15.2 22.3 14:53 11.4 05:08 3.5 0.4 3.3 1.8 14.8 00:30 SSE 31 13.9 17.5 15:41 11.7 01:34 4.4 0.0 16.2 2.0 14.8 09:55 S ---------------------------------------------------------------------------------- 11.8 29.6 24 -0.4 12 223.9 21.8 40.8 3.1 54.1 14 SSE Max >= 27.0 4 Max <= 0.0 0 Min <= 0.0 1 Min <= -18.0 0 Max Rain: 16.2 on day 31 Days of Rain: 11 (>= 0.2 mm) 6 (>= 2.0 mm) 0 (>= 20.0 mm) Heat Base: 18.3 Cool Base: 18.3 Method: Integration