NOAA-Style Climate Reports
Select a Year or Month report
2024: Jan Feb Mar Apr May Jun Jul Aug Sep Oct Nov Dec
2023: Jan Feb Mar Apr May Jun Jul Aug Sep Oct Nov Dec
2022: Jan Feb Mar Apr May Jun Jul Aug Sep Oct Nov Dec
2021: Jan Feb Mar Apr May Jun Jul Aug Sep Oct Nov Dec
2020: Jan Feb Mar Apr May Jun Jul Aug Sep Oct Nov Dec
2019: Jan Feb Mar Apr May Jun Jul Aug Sep Oct Nov Dec
2018: Jan Feb Mar Apr May Jun Jul Aug Sep Oct Nov Dec
2017: Jan Feb Mar Apr May Jun Jul Aug Sep Oct Nov Dec
2016: Jan Feb Mar Apr May Jun Jul Aug Sep Oct Nov Dec
2015: Jan Feb Mar Apr May Jun Jul Aug Sep Oct Nov Dec
2014: Jan Feb Mar Apr May Jun Jul Aug Sep Oct Nov Dec
2013: Jan Feb Mar Apr May Jun Jul Aug Sep Oct Nov Dec
2012: Jan Feb Mar Apr May Jun Jul Aug Sep Oct Nov Dec
2011: Jan Feb Mar Apr May Jun Jul Aug Sep Oct Nov Dec
2010: Jan Feb Mar Apr May Jun Jul Aug Sep Oct Nov Dec
2009: Jan Feb Mar Apr May Jun Jul Aug Sep Oct Nov Dec
2008: Jan Feb Mar Apr May Jun Jul Aug Sep Oct Nov Dec
2024: Jan Feb Mar Apr May Jun Jul Aug Sep Oct Nov Dec
2023: Jan Feb Mar Apr May Jun Jul Aug Sep Oct Nov Dec
2022: Jan Feb Mar Apr May Jun Jul Aug Sep Oct Nov Dec
2021: Jan Feb Mar Apr May Jun Jul Aug Sep Oct Nov Dec
2020: Jan Feb Mar Apr May Jun Jul Aug Sep Oct Nov Dec
2019: Jan Feb Mar Apr May Jun Jul Aug Sep Oct Nov Dec
2018: Jan Feb Mar Apr May Jun Jul Aug Sep Oct Nov Dec
2017: Jan Feb Mar Apr May Jun Jul Aug Sep Oct Nov Dec
2016: Jan Feb Mar Apr May Jun Jul Aug Sep Oct Nov Dec
2015: Jan Feb Mar Apr May Jun Jul Aug Sep Oct Nov Dec
2014: Jan Feb Mar Apr May Jun Jul Aug Sep Oct Nov Dec
2013: Jan Feb Mar Apr May Jun Jul Aug Sep Oct Nov Dec
2012: Jan Feb Mar Apr May Jun Jul Aug Sep Oct Nov Dec
2011: Jan Feb Mar Apr May Jun Jul Aug Sep Oct Nov Dec
2010: Jan Feb Mar Apr May Jun Jul Aug Sep Oct Nov Dec
2009: Jan Feb Mar Apr May Jun Jul Aug Sep Oct Nov Dec
2008: Jan Feb Mar Apr May Jun Jul Aug Sep Oct Nov Dec
Report for 2009 March
Monthly Climatological Summary for Mar 2009 Name: Garrymore Weather City: Geashill State: Offaly Elevation: 80 m Lat: N 53° 10' 05" Lon: W 007° 21' 37" Temperature (°C), Rain (mm), Wind Speed (km/h) Heat Cool Avg Mean Deg Deg Wind Dom Day Temp High Time Low Time Days Days Rain Speed High Time Dir ---------------------------------------------------------------------------------- 01 6.2 11.4 12:16 1.6 23:52 12.1 0.0 0.3 3.8 27.8 12:45 WNW 02 6.7 11.6 14:16 0.5 02:03 11.6 0.0 0.3 3.7 25.9 11:27 WSW 03 4.2 7.8 12:03 0.0 23:57 14.1 0.0 3.0 6.4 31.5 12:01 W 04 2.1 7.1 13:22 -1.6 04:00 16.2 0.0 0.3 2.4 20.4 02:00 WNW 05 3.6 11.2 15:19 -1.5 03:01 14.7 0.0 0.9 3.9 27.8 13:28 NW 06 5.9 13.5 14:02 -1.0 00:00 12.4 0.0 0.3 3.8 27.8 16:21 WSW 07 9.1 17.2 14:42 4.7 23:31 9.2 0.0 3.3 8.7 46.3 19:07 W 08 3.6 8.8 14:47 1.1 06:45 14.7 0.0 8.1 6.9 42.6 11:49 W 09 6.6 11.6 12:29 3.2 00:00 11.7 0.0 2.7 6.2 31.5 02:01 W 10 9.0 14.8 14:20 7.3 09:00 9.3 0.0 1.5 5.0 31.5 05:44 NW 11 11.4 16.1 13:11 7.6 00:00 6.9 0.0 0.0 7.4 29.6 18:15 WSW 12 9.9 15.0 15:15 3.6 22:21 8.4 0.0 0.9 3.8 37.0 01:47 WNW 13 8.7 10.8 13:18 5.8 00:00 9.6 0.0 0.3 6.4 33.3 13:22 ESE 14 9.4 14.0 13:56 5.9 07:00 8.9 0.0 0.3 5.9 35.2 12:04 WNW 15 9.1 13.8 11:59 3.2 06:50 9.2 0.0 0.0 5.4 25.9 12:17 WSW 16 9.0 13.5 14:25 4.9 06:50 9.3 0.0 0.0 4.8 27.8 09:53 WSW 17 9.8 16.8 14:00 3.0 06:45 8.5 0.0 0.0 4.1 27.8 14:52 ESE 18 10.1 19.6 14:54 3.0 05:50 8.3 0.1 0.0 4.4 22.2 13:29 SE 19 8.7 17.9 14:07 2.4 05:18 9.6 0.0 0.0 3.8 25.9 16:10 ESE 20 7.7 14.4 15:12 1.3 03:52 10.6 0.0 0.0 4.6 31.5 10:44 SE 21 6.1 14.4 15:30 -1.1 05:11 12.2 0.0 0.0 3.7 24.1 16:22 NW 22 8.1 14.5 14:39 2.5 01:17 10.2 0.0 0.0 4.7 22.2 14:50 WNW 23 8.1 12.2 13:33 2.6 23:57 10.2 0.0 0.9 10.4 55.6 13:42 NW 24 7.1 13.1 13:46 1.4 02:46 11.2 0.0 0.3 5.4 46.3 21:39 WNW 25 9.1 12.8 14:57 6.4 05:17 9.2 0.0 0.3 12.4 57.4 09:44 NW 26 8.1 11.6 14:29 3.2 23:35 10.2 0.0 3.9 11.2 46.3 14:17 WNW 27 6.0 11.3 15:00 3.3 00:39 12.3 0.0 1.8 8.8 42.6 23:08 WNW 28 5.3 10.1 15:34 -0.6 22:39 13.0 0.0 0.0 11.3 42.6 09:00 NW 29 5.0 10.2 13:32 -0.1 02:18 13.3 0.0 0.9 6.4 42.6 13:56 SSE 30 10.2 15.2 17:48 7.2 07:22 8.1 0.0 0.0 1.1 13.0 09:55 W 31 11.2 19.2 15:11 4.6 08:01 7.1 0.0 0.0 2.9 24.1 23:16 SSE ---------------------------------------------------------------------------------- 7.6 19.6 18 -1.6 4 332.3 0.1 30.3 5.8 57.4 25 W Max >= 27.0 0 Max <= 0.0 0 Min <= 0.0 7 Min <= -18.0 0 Max Rain: 8.1 on day 8 Days of Rain: 19 (>= 0.2 mm) 5 (>= 2.0 mm) 0 (>= 20.0 mm) Heat Base: 18.3 Cool Base: 18.3 Method: Integration