NOAA-Style Climate Reports
Select a Year or Month report
2024: Jan Feb Mar Apr May Jun Jul Aug Sep Oct Nov Dec
2023: Jan Feb Mar Apr May Jun Jul Aug Sep Oct Nov Dec
2022: Jan Feb Mar Apr May Jun Jul Aug Sep Oct Nov Dec
2021: Jan Feb Mar Apr May Jun Jul Aug Sep Oct Nov Dec
2020: Jan Feb Mar Apr May Jun Jul Aug Sep Oct Nov Dec
2019: Jan Feb Mar Apr May Jun Jul Aug Sep Oct Nov Dec
2018: Jan Feb Mar Apr May Jun Jul Aug Sep Oct Nov Dec
2017: Jan Feb Mar Apr May Jun Jul Aug Sep Oct Nov Dec
2016: Jan Feb Mar Apr May Jun Jul Aug Sep Oct Nov Dec
2015: Jan Feb Mar Apr May Jun Jul Aug Sep Oct Nov Dec
2014: Jan Feb Mar Apr May Jun Jul Aug Sep Oct Nov Dec
2013: Jan Feb Mar Apr May Jun Jul Aug Sep Oct Nov Dec
2012: Jan Feb Mar Apr May Jun Jul Aug Sep Oct Nov Dec
2011: Jan Feb Mar Apr May Jun Jul Aug Sep Oct Nov Dec
2010: Jan Feb Mar Apr May Jun Jul Aug Sep Oct Nov Dec
2009: Jan Feb Mar Apr May Jun Jul Aug Sep Oct Nov Dec
2008: Jan Feb Mar Apr May Jun Jul Aug Sep Oct Nov Dec
2024: Jan Feb Mar Apr May Jun Jul Aug Sep Oct Nov Dec
2023: Jan Feb Mar Apr May Jun Jul Aug Sep Oct Nov Dec
2022: Jan Feb Mar Apr May Jun Jul Aug Sep Oct Nov Dec
2021: Jan Feb Mar Apr May Jun Jul Aug Sep Oct Nov Dec
2020: Jan Feb Mar Apr May Jun Jul Aug Sep Oct Nov Dec
2019: Jan Feb Mar Apr May Jun Jul Aug Sep Oct Nov Dec
2018: Jan Feb Mar Apr May Jun Jul Aug Sep Oct Nov Dec
2017: Jan Feb Mar Apr May Jun Jul Aug Sep Oct Nov Dec
2016: Jan Feb Mar Apr May Jun Jul Aug Sep Oct Nov Dec
2015: Jan Feb Mar Apr May Jun Jul Aug Sep Oct Nov Dec
2014: Jan Feb Mar Apr May Jun Jul Aug Sep Oct Nov Dec
2013: Jan Feb Mar Apr May Jun Jul Aug Sep Oct Nov Dec
2012: Jan Feb Mar Apr May Jun Jul Aug Sep Oct Nov Dec
2011: Jan Feb Mar Apr May Jun Jul Aug Sep Oct Nov Dec
2010: Jan Feb Mar Apr May Jun Jul Aug Sep Oct Nov Dec
2009: Jan Feb Mar Apr May Jun Jul Aug Sep Oct Nov Dec
2008: Jan Feb Mar Apr May Jun Jul Aug Sep Oct Nov Dec
Report for 2022 September
Monthly Climatological Summary for Sep 2022 Name: Garrymore Weather City: Geashill State: Offaly Elevation: 80 m Lat: N 53° 10' 02" Lon: W 007° 21' 35" Temperature (°C), Rain (mm), Wind Speed (km/h) Heat Cool Avg Mean Deg Deg Wind Dom Day Temp High Time Low Time Days Days Rain Speed High Time Dir ---------------------------------------------------------------------------------- 01 15.3 21.6 14:43 10.2 01:35 3.5 0.5 0.0 1.2 22.0 15:18 NE 02 15.1 20.7 14:11 9.7 05:11 3.6 0.4 1.0 2.5 20.2 23:48 SSW 03 12.2 14.7 18:31 10.1 04:00 6.1 0.0 14.2 1.7 16.6 00:01 S 04 15.1 20.1 15:57 10.9 07:14 3.3 0.1 17.3 6.0 33.1 14:17 SSE 05 15.1 19.9 12:49 9.1 06:40 3.4 0.1 7.4 6.9 46.1 16:11 SE 06 15.1 19.5 15:05 12.1 23:02 3.3 0.0 3.0 5.0 31.3 13:11 SE 07 15.4 19.7 15:17 12.4 00:00 2.9 0.1 8.1 3.6 34.9 17:30 SSE 08 15.6 19.5 15:46 13.7 07:25 2.7 0.1 6.6 5.3 25.6 12:13 NNE 09 15.3 19.1 16:25 13.4 23:45 3.0 0.0 7.9 7.2 27.7 08:22 WNW 10 14.8 20.8 15:08 10.6 06:22 3.7 0.3 0.3 1.6 13.0 12:16 S 11 15.2 19.9 17:07 10.3 04:24 3.3 0.2 16.5 4.9 27.7 14:20 SSE 12 15.8 17.3 00:00 10.6 23:59 2.5 0.0 2.5 4.3 23.8 16:29 NNE 13 12.1 17.9 16:57 6.7 07:15 6.2 0.0 0.3 4.3 22.0 10:25 NNE 14 11.9 16.6 15:00 6.8 05:07 6.4 0.0 0.2 5.6 23.8 11:04 NW 15 12.5 16.1 16:10 8.2 23:58 5.8 0.0 0.0 6.1 25.6 16:12 NW 16 10.8 16.8 15:20 5.3 06:54 7.5 0.0 0.0 5.0 25.6 10:44 NNW 17 9.2 16.0 17:06 3.2 06:53 9.1 0.0 0.0 2.2 13.0 10:29 NW 18 10.9 15.2 10:34 3.9 03:03 7.4 0.0 0.0 3.3 18.4 15:28 WNW 19 14.0 18.7 16:14 11.0 07:16 4.3 0.0 0.0 1.2 9.4 01:41 WSW 20 14.1 18.9 14:24 9.3 06:43 4.1 0.0 0.0 3.6 20.2 12:00 S 21 14.8 19.0 15:07 11.5 07:55 3.5 0.0 0.0 6.9 29.5 14:22 S 22 14.3 17.3 16:14 10.0 23:59 4.0 0.0 19.3 5.1 34.9 00:33 S 23 10.9 16.5 14:17 6.6 23:51 7.4 0.0 0.3 3.9 23.8 16:05 NW 24 10.8 15.6 15:05 6.3 00:56 7.3 0.0 0.0 6.4 34.9 14:46 NNW 25 11.1 14.9 14:22 5.7 06:00 7.1 0.0 0.3 5.4 36.7 23:39 W 26 11.9 14.6 00:26 9.6 08:07 6.4 0.0 0.7 14.1 46.1 01:06 NW 27 10.4 11.8 12:11 8.9 23:41 7.9 0.0 3.1 9.9 31.3 10:41 WNW 28 9.5 13.5 14:29 6.5 23:58 8.7 0.0 2.5 7.7 34.9 13:21 WNW 29 9.9 15.8 14:44 5.9 00:38 8.3 0.0 0.3 5.9 20.2 15:12 WNW 30 12.4 17.0 16:06 7.9 00:00 5.9 0.0 7.6 11.5 49.7 08:25 SSW ---------------------------------------------------------------------------------- 13.1 21.6 1 3.2 17 158.6 1.8 119.4 5.3 49.7 30 W Max >= 27.0 0 Max <= 0.0 0 Min <= 0.0 0 Min <= -18.0 0 Max Rain: 19.3 on day 22 Days of Rain: 21 (>= 0.2 mm) 13 (>= 2.0 mm) 0 (>= 20.0 mm) Heat Base: 18.3 Cool Base: 18.3 Method: Integration