NOAA-Style Climate Reports
Select a Year or Month report
2024: Jan Feb Mar Apr May Jun Jul Aug Sep Oct Nov Dec
2023: Jan Feb Mar Apr May Jun Jul Aug Sep Oct Nov Dec
2022: Jan Feb Mar Apr May Jun Jul Aug Sep Oct Nov Dec
2021: Jan Feb Mar Apr May Jun Jul Aug Sep Oct Nov Dec
2020: Jan Feb Mar Apr May Jun Jul Aug Sep Oct Nov Dec
2019: Jan Feb Mar Apr May Jun Jul Aug Sep Oct Nov Dec
2018: Jan Feb Mar Apr May Jun Jul Aug Sep Oct Nov Dec
2017: Jan Feb Mar Apr May Jun Jul Aug Sep Oct Nov Dec
2016: Jan Feb Mar Apr May Jun Jul Aug Sep Oct Nov Dec
2015: Jan Feb Mar Apr May Jun Jul Aug Sep Oct Nov Dec
2014: Jan Feb Mar Apr May Jun Jul Aug Sep Oct Nov Dec
2013: Jan Feb Mar Apr May Jun Jul Aug Sep Oct Nov Dec
2012: Jan Feb Mar Apr May Jun Jul Aug Sep Oct Nov Dec
2011: Jan Feb Mar Apr May Jun Jul Aug Sep Oct Nov Dec
2010: Jan Feb Mar Apr May Jun Jul Aug Sep Oct Nov Dec
2009: Jan Feb Mar Apr May Jun Jul Aug Sep Oct Nov Dec
2008: Jan Feb Mar Apr May Jun Jul Aug Sep Oct Nov Dec
2024: Jan Feb Mar Apr May Jun Jul Aug Sep Oct Nov Dec
2023: Jan Feb Mar Apr May Jun Jul Aug Sep Oct Nov Dec
2022: Jan Feb Mar Apr May Jun Jul Aug Sep Oct Nov Dec
2021: Jan Feb Mar Apr May Jun Jul Aug Sep Oct Nov Dec
2020: Jan Feb Mar Apr May Jun Jul Aug Sep Oct Nov Dec
2019: Jan Feb Mar Apr May Jun Jul Aug Sep Oct Nov Dec
2018: Jan Feb Mar Apr May Jun Jul Aug Sep Oct Nov Dec
2017: Jan Feb Mar Apr May Jun Jul Aug Sep Oct Nov Dec
2016: Jan Feb Mar Apr May Jun Jul Aug Sep Oct Nov Dec
2015: Jan Feb Mar Apr May Jun Jul Aug Sep Oct Nov Dec
2014: Jan Feb Mar Apr May Jun Jul Aug Sep Oct Nov Dec
2013: Jan Feb Mar Apr May Jun Jul Aug Sep Oct Nov Dec
2012: Jan Feb Mar Apr May Jun Jul Aug Sep Oct Nov Dec
2011: Jan Feb Mar Apr May Jun Jul Aug Sep Oct Nov Dec
2010: Jan Feb Mar Apr May Jun Jul Aug Sep Oct Nov Dec
2009: Jan Feb Mar Apr May Jun Jul Aug Sep Oct Nov Dec
2008: Jan Feb Mar Apr May Jun Jul Aug Sep Oct Nov Dec
Report for 2022 April
Monthly Climatological Summary for Apr 2022 Name: Garrymore Weather City: Geashill State: Offaly Elevation: 80 m Lat: N 53° 10' 02" Lon: W 007° 21' 35" Temperature (°C), Rain (mm), Wind Speed (km/h) Heat Cool Avg Mean Deg Deg Wind Dom Day Temp High Time Low Time Days Days Rain Speed High Time Dir ---------------------------------------------------------------------------------- 01 3.5 9.8 15:02 -2.6 04:25 14.8 0.0 0.0 8.4 33.1 19:23 NW 02 5.0 10.8 15:36 0.5 23:35 13.3 0.0 1.5 6.8 38.5 15:55 NNW 03 5.2 13.2 17:01 -3.4 07:08 13.1 0.0 0.2 5.1 29.5 23:36 W 04 10.4 12.6 12:39 9.1 00:00 7.9 0.0 1.6 17.6 43.9 14:54 WNW 05 9.9 12.5 13:22 8.1 08:37 8.4 0.0 0.2 13.4 42.1 08:21 W 06 8.1 11.8 13:03 5.9 05:58 10.2 0.0 4.6 12.6 56.9 18:29 SW 07 6.2 10.0 14:54 1.1 23:56 12.1 0.0 0.0 16.3 55.1 10:30 WNW 08 3.0 8.6 14:19 -1.6 06:11 15.3 0.0 0.5 7.6 38.5 14:35 NW 09 4.6 12.9 16:59 -1.2 04:24 13.7 0.0 0.0 4.9 18.4 09:22 WNW 10 6.6 11.0 17:13 -0.1 01:16 11.7 0.0 0.0 9.5 42.1 12:00 SE 11 9.0 11.3 19:15 6.8 05:51 9.3 0.0 1.5 9.2 40.3 10:51 SE 12 10.0 12.3 14:36 8.1 23:15 8.3 0.0 5.1 2.8 18.4 00:45 NE 13 10.0 15.2 14:52 6.8 07:15 5.6 0.0 0.2 2.9 20.2 11:47 SW 14 10.9 13.6 16:04 7.8 01:41 7.3 0.0 0.0 9.0 34.9 11:29 SSE 15 12.6 16.4 17:37 8.2 23:23 5.7 0.0 0.0 8.2 29.5 06:09 S 16 10.3 14.5 14:24 4.3 07:12 8.0 0.0 0.0 9.8 38.5 13:06 S 17 9.9 11.9 17:01 6.9 23:55 8.4 0.0 17.3 7.2 29.5 18:21 S 18 7.5 11.7 12:49 4.0 06:33 10.8 0.0 0.0 4.8 31.3 14:05 WSW 19 6.3 14.0 15:38 -0.6 06:28 12.0 0.0 0.8 2.9 23.8 15:54 WNW 20 7.5 15.8 16:43 -0.1 05:44 9.1 0.0 0.2 4.1 25.6 17:12 SSE 21 10.1 17.6 14:37 2.6 04:47 8.2 0.0 0.0 4.4 25.6 14:20 ENE 22 10.1 14.8 16:53 6.3 06:54 8.2 0.0 0.0 8.4 33.1 19:19 NE 23 10.0 14.5 12:51 4.8 05:00 8.3 0.0 0.0 9.8 40.3 12:11 NE 24 9.8 14.8 15:34 5.9 06:05 8.5 0.0 0.0 7.8 33.1 11:37 NE 25 8.3 13.5 14:25 2.6 06:32 10.0 0.0 0.0 4.0 23.8 14:17 NE 26 7.4 14.7 12:41 -1.1 06:24 10.9 0.0 0.0 2.7 23.8 15:19 ESE 27 8.0 14.7 11:31 0.8 05:01 10.3 0.0 0.0 2.0 31.3 13:13 NE 28 8.7 13.6 15:09 3.4 06:00 9.6 0.0 0.0 2.4 14.8 14:03 SE 29 9.7 17.0 16:03 2.1 06:05 8.6 0.0 0.0 1.8 11.2 00:00 N 30 10.1 12.3 15:47 8.3 06:03 8.2 0.0 11.7 4.1 22.0 18:01 SSW ---------------------------------------------------------------------------------- 8.3 17.6 21 -3.4 3 295.8 0.0 45.4 7.1 56.9 6 WSW Max >= 27.0 0 Max <= 0.0 0 Min <= 0.0 8 Min <= -18.0 0 Max Rain: 17.3 on day 17 Days of Rain: 13 (>= 0.2 mm) 4 (>= 2.0 mm) 0 (>= 20.0 mm) Heat Base: 18.3 Cool Base: 18.3 Method: Integration