NOAA-Style Climate Reports
Select a Year or Month report
2024: Jan Feb Mar Apr May Jun Jul Aug Sep Oct Nov Dec
2023: Jan Feb Mar Apr May Jun Jul Aug Sep Oct Nov Dec
2022: Jan Feb Mar Apr May Jun Jul Aug Sep Oct Nov Dec
2021: Jan Feb Mar Apr May Jun Jul Aug Sep Oct Nov Dec
2020: Jan Feb Mar Apr May Jun Jul Aug Sep Oct Nov Dec
2019: Jan Feb Mar Apr May Jun Jul Aug Sep Oct Nov Dec
2018: Jan Feb Mar Apr May Jun Jul Aug Sep Oct Nov Dec
2017: Jan Feb Mar Apr May Jun Jul Aug Sep Oct Nov Dec
2016: Jan Feb Mar Apr May Jun Jul Aug Sep Oct Nov Dec
2015: Jan Feb Mar Apr May Jun Jul Aug Sep Oct Nov Dec
2014: Jan Feb Mar Apr May Jun Jul Aug Sep Oct Nov Dec
2013: Jan Feb Mar Apr May Jun Jul Aug Sep Oct Nov Dec
2012: Jan Feb Mar Apr May Jun Jul Aug Sep Oct Nov Dec
2011: Jan Feb Mar Apr May Jun Jul Aug Sep Oct Nov Dec
2010: Jan Feb Mar Apr May Jun Jul Aug Sep Oct Nov Dec
2009: Jan Feb Mar Apr May Jun Jul Aug Sep Oct Nov Dec
2008: Jan Feb Mar Apr May Jun Jul Aug Sep Oct Nov Dec
2024: Jan Feb Mar Apr May Jun Jul Aug Sep Oct Nov Dec
2023: Jan Feb Mar Apr May Jun Jul Aug Sep Oct Nov Dec
2022: Jan Feb Mar Apr May Jun Jul Aug Sep Oct Nov Dec
2021: Jan Feb Mar Apr May Jun Jul Aug Sep Oct Nov Dec
2020: Jan Feb Mar Apr May Jun Jul Aug Sep Oct Nov Dec
2019: Jan Feb Mar Apr May Jun Jul Aug Sep Oct Nov Dec
2018: Jan Feb Mar Apr May Jun Jul Aug Sep Oct Nov Dec
2017: Jan Feb Mar Apr May Jun Jul Aug Sep Oct Nov Dec
2016: Jan Feb Mar Apr May Jun Jul Aug Sep Oct Nov Dec
2015: Jan Feb Mar Apr May Jun Jul Aug Sep Oct Nov Dec
2014: Jan Feb Mar Apr May Jun Jul Aug Sep Oct Nov Dec
2013: Jan Feb Mar Apr May Jun Jul Aug Sep Oct Nov Dec
2012: Jan Feb Mar Apr May Jun Jul Aug Sep Oct Nov Dec
2011: Jan Feb Mar Apr May Jun Jul Aug Sep Oct Nov Dec
2010: Jan Feb Mar Apr May Jun Jul Aug Sep Oct Nov Dec
2009: Jan Feb Mar Apr May Jun Jul Aug Sep Oct Nov Dec
2008: Jan Feb Mar Apr May Jun Jul Aug Sep Oct Nov Dec
Report for 2021 July
Monthly Climatological Summary for Jul 2021 Name: Garrymore Weather City: Geashill State: Offaly Elevation: 80 m Lat: N 53° 10' 02" Lon: W 007° 21' 35" Temperature (°C), Rain (mm), Wind Speed (km/h) Heat Cool Avg Mean Deg Deg Wind Dom Day Temp High Time Low Time Days Days Rain Speed High Time Dir ---------------------------------------------------------------------------------- 01 15.6 23.1 12:23 7.9 05:00 3.8 1.1 0.0 3.6 20.2 16:54 WNW 02 14.6 21.1 14:35 9.6 03:54 3.7 0.1 0.0 4.3 29.5 16:23 S 03 15.3 20.3 15:12 12.3 04:17 3.1 0.0 11.4 4.2 22.0 13:15 SSE 04 15.2 19.2 12:48 12.6 22:42 3.2 0.0 9.9 5.1 27.7 16:03 SSW 05 13.5 19.1 15:29 8.7 05:49 4.7 0.0 0.8 5.3 23.8 11:23 S 06 14.0 18.0 12:47 11.2 04:36 4.3 0.0 6.3 5.8 31.3 15:35 WNW 07 15.6 19.8 17:29 12.5 02:06 2.8 0.1 1.3 6.2 27.7 19:37 NW 08 14.8 17.2 15:42 13.0 05:43 3.5 0.0 0.0 3.0 13.0 00:24 WNW 09 14.9 17.5 14:48 13.3 05:01 3.4 0.0 0.0 4.3 22.0 14:52 SSE 10 16.4 20.8 16:11 13.2 05:34 2.3 0.4 0.0 5.5 22.0 17:04 SSE 11 15.0 17.2 13:21 13.4 05:35 3.3 0.0 8.4 3.9 23.8 16:11 SE 12 16.6 21.6 17:48 12.8 05:24 2.2 0.5 0.0 2.9 16.6 18:23 NNW 13 16.1 19.5 18:57 13.3 23:54 2.3 0.1 0.0 4.5 18.4 12:55 WNW 14 17.1 22.5 18:55 12.8 07:44 1.9 0.8 0.5 5.9 23.8 07:24 WNW 15 18.2 23.2 16:21 14.3 05:40 1.4 1.4 0.0 4.4 16.6 00:33 NW 16 20.3 26.3 17:49 15.4 06:31 0.8 2.8 0.0 3.7 16.6 00:49 NW 17 22.2 30.5 18:14 13.9 05:29 0.9 4.9 0.0 1.2 13.0 13:05 NNW 18 22.4 29.3 17:23 14.4 05:54 0.6 4.6 0.0 2.7 20.2 12:52 S 19 21.8 30.3 18:05 14.1 03:42 1.0 4.5 0.0 2.0 14.8 10:43 S 20 22.1 30.5 16:35 14.6 05:45 0.8 4.5 0.0 2.1 16.6 11:19 S 21 23.0 31.2 16:56 15.2 05:39 0.5 5.1 0.0 3.5 18.4 18:03 S 22 23.0 31.1 15:00 15.0 06:01 0.5 5.2 0.0 2.1 20.2 12:09 SSE 23 21.0 28.9 12:15 14.3 05:49 0.8 3.5 0.0 1.2 18.4 12:28 NNE 24 18.4 24.7 15:48 12.4 23:55 1.5 1.6 0.0 2.7 29.5 12:08 NNE 25 18.8 27.5 16:46 9.2 06:11 2.7 3.2 0.0 3.1 18.4 12:41 NW 26 16.1 18.4 17:17 14.2 03:02 2.2 0.0 0.0 4.3 18.4 10:35 WNW 27 14.8 17.6 19:25 12.6 23:55 3.5 0.0 4.3 5.0 31.3 14:19 WNW 28 13.1 16.5 11:07 11.3 21:59 4.4 0.0 8.2 7.1 38.5 18:49 W 29 14.5 19.2 16:20 10.7 05:43 3.8 0.0 0.0 5.5 22.0 09:54 WNW 30 14.5 18.0 15:46 12.3 05:30 3.8 0.0 3.8 7.5 31.3 17:09 NW 31 15.4 19.5 14:50 13.1 02:02 2.9 0.1 0.0 5.1 22.0 15:02 WNW ---------------------------------------------------------------------------------- 17.2 31.2 21 7.9 1 76.6 44.5 54.9 4.1 38.5 28 W Max >= 27.0 8 Max <= 0.0 0 Min <= 0.0 0 Min <= -18.0 0 Max Rain: 11.4 on day 3 Days of Rain: 10 (>= 0.2 mm) 7 (>= 2.0 mm) 0 (>= 20.0 mm) Heat Base: 18.3 Cool Base: 18.3 Method: Integration