NOAA-Style Climate Reports
Select a Year or Month report
2024: Jan Feb Mar Apr May Jun Jul Aug Sep Oct Nov Dec
2023: Jan Feb Mar Apr May Jun Jul Aug Sep Oct Nov Dec
2022: Jan Feb Mar Apr May Jun Jul Aug Sep Oct Nov Dec
2021: Jan Feb Mar Apr May Jun Jul Aug Sep Oct Nov Dec
2020: Jan Feb Mar Apr May Jun Jul Aug Sep Oct Nov Dec
2019: Jan Feb Mar Apr May Jun Jul Aug Sep Oct Nov Dec
2018: Jan Feb Mar Apr May Jun Jul Aug Sep Oct Nov Dec
2017: Jan Feb Mar Apr May Jun Jul Aug Sep Oct Nov Dec
2016: Jan Feb Mar Apr May Jun Jul Aug Sep Oct Nov Dec
2015: Jan Feb Mar Apr May Jun Jul Aug Sep Oct Nov Dec
2014: Jan Feb Mar Apr May Jun Jul Aug Sep Oct Nov Dec
2013: Jan Feb Mar Apr May Jun Jul Aug Sep Oct Nov Dec
2012: Jan Feb Mar Apr May Jun Jul Aug Sep Oct Nov Dec
2011: Jan Feb Mar Apr May Jun Jul Aug Sep Oct Nov Dec
2010: Jan Feb Mar Apr May Jun Jul Aug Sep Oct Nov Dec
2009: Jan Feb Mar Apr May Jun Jul Aug Sep Oct Nov Dec
2008: Jan Feb Mar Apr May Jun Jul Aug Sep Oct Nov Dec
2024: Jan Feb Mar Apr May Jun Jul Aug Sep Oct Nov Dec
2023: Jan Feb Mar Apr May Jun Jul Aug Sep Oct Nov Dec
2022: Jan Feb Mar Apr May Jun Jul Aug Sep Oct Nov Dec
2021: Jan Feb Mar Apr May Jun Jul Aug Sep Oct Nov Dec
2020: Jan Feb Mar Apr May Jun Jul Aug Sep Oct Nov Dec
2019: Jan Feb Mar Apr May Jun Jul Aug Sep Oct Nov Dec
2018: Jan Feb Mar Apr May Jun Jul Aug Sep Oct Nov Dec
2017: Jan Feb Mar Apr May Jun Jul Aug Sep Oct Nov Dec
2016: Jan Feb Mar Apr May Jun Jul Aug Sep Oct Nov Dec
2015: Jan Feb Mar Apr May Jun Jul Aug Sep Oct Nov Dec
2014: Jan Feb Mar Apr May Jun Jul Aug Sep Oct Nov Dec
2013: Jan Feb Mar Apr May Jun Jul Aug Sep Oct Nov Dec
2012: Jan Feb Mar Apr May Jun Jul Aug Sep Oct Nov Dec
2011: Jan Feb Mar Apr May Jun Jul Aug Sep Oct Nov Dec
2010: Jan Feb Mar Apr May Jun Jul Aug Sep Oct Nov Dec
2009: Jan Feb Mar Apr May Jun Jul Aug Sep Oct Nov Dec
2008: Jan Feb Mar Apr May Jun Jul Aug Sep Oct Nov Dec
Report for 2021 April
Monthly Climatological Summary for Apr 2021 Name: Garrymore Weather City: Geashill State: Offaly Elevation: 80 m Lat: N 53° 10' 05" Lon: W 007° 21' 37" Temperature (°C), Rain (mm), Wind Speed (km/h) Heat Cool Avg Mean Deg Deg Wind Dom Day Temp High Time Low Time Days Days Rain Speed High Time Dir ---------------------------------------------------------------------------------- 01 8.3 12.5 14:41 4.6 23:52 10.0 0.0 0.0 8.5 30.6 15:24 NNW 02 7.6 14.1 18:06 2.6 23:58 10.7 0.0 0.0 6.8 29.6 14:53 N 03 6.9 16.3 15:32 -1.5 05:56 11.4 0.0 0.0 2.6 20.9 16:37 N 04 6.0 13.0 14:30 -1.7 06:56 12.3 0.0 0.0 7.5 29.6 14:47 W 05 4.3 7.3 00:00 -1.1 23:52 14.0 0.0 0.3 12.7 37.8 11:12 NW 06 2.7 8.2 16:41 -2.2 03:23 15.6 0.0 0.0 11.0 40.4 16:11 NW 07 4.7 10.8 16:02 -1.5 05:32 13.6 0.0 1.5 6.2 29.6 00:36 WNW 08 6.9 11.3 15:57 3.4 03:44 11.4 0.0 0.3 8.5 34.3 13:26 SW 09 4.6 9.2 12:05 -0.4 23:57 13.7 0.0 4.5 5.2 46.1 02:38 NNW 10 1.3 8.2 14:26 -4.4 06:55 17.0 0.0 0.6 5.6 34.3 17:28 NW 11 3.0 8.3 16:05 -2.9 06:57 15.3 0.0 1.2 7.7 28.2 14:35 WNW 12 6.1 11.3 15:49 2.7 05:17 12.2 0.0 4.2 5.4 25.6 14:12 WNW 13 7.0 15.3 17:22 -0.7 07:11 11.3 0.0 0.0 2.3 14.8 13:07 NW 14 6.8 15.3 14:11 -1.8 06:40 11.5 0.0 17.4 1.7 23.3 13:26 E 15 6.1 14.0 14:32 -2.6 06:46 12.2 0.0 0.0 5.0 27.0 19:36 SSE 16 6.2 11.2 12:02 -0.4 06:45 12.1 0.0 0.3 8.0 36.7 11:30 S 17 7.5 13.0 14:08 2.2 00:52 10.8 0.0 0.0 10.0 39.3 14:11 SSE 18 7.9 10.2 12:48 5.7 02:07 10.4 0.0 0.9 8.2 29.6 16:56 SSE 19 7.8 10.6 16:20 4.9 05:10 10.5 0.0 1.5 5.7 28.2 13:33 SSE 20 8.4 11.4 17:10 6.0 06:04 9.9 0.0 1.8 3.5 17.2 19:30 NNE 21 10.6 17.9 15:15 4.5 06:18 7.7 0.0 0.0 4.5 20.9 18:11 NE 22 8.8 16.8 15:48 1.2 06:23 9.5 0.0 0.0 4.3 33.2 12:23 SE 23 8.2 16.4 16:04 -1.1 06:07 10.1 0.0 0.0 4.8 29.6 16:11 ESE 24 10.3 18.5 17:15 1.4 06:39 8.0 0.0 0.0 4.9 29.6 12:18 ESE 25 9.3 17.8 16:00 0.0 06:11 9.0 0.0 0.0 3.8 29.6 12:11 NE 26 9.3 17.9 16:25 -1.1 06:26 9.0 0.0 0.0 3.6 23.3 23:59 NW 27 8.6 13.4 15:34 6.6 06:38 9.7 0.0 0.9 9.9 34.3 16:23 NNW 28 7.7 13.0 16:08 5.1 04:57 10.6 0.0 0.3 11.9 37.8 09:12 N 29 7.1 13.6 17:40 1.3 06:23 11.2 0.0 0.9 4.0 27.0 13:13 NNW 30 7.4 13.8 17:30 1.0 06:28 10.9 0.0 0.3 2.5 20.9 15:53 NNE ---------------------------------------------------------------------------------- 6.9 18.5 24 -4.4 10 341.6 0.0 36.9 6.2 46.1 9 NW Max >= 27.0 0 Max <= 0.0 0 Min <= 0.0 15 Min <= -18.0 0 Max Rain: 17.4 on day 14 Days of Rain: 16 (>= 0.2 mm) 3 (>= 2.0 mm) 0 (>= 20.0 mm) Heat Base: 18.3 Cool Base: 18.3 Method: Integration