NOAA-Style Climate Reports
Select a Year or Month report
2024: Jan Feb Mar Apr May Jun Jul Aug Sep Oct Nov Dec
2023: Jan Feb Mar Apr May Jun Jul Aug Sep Oct Nov Dec
2022: Jan Feb Mar Apr May Jun Jul Aug Sep Oct Nov Dec
2021: Jan Feb Mar Apr May Jun Jul Aug Sep Oct Nov Dec
2020: Jan Feb Mar Apr May Jun Jul Aug Sep Oct Nov Dec
2019: Jan Feb Mar Apr May Jun Jul Aug Sep Oct Nov Dec
2018: Jan Feb Mar Apr May Jun Jul Aug Sep Oct Nov Dec
2017: Jan Feb Mar Apr May Jun Jul Aug Sep Oct Nov Dec
2016: Jan Feb Mar Apr May Jun Jul Aug Sep Oct Nov Dec
2015: Jan Feb Mar Apr May Jun Jul Aug Sep Oct Nov Dec
2014: Jan Feb Mar Apr May Jun Jul Aug Sep Oct Nov Dec
2013: Jan Feb Mar Apr May Jun Jul Aug Sep Oct Nov Dec
2012: Jan Feb Mar Apr May Jun Jul Aug Sep Oct Nov Dec
2011: Jan Feb Mar Apr May Jun Jul Aug Sep Oct Nov Dec
2010: Jan Feb Mar Apr May Jun Jul Aug Sep Oct Nov Dec
2009: Jan Feb Mar Apr May Jun Jul Aug Sep Oct Nov Dec
2008: Jan Feb Mar Apr May Jun Jul Aug Sep Oct Nov Dec
2024: Jan Feb Mar Apr May Jun Jul Aug Sep Oct Nov Dec
2023: Jan Feb Mar Apr May Jun Jul Aug Sep Oct Nov Dec
2022: Jan Feb Mar Apr May Jun Jul Aug Sep Oct Nov Dec
2021: Jan Feb Mar Apr May Jun Jul Aug Sep Oct Nov Dec
2020: Jan Feb Mar Apr May Jun Jul Aug Sep Oct Nov Dec
2019: Jan Feb Mar Apr May Jun Jul Aug Sep Oct Nov Dec
2018: Jan Feb Mar Apr May Jun Jul Aug Sep Oct Nov Dec
2017: Jan Feb Mar Apr May Jun Jul Aug Sep Oct Nov Dec
2016: Jan Feb Mar Apr May Jun Jul Aug Sep Oct Nov Dec
2015: Jan Feb Mar Apr May Jun Jul Aug Sep Oct Nov Dec
2014: Jan Feb Mar Apr May Jun Jul Aug Sep Oct Nov Dec
2013: Jan Feb Mar Apr May Jun Jul Aug Sep Oct Nov Dec
2012: Jan Feb Mar Apr May Jun Jul Aug Sep Oct Nov Dec
2011: Jan Feb Mar Apr May Jun Jul Aug Sep Oct Nov Dec
2010: Jan Feb Mar Apr May Jun Jul Aug Sep Oct Nov Dec
2009: Jan Feb Mar Apr May Jun Jul Aug Sep Oct Nov Dec
2008: Jan Feb Mar Apr May Jun Jul Aug Sep Oct Nov Dec
Report for 2021 March
Monthly Climatological Summary for Mar 2021 Name: Garrymore Weather City: Geashill State: Offaly Elevation: 80 m Lat: N 53° 10' 05" Lon: W 007° 21' 37" Temperature (°C), Rain (mm), Wind Speed (km/h) Heat Cool Avg Mean Deg Deg Wind Dom Day Temp High Time Low Time Days Days Rain Speed High Time Dir ---------------------------------------------------------------------------------- 01 4.1 13.1 14:31 -2.2 02:10 14.2 0.0 0.3 2.4 18.3 14:32 NNE 02 3.8 8.8 16:21 -1.0 02:07 14.5 0.0 0.0 2.2 14.8 14:12 NNE 03 3.2 3.9 12:32 2.3 00:46 15.1 0.0 0.0 5.1 15.9 07:22 NNW 04 3.4 5.6 13:40 1.2 23:57 14.9 0.0 0.0 3.9 20.9 04:03 N 05 3.5 8.6 12:42 -0.1 00:48 14.8 0.0 0.0 3.7 20.9 11:54 E 06 3.0 7.4 13:42 -0.1 04:56 15.3 0.0 0.0 4.5 23.3 11:26 SE 07 4.8 13.2 15:12 -2.6 06:40 13.5 0.0 0.0 2.4 91.9 12:29 SSE 08 5.9 10.5 14:08 1.5 06:42 12.4 0.0 0.0 6.9 23.3 13:22 SE 09 7.2 9.0 12:22 5.6 02:27 11.1 0.0 53.4 38.9 91.9 00:01 SE 10 8.2 12.1 15:10 6.2 06:47 10.1 0.0 45.3 11.9 61.3 18:56 SSE 11 5.3 8.4 02:12 2.6 10:34 13.0 0.0 132.0 19.4 91.9 12:30 S 12 4.4 8.0 14:04 0.7 11:50 13.9 0.0 14.4 15.7 91.9 03:26 SE 13 4.0 7.1 11:45 1.1 08:29 14.3 0.0 104.1 16.4 60.2 18:26 SSW 14 6.8 10.3 15:10 3.5 06:05 11.5 0.0 9.9 12.5 39.3 10:20 SSW 15 9.6 14.4 15:30 6.6 03:37 8.7 0.0 0.9 6.9 34.3 01:17 SSW 16 9.9 14.8 16:40 4.0 23:48 8.4 0.0 0.6 5.7 25.6 03:35 WSW 17 6.1 13.3 15:44 -0.4 07:26 12.2 0.0 0.3 6.0 28.2 13:09 SW 18 8.7 11.2 15:34 7.0 06:28 9.6 0.0 0.0 5.0 29.6 19:23 SW 19 7.9 12.0 14:18 3.5 23:11 10.4 0.0 0.0 5.6 28.2 00:23 WNW 20 7.6 11.2 13:52 3.7 00:00 10.7 0.0 0.0 7.0 27.0 15:18 SW 21 8.4 11.3 13:04 6.6 00:05 9.9 0.0 0.0 5.9 20.9 11:30 SW 22 7.8 9.4 14:44 6.4 07:32 10.5 0.0 0.0 5.8 25.6 13:42 ESE 23 7.7 11.3 15:59 4.8 23:32 10.6 0.0 1.8 10.4 43.0 10:59 ESE 24 6.6 11.0 14:07 2.7 06:47 11.7 0.0 1.2 10.5 43.0 13:45 ESE 25 7.5 12.0 14:46 3.9 00:00 10.8 0.0 2.4 12.8 39.3 23:44 ESE 26 4.2 7.7 12:59 1.3 21:41 14.1 0.0 79.5 12.3 46.5 13:33 SSE 27 5.9 9.6 12:27 1.2 03:22 12.4 0.0 31.8 15.0 55.2 20:22 ESE 28 11.2 15.2 14:08 9.0 00:00 7.1 0.0 38.1 17.5 74.6 14:27 ESE 29 12.4 15.8 17:00 10.8 23:46 5.9 0.0 0.0 16.4 41.9 20:54 ESE 30 11.7 16.6 15:20 7.1 23:58 6.6 0.0 0.0 8.3 27.0 08:24 ESE 31 9.3 15.8 17:36 4.0 03:12 9.0 0.0 0.0 2.4 14.8 14:59 NW ---------------------------------------------------------------------------------- 6.8 16.6 30 -2.6 7 357.2 0.0 516.0 9.7 91.9 7 SSE Max >= 27.0 0 Max <= 0.0 0 Min <= 0.0 6 Min <= -18.0 0 Max Rain: 132.0 on day 11 Days of Rain: 16 (>= 0.2 mm) 10 (>= 2.0 mm) 7 (>= 20.0 mm) Heat Base: 18.3 Cool Base: 18.3 Method: Integration