NOAA-Style Climate Reports
Select a Year or Month report
2024: Jan Feb Mar Apr May Jun Jul Aug Sep Oct Nov Dec
2023: Jan Feb Mar Apr May Jun Jul Aug Sep Oct Nov Dec
2022: Jan Feb Mar Apr May Jun Jul Aug Sep Oct Nov Dec
2021: Jan Feb Mar Apr May Jun Jul Aug Sep Oct Nov Dec
2020: Jan Feb Mar Apr May Jun Jul Aug Sep Oct Nov Dec
2019: Jan Feb Mar Apr May Jun Jul Aug Sep Oct Nov Dec
2018: Jan Feb Mar Apr May Jun Jul Aug Sep Oct Nov Dec
2017: Jan Feb Mar Apr May Jun Jul Aug Sep Oct Nov Dec
2016: Jan Feb Mar Apr May Jun Jul Aug Sep Oct Nov Dec
2015: Jan Feb Mar Apr May Jun Jul Aug Sep Oct Nov Dec
2014: Jan Feb Mar Apr May Jun Jul Aug Sep Oct Nov Dec
2013: Jan Feb Mar Apr May Jun Jul Aug Sep Oct Nov Dec
2012: Jan Feb Mar Apr May Jun Jul Aug Sep Oct Nov Dec
2011: Jan Feb Mar Apr May Jun Jul Aug Sep Oct Nov Dec
2010: Jan Feb Mar Apr May Jun Jul Aug Sep Oct Nov Dec
2009: Jan Feb Mar Apr May Jun Jul Aug Sep Oct Nov Dec
2008: Jan Feb Mar Apr May Jun Jul Aug Sep Oct Nov Dec
2024: Jan Feb Mar Apr May Jun Jul Aug Sep Oct Nov Dec
2023: Jan Feb Mar Apr May Jun Jul Aug Sep Oct Nov Dec
2022: Jan Feb Mar Apr May Jun Jul Aug Sep Oct Nov Dec
2021: Jan Feb Mar Apr May Jun Jul Aug Sep Oct Nov Dec
2020: Jan Feb Mar Apr May Jun Jul Aug Sep Oct Nov Dec
2019: Jan Feb Mar Apr May Jun Jul Aug Sep Oct Nov Dec
2018: Jan Feb Mar Apr May Jun Jul Aug Sep Oct Nov Dec
2017: Jan Feb Mar Apr May Jun Jul Aug Sep Oct Nov Dec
2016: Jan Feb Mar Apr May Jun Jul Aug Sep Oct Nov Dec
2015: Jan Feb Mar Apr May Jun Jul Aug Sep Oct Nov Dec
2014: Jan Feb Mar Apr May Jun Jul Aug Sep Oct Nov Dec
2013: Jan Feb Mar Apr May Jun Jul Aug Sep Oct Nov Dec
2012: Jan Feb Mar Apr May Jun Jul Aug Sep Oct Nov Dec
2011: Jan Feb Mar Apr May Jun Jul Aug Sep Oct Nov Dec
2010: Jan Feb Mar Apr May Jun Jul Aug Sep Oct Nov Dec
2009: Jan Feb Mar Apr May Jun Jul Aug Sep Oct Nov Dec
2008: Jan Feb Mar Apr May Jun Jul Aug Sep Oct Nov Dec
Report for 2020 November
Monthly Climatological Summary for Nov 2020 Name: Garrymore Weather City: Geashill State: Offaly Elevation: 80 m Lat: N 53° 10' 05" Lon: W 007° 21' 37" Temperature (°C), Rain (mm), Wind Speed (km/h) Heat Cool Avg Mean Deg Deg Wind Dom Day Temp High Time Low Time Days Days Rain Speed High Time Dir ---------------------------------------------------------------------------------- 01 9.5 13.7 17:23 5.7 23:20 8.8 0.0 3.0 28.1 91.9 03:13 WNW 02 6.1 9.0 11:34 3.1 23:49 12.2 0.0 0.3 7.4 43.9 15:32 SW 03 5.5 10.2 14:02 2.2 23:55 12.8 0.0 0.0 8.6 29.6 04:35 WNW 04 4.8 9.8 15:32 0.9 03:49 13.5 0.0 0.0 6.9 91.9 01:13 NW 05 5.5 9.5 13:16 0.3 02:16 12.8 0.0 0.0 18.9 91.9 08:36 SSE 06 7.2 12.5 11:56 1.6 21:10 11.1 0.0 0.0 39.6 91.9 00:00 SE 07 6.8 11.0 14:16 0.5 01:19 11.5 0.0 0.0 33.9 91.9 04:13 NE 08 11.4 14.6 14:22 9.6 00:00 6.9 0.0 0.3 2.6 30.6 18:15 SE 09 11.6 14.6 13:16 9.0 23:40 6.7 0.0 0.0 6.4 91.9 01:54 ESE 10 9.8 11.2 23:46 8.4 03:30 8.5 0.0 2.1 5.9 91.9 13:22 S 11 10.6 12.3 12:06 6.9 23:58 7.7 0.0 13.8 3.0 91.9 21:12 NNW 12 8.0 11.1 11:49 5.1 06:13 10.3 0.0 0.3 8.7 51.5 19:45 SSE 13 6.6 8.6 14:09 3.2 07:46 11.7 0.0 0.3 9.4 91.9 11:38 S 14 9.3 12.4 13:29 7.8 00:00 9.0 0.0 2.1 11.7 61.3 15:46 SSE 15 7.9 9.4 20:19 5.9 09:35 10.4 0.0 0.9 6.9 43.9 12:20 SSW 16 9.1 12.9 19:44 6.1 02:30 9.2 0.0 0.3 25.7 91.9 13:40 SSE 17 12.4 14.2 11:54 11.5 05:51 5.9 0.0 0.0 11.0 91.9 02:20 S 18 9.1 12.2 00:14 7.0 16:09 9.2 0.0 21.3 15.9 91.9 06:32 SW 19 4.9 7.2 00:00 3.1 08:21 13.4 0.0 1.2 15.9 91.9 07:54 WSW 20 9.7 11.6 11:32 5.6 00:00 8.6 0.0 1.5 13.5 91.9 04:12 S 21 8.7 11.6 11:58 4.8 23:59 9.6 0.0 3.9 15.5 91.9 00:57 SSW 22 3.8 9.7 13:16 -0.3 06:20 14.5 0.0 0.0 14.8 91.9 20:38 S 23 7.1 11.1 15:15 1.2 02:01 11.2 0.0 0.3 18.7 91.9 00:00 SSE 24 8.0 11.5 13:20 3.9 20:49 10.3 0.0 22.2 25.2 91.9 00:01 S 25 3.8 8.0 15:02 -1.0 07:39 14.5 0.0 0.0 27.1 91.9 00:00 S 26 4.6 7.4 14:06 1.5 02:26 13.7 0.0 0.0 2.6 91.9 02:42 NW 27 2.3 8.9 13:13 -1.2 06:43 16.0 0.0 0.0 1.0 9.8 13:20 ESE 28 4.5 7.9 14:56 -1.1 00:22 13.8 0.0 0.0 2.0 12.2 12:53 NNE 29 6.5 8.0 13:05 4.2 03:45 11.8 0.0 0.0 0.1 2.6 00:00 NNE 30 7.8 9.7 12:57 4.7 02:08 10.5 0.0 4.5 0.0 3.5 10:43 NW ---------------------------------------------------------------------------------- 7.4 14.6 8 -1.2 27 326.1 0.0 78.3 12.9 91.9 1 S Max >= 27.0 0 Max <= 0.0 0 Min <= 0.0 4 Min <= -18.0 0 Max Rain: 22.2 on day 24 Days of Rain: 17 (>= 0.2 mm) 8 (>= 2.0 mm) 2 (>= 20.0 mm) Heat Base: 18.3 Cool Base: 18.3 Method: Integration