NOAA-Style Climate Reports
Select a Year or Month report
2024: Jan Feb Mar Apr May Jun Jul Aug Sep Oct Nov Dec
2023: Jan Feb Mar Apr May Jun Jul Aug Sep Oct Nov Dec
2022: Jan Feb Mar Apr May Jun Jul Aug Sep Oct Nov Dec
2021: Jan Feb Mar Apr May Jun Jul Aug Sep Oct Nov Dec
2020: Jan Feb Mar Apr May Jun Jul Aug Sep Oct Nov Dec
2019: Jan Feb Mar Apr May Jun Jul Aug Sep Oct Nov Dec
2018: Jan Feb Mar Apr May Jun Jul Aug Sep Oct Nov Dec
2017: Jan Feb Mar Apr May Jun Jul Aug Sep Oct Nov Dec
2016: Jan Feb Mar Apr May Jun Jul Aug Sep Oct Nov Dec
2015: Jan Feb Mar Apr May Jun Jul Aug Sep Oct Nov Dec
2014: Jan Feb Mar Apr May Jun Jul Aug Sep Oct Nov Dec
2013: Jan Feb Mar Apr May Jun Jul Aug Sep Oct Nov Dec
2012: Jan Feb Mar Apr May Jun Jul Aug Sep Oct Nov Dec
2011: Jan Feb Mar Apr May Jun Jul Aug Sep Oct Nov Dec
2010: Jan Feb Mar Apr May Jun Jul Aug Sep Oct Nov Dec
2009: Jan Feb Mar Apr May Jun Jul Aug Sep Oct Nov Dec
2008: Jan Feb Mar Apr May Jun Jul Aug Sep Oct Nov Dec
2024: Jan Feb Mar Apr May Jun Jul Aug Sep Oct Nov Dec
2023: Jan Feb Mar Apr May Jun Jul Aug Sep Oct Nov Dec
2022: Jan Feb Mar Apr May Jun Jul Aug Sep Oct Nov Dec
2021: Jan Feb Mar Apr May Jun Jul Aug Sep Oct Nov Dec
2020: Jan Feb Mar Apr May Jun Jul Aug Sep Oct Nov Dec
2019: Jan Feb Mar Apr May Jun Jul Aug Sep Oct Nov Dec
2018: Jan Feb Mar Apr May Jun Jul Aug Sep Oct Nov Dec
2017: Jan Feb Mar Apr May Jun Jul Aug Sep Oct Nov Dec
2016: Jan Feb Mar Apr May Jun Jul Aug Sep Oct Nov Dec
2015: Jan Feb Mar Apr May Jun Jul Aug Sep Oct Nov Dec
2014: Jan Feb Mar Apr May Jun Jul Aug Sep Oct Nov Dec
2013: Jan Feb Mar Apr May Jun Jul Aug Sep Oct Nov Dec
2012: Jan Feb Mar Apr May Jun Jul Aug Sep Oct Nov Dec
2011: Jan Feb Mar Apr May Jun Jul Aug Sep Oct Nov Dec
2010: Jan Feb Mar Apr May Jun Jul Aug Sep Oct Nov Dec
2009: Jan Feb Mar Apr May Jun Jul Aug Sep Oct Nov Dec
2008: Jan Feb Mar Apr May Jun Jul Aug Sep Oct Nov Dec
Report for 2020 September
Monthly Climatological Summary for Sep 2020 Name: Garrymore Weather City: Geashill State: Offaly Elevation: 80 m Lat: N 53° 10' 05" Lon: W 007° 21' 37" Temperature (°C), Rain (mm), Wind Speed (km/h) Heat Cool Avg Mean Deg Deg Wind Dom Day Temp High Time Low Time Days Days Rain Speed High Time Dir ---------------------------------------------------------------------------------- 01 14.3 17.7 14:18 12.2 00:00 4.0 0.0 0.0 11.7 91.9 12:04 S 02 16.1 20.6 17:15 12.8 04:40 2.5 0.3 15.9 7.7 91.9 21:17 S 03 14.3 17.9 15:08 10.8 23:31 4.0 0.0 1.2 7.0 34.3 15:38 SSW 04 12.8 17.8 14:03 8.6 04:27 5.5 0.0 1.2 7.0 33.2 17:10 WSW 05 12.3 17.2 13:59 9.1 02:52 6.0 0.0 2.4 6.2 27.0 12:48 W 06 13.6 17.8 15:56 11.3 00:00 4.7 0.0 1.2 3.8 91.9 12:18 WNW 07 14.6 17.7 16:19 11.6 00:00 3.7 0.0 5.4 6.0 91.9 11:42 SW 08 17.8 23.1 13:43 14.0 04:34 1.3 0.8 0.6 5.5 29.6 13:06 SSW 09 13.5 17.0 00:00 8.4 07:24 4.8 0.0 4.2 4.2 27.0 11:23 NW 10 12.0 14.8 13:41 10.0 07:13 6.3 0.0 0.0 4.2 23.3 23:34 S 11 11.9 14.7 15:13 10.3 23:53 6.4 0.0 0.6 11.0 91.9 14:28 S 12 13.7 18.0 13:15 9.5 00:50 4.6 0.0 13.5 11.7 91.9 00:19 S 13 16.8 21.4 14:26 13.5 22:05 2.2 0.7 0.6 11.4 68.9 09:25 S 14 16.2 21.2 12:21 13.4 06:02 2.5 0.4 0.3 3.3 22.0 12:06 SSE 15 17.4 23.4 13:11 12.8 06:23 2.2 1.3 0.3 2.1 20.9 11:15 S 16 17.3 25.5 12:35 12.2 01:23 2.5 1.6 0.0 1.2 15.9 14:42 ENE 17 16.1 24.1 14:50 11.4 03:14 3.4 1.2 0.0 1.1 15.9 16:04 ESE 18 12.7 18.8 13:27 8.1 23:39 5.6 0.0 0.0 2.6 29.6 17:32 ENE 19 11.2 16.4 16:05 7.3 07:09 7.1 0.0 0.0 2.7 27.0 14:25 ENE 20 12.9 21.2 15:51 5.0 23:47 5.9 0.5 0.0 3.8 91.9 09:31 E 21 10.9 18.8 15:44 3.7 01:28 7.4 0.0 0.0 2.7 19.4 16:34 NW 22 13.2 17.7 14:30 10.3 23:52 5.1 0.0 0.0 10.0 91.9 22:27 SW 23 9.2 14.7 13:56 3.3 23:29 9.1 0.0 0.0 2.9 91.9 09:12 NW 24 7.0 9.3 18:47 3.6 00:00 11.3 0.0 0.0 8.4 50.0 15:19 NNE 25 7.0 12.7 15:20 2.8 23:53 11.3 0.0 0.3 7.3 37.8 10:53 NW 26 5.9 13.4 18:06 0.1 05:42 12.4 0.0 0.0 10.6 91.9 06:12 NW 27 7.9 16.4 15:58 -1.8 07:26 10.4 0.0 0.0 5.9 91.9 09:52 S 28 12.6 18.7 14:35 6.5 23:57 5.7 0.0 0.0 6.0 91.9 05:38 SW 29 8.6 15.0 14:40 2.0 07:02 9.7 0.0 0.0 6.8 91.9 22:23 SSE 30 10.5 14.2 11:39 4.7 23:57 7.8 0.0 0.0 3.9 35.7 14:00 WNW ---------------------------------------------------------------------------------- 12.7 25.5 16 -1.8 27 175.4 6.8 47.7 6.0 91.9 1 SSW Max >= 27.0 0 Max <= 0.0 0 Min <= 0.0 1 Min <= -18.0 0 Max Rain: 15.9 on day 2 Days of Rain: 14 (>= 0.2 mm) 5 (>= 2.0 mm) 0 (>= 20.0 mm) Heat Base: 18.3 Cool Base: 18.3 Method: Integration