NOAA-Style Climate Reports
Select a Year or Month report
2024: Jan Feb Mar Apr May Jun Jul Aug Sep Oct Nov Dec
2023: Jan Feb Mar Apr May Jun Jul Aug Sep Oct Nov Dec
2022: Jan Feb Mar Apr May Jun Jul Aug Sep Oct Nov Dec
2021: Jan Feb Mar Apr May Jun Jul Aug Sep Oct Nov Dec
2020: Jan Feb Mar Apr May Jun Jul Aug Sep Oct Nov Dec
2019: Jan Feb Mar Apr May Jun Jul Aug Sep Oct Nov Dec
2018: Jan Feb Mar Apr May Jun Jul Aug Sep Oct Nov Dec
2017: Jan Feb Mar Apr May Jun Jul Aug Sep Oct Nov Dec
2016: Jan Feb Mar Apr May Jun Jul Aug Sep Oct Nov Dec
2015: Jan Feb Mar Apr May Jun Jul Aug Sep Oct Nov Dec
2014: Jan Feb Mar Apr May Jun Jul Aug Sep Oct Nov Dec
2013: Jan Feb Mar Apr May Jun Jul Aug Sep Oct Nov Dec
2012: Jan Feb Mar Apr May Jun Jul Aug Sep Oct Nov Dec
2011: Jan Feb Mar Apr May Jun Jul Aug Sep Oct Nov Dec
2010: Jan Feb Mar Apr May Jun Jul Aug Sep Oct Nov Dec
2009: Jan Feb Mar Apr May Jun Jul Aug Sep Oct Nov Dec
2008: Jan Feb Mar Apr May Jun Jul Aug Sep Oct Nov Dec
2024: Jan Feb Mar Apr May Jun Jul Aug Sep Oct Nov Dec
2023: Jan Feb Mar Apr May Jun Jul Aug Sep Oct Nov Dec
2022: Jan Feb Mar Apr May Jun Jul Aug Sep Oct Nov Dec
2021: Jan Feb Mar Apr May Jun Jul Aug Sep Oct Nov Dec
2020: Jan Feb Mar Apr May Jun Jul Aug Sep Oct Nov Dec
2019: Jan Feb Mar Apr May Jun Jul Aug Sep Oct Nov Dec
2018: Jan Feb Mar Apr May Jun Jul Aug Sep Oct Nov Dec
2017: Jan Feb Mar Apr May Jun Jul Aug Sep Oct Nov Dec
2016: Jan Feb Mar Apr May Jun Jul Aug Sep Oct Nov Dec
2015: Jan Feb Mar Apr May Jun Jul Aug Sep Oct Nov Dec
2014: Jan Feb Mar Apr May Jun Jul Aug Sep Oct Nov Dec
2013: Jan Feb Mar Apr May Jun Jul Aug Sep Oct Nov Dec
2012: Jan Feb Mar Apr May Jun Jul Aug Sep Oct Nov Dec
2011: Jan Feb Mar Apr May Jun Jul Aug Sep Oct Nov Dec
2010: Jan Feb Mar Apr May Jun Jul Aug Sep Oct Nov Dec
2009: Jan Feb Mar Apr May Jun Jul Aug Sep Oct Nov Dec
2008: Jan Feb Mar Apr May Jun Jul Aug Sep Oct Nov Dec
Report for 2020 April
Monthly Climatological Summary for Apr 2020 Name: Garrymore Weather City: Geashill State: Offaly Elevation: 80 m Lat: N 53° 10' 05" Lon: W 007° 21' 37" Temperature (°C), Rain (mm), Wind Speed (km/h) Heat Cool Avg Mean Deg Deg Wind Dom Day Temp High Time Low Time Days Days Rain Speed High Time Dir ---------------------------------------------------------------------------------- 01 6.6 9.6 15:58 4.1 06:21 11.7 0.0 0.0 7.9 27.0 16:14 NNW 02 7.8 12.7 16:37 5.0 23:56 10.5 0.0 3.0 8.7 33.2 12:56 NW 03 8.0 12.4 16:04 4.8 00:09 10.3 0.0 0.6 4.7 25.6 14:35 W 04 8.4 12.4 15:36 4.9 07:31 9.9 0.0 3.9 10.9 49.1 15:27 S 05 9.9 14.6 12:11 6.6 00:21 8.4 0.0 58.5 16.2 55.2 12:20 S 06 8.6 13.3 17:26 2.7 23:57 9.7 0.0 0.3 8.9 34.3 14:08 SW 07 7.7 14.1 15:38 0.0 06:04 10.6 0.0 0.3 9.8 37.8 11:21 S 08 9.9 18.8 17:18 0.0 06:54 8.4 0.0 0.0 5.3 24.4 13:11 S 09 11.7 20.5 13:06 2.7 05:20 6.9 0.3 0.0 3.2 24.4 14:49 SE 10 13.2 19.1 15:54 8.0 06:55 5.1 0.1 0.0 3.0 20.9 14:38 S 11 13.6 20.5 17:42 8.0 23:59 4.9 0.3 0.0 4.6 22.0 11:07 WNW 12 8.1 9.8 17:43 6.2 11:00 10.2 0.0 13.5 9.3 31.7 14:55 NNE 13 7.6 11.9 15:39 0.5 23:56 10.7 0.0 0.0 9.1 39.3 11:05 ENE 14 6.6 15.5 17:23 -3.5 06:51 11.7 0.0 0.0 5.3 25.6 10:16 S 15 9.6 20.2 18:07 -0.9 06:37 8.9 0.2 0.0 2.8 24.4 15:14 ESE 16 10.0 19.3 17:08 2.7 02:01 8.4 0.0 0.0 6.7 28.2 14:17 NE 17 11.8 20.0 14:36 7.1 04:13 6.6 0.1 0.3 4.4 25.6 16:16 ENE 18 9.0 11.3 17:24 7.5 23:58 9.3 0.0 1.8 3.7 17.2 08:03 E 19 10.0 15.3 14:01 6.0 23:58 8.3 0.0 0.6 4.5 33.2 14:13 SE 20 9.5 16.4 13:51 0.7 05:59 8.8 0.0 0.0 5.0 30.6 12:05 ENE 21 10.7 18.3 17:48 3.4 05:54 7.6 0.0 0.0 6.6 33.2 11:22 ENE 22 11.5 18.0 13:19 6.0 05:01 6.8 0.0 0.0 5.7 25.6 12:30 ENE 23 12.1 20.7 17:11 4.5 06:06 6.5 0.3 0.0 3.0 17.2 12:52 NE 24 13.6 23.6 13:27 5.2 05:56 5.5 0.8 0.0 2.0 17.2 14:24 E 25 14.6 24.1 14:21 6.8 07:27 4.8 1.1 0.0 2.2 17.2 23:36 ESE 26 9.3 12.6 00:00 7.2 23:51 9.0 0.0 0.0 5.0 18.3 00:11 NNE 27 9.3 17.1 16:49 2.2 06:32 9.0 0.0 0.0 3.3 19.4 11:47 NNW 28 1.8 9.1 08:59 -0.7 06:02 6.2 0.0 0.0 0.3 27.0 00:31 ESE ---------------------------------------------------------------------------------- 9.7 24.1 25 -3.5 14 234.7 3.2 82.8 5.9 55.2 5 ESE Max >= 27.0 0 Max <= 0.0 0 Min <= 0.0 5 Min <= -18.0 0 Max Rain: 58.5 on day 5 Days of Rain: 10 (>= 0.2 mm) 4 (>= 2.0 mm) 1 (>= 20.0 mm) Heat Base: 18.3 Cool Base: 18.3 Method: Integration