NOAA-Style Climate Reports
Select a Year or Month report
2024: Jan Feb Mar Apr May Jun Jul Aug Sep Oct Nov Dec
2023: Jan Feb Mar Apr May Jun Jul Aug Sep Oct Nov Dec
2022: Jan Feb Mar Apr May Jun Jul Aug Sep Oct Nov Dec
2021: Jan Feb Mar Apr May Jun Jul Aug Sep Oct Nov Dec
2020: Jan Feb Mar Apr May Jun Jul Aug Sep Oct Nov Dec
2019: Jan Feb Mar Apr May Jun Jul Aug Sep Oct Nov Dec
2018: Jan Feb Mar Apr May Jun Jul Aug Sep Oct Nov Dec
2017: Jan Feb Mar Apr May Jun Jul Aug Sep Oct Nov Dec
2016: Jan Feb Mar Apr May Jun Jul Aug Sep Oct Nov Dec
2015: Jan Feb Mar Apr May Jun Jul Aug Sep Oct Nov Dec
2014: Jan Feb Mar Apr May Jun Jul Aug Sep Oct Nov Dec
2013: Jan Feb Mar Apr May Jun Jul Aug Sep Oct Nov Dec
2012: Jan Feb Mar Apr May Jun Jul Aug Sep Oct Nov Dec
2011: Jan Feb Mar Apr May Jun Jul Aug Sep Oct Nov Dec
2010: Jan Feb Mar Apr May Jun Jul Aug Sep Oct Nov Dec
2009: Jan Feb Mar Apr May Jun Jul Aug Sep Oct Nov Dec
2008: Jan Feb Mar Apr May Jun Jul Aug Sep Oct Nov Dec
2024: Jan Feb Mar Apr May Jun Jul Aug Sep Oct Nov Dec
2023: Jan Feb Mar Apr May Jun Jul Aug Sep Oct Nov Dec
2022: Jan Feb Mar Apr May Jun Jul Aug Sep Oct Nov Dec
2021: Jan Feb Mar Apr May Jun Jul Aug Sep Oct Nov Dec
2020: Jan Feb Mar Apr May Jun Jul Aug Sep Oct Nov Dec
2019: Jan Feb Mar Apr May Jun Jul Aug Sep Oct Nov Dec
2018: Jan Feb Mar Apr May Jun Jul Aug Sep Oct Nov Dec
2017: Jan Feb Mar Apr May Jun Jul Aug Sep Oct Nov Dec
2016: Jan Feb Mar Apr May Jun Jul Aug Sep Oct Nov Dec
2015: Jan Feb Mar Apr May Jun Jul Aug Sep Oct Nov Dec
2014: Jan Feb Mar Apr May Jun Jul Aug Sep Oct Nov Dec
2013: Jan Feb Mar Apr May Jun Jul Aug Sep Oct Nov Dec
2012: Jan Feb Mar Apr May Jun Jul Aug Sep Oct Nov Dec
2011: Jan Feb Mar Apr May Jun Jul Aug Sep Oct Nov Dec
2010: Jan Feb Mar Apr May Jun Jul Aug Sep Oct Nov Dec
2009: Jan Feb Mar Apr May Jun Jul Aug Sep Oct Nov Dec
2008: Jan Feb Mar Apr May Jun Jul Aug Sep Oct Nov Dec
Report for 2020 February
Monthly Climatological Summary for Feb 2020 Name: Garrymore Weather City: Geashill State: Offaly Elevation: 80 m Lat: N 53° 10' 05" Lon: W 007° 21' 37" Temperature (°C), Rain (mm), Wind Speed (km/h) Heat Cool Avg Mean Deg Deg Wind Dom Day Temp High Time Low Time Days Days Rain Speed High Time Dir ---------------------------------------------------------------------------------- 01 7.4 10.2 13:41 5.1 20:31 10.9 0.0 56.1 13.5 56.3 10:58 WSW 02 7.1 11.1 12:58 3.9 02:50 11.2 0.0 18.0 13.6 91.9 15:57 SSW 03 5.1 8.2 13:32 2.9 20:20 13.2 0.0 7.8 17.0 91.9 04:41 WNW 04 3.9 8.8 15:19 -1.6 23:51 14.4 0.0 4.2 9.9 43.0 07:23 NW 05 2.5 9.1 16:04 -2.3 02:25 15.8 0.0 0.0 3.7 24.4 15:16 S 06 3.5 8.3 13:54 -1.0 04:03 14.8 0.0 0.0 5.2 30.6 18:13 SSE 07 6.4 9.7 15:32 2.7 00:00 11.9 0.0 5.1 15.6 91.9 23:53 S 08 5.5 10.0 23:16 0.5 06:09 12.8 0.0 330.9 21.9 91.9 00:00 S 09 8.3 11.4 10:31 3.8 23:55 10.0 0.0 258.3 20.6 91.9 19:53 WSW 10 2.3 4.2 08:03 0.5 15:34 16.0 0.0 85.8 16.2 91.9 02:28 W 11 1.5 4.1 12:19 0.0 05:27 16.8 0.0 22.2 15.7 91.9 01:59 W 12 3.2 6.5 14:14 0.0 04:55 15.1 0.0 2.7 12.5 91.9 01:44 SSW 13 4.0 6.8 11:54 1.6 07:40 14.3 0.0 1.8 7.0 34.3 01:34 W 14 7.0 11.4 12:32 2.2 00:00 11.3 0.0 7.8 12.8 48.0 06:47 SSW 15 7.7 10.2 13:12 3.7 00:00 10.6 0.0 375.9 22.9 68.5 10:35 S 16 4.3 6.9 13:12 2.5 22:04 14.0 0.0 105.9 21.3 68.5 21:51 SSW 17 4.6 8.0 12:32 2.5 22:29 13.7 0.0 32.4 13.8 43.0 12:58 SW 18 3.8 7.2 10:57 1.8 01:49 14.5 0.0 12.0 11.9 49.1 09:19 SW 19 5.9 9.3 15:44 1.7 03:56 12.4 0.0 1.2 13.0 37.8 12:11 S 20 5.0 8.8 01:16 2.4 08:57 13.2 0.0 35.4 12.0 46.5 14:34 WSW 21 7.8 10.9 13:25 3.2 00:09 10.5 0.0 4.8 19.9 48.0 13:38 SSW 22 6.4 10.8 00:24 4.5 17:39 11.9 0.0 85.2 14.4 55.2 00:18 WSW 23 5.1 7.4 12:14 2.9 23:12 13.2 0.0 10.5 6.5 31.7 07:22 WNW 24 6.6 11.1 08:02 2.8 20:40 11.7 0.0 227.7 13.5 64.8 10:30 W 25 1.8 4.3 14:36 -0.4 19:01 16.5 0.0 21.6 10.6 46.5 18:09 W 26 2.7 8.3 07:36 0.0 02:02 15.6 0.0 3.6 8.5 34.3 04:50 W 27 3.1 9.1 15:42 -1.0 07:10 15.2 0.0 0.0 7.5 36.7 12:08 WNW 28 7.8 13.2 14:55 2.2 01:40 10.5 0.0 15.0 10.1 54.1 22:41 S 29 2.9 5.6 00:00 0.0 07:46 15.4 0.0 325.8 20.7 74.6 13:52 SSW ---------------------------------------------------------------------------------- 4.9 13.2 28 -2.3 5 387.4 0.02057.7 13.5 91.9 2 SW Max >= 27.0 0 Max <= 0.0 0 Min <= 0.0 9 Min <= -18.0 0 Max Rain: 375.9 on day 15 Days of Rain: 26 (>= 0.2 mm) 24 (>= 2.0 mm) 13 (>= 20.0 mm) Heat Base: 18.3 Cool Base: 18.3 Method: Integration