NOAA-Style Climate Reports
Select a Year or Month report
2024: Jan Feb Mar Apr May Jun Jul Aug Sep Oct Nov Dec
2023: Jan Feb Mar Apr May Jun Jul Aug Sep Oct Nov Dec
2022: Jan Feb Mar Apr May Jun Jul Aug Sep Oct Nov Dec
2021: Jan Feb Mar Apr May Jun Jul Aug Sep Oct Nov Dec
2020: Jan Feb Mar Apr May Jun Jul Aug Sep Oct Nov Dec
2019: Jan Feb Mar Apr May Jun Jul Aug Sep Oct Nov Dec
2018: Jan Feb Mar Apr May Jun Jul Aug Sep Oct Nov Dec
2017: Jan Feb Mar Apr May Jun Jul Aug Sep Oct Nov Dec
2016: Jan Feb Mar Apr May Jun Jul Aug Sep Oct Nov Dec
2015: Jan Feb Mar Apr May Jun Jul Aug Sep Oct Nov Dec
2014: Jan Feb Mar Apr May Jun Jul Aug Sep Oct Nov Dec
2013: Jan Feb Mar Apr May Jun Jul Aug Sep Oct Nov Dec
2012: Jan Feb Mar Apr May Jun Jul Aug Sep Oct Nov Dec
2011: Jan Feb Mar Apr May Jun Jul Aug Sep Oct Nov Dec
2010: Jan Feb Mar Apr May Jun Jul Aug Sep Oct Nov Dec
2009: Jan Feb Mar Apr May Jun Jul Aug Sep Oct Nov Dec
2008: Jan Feb Mar Apr May Jun Jul Aug Sep Oct Nov Dec
2024: Jan Feb Mar Apr May Jun Jul Aug Sep Oct Nov Dec
2023: Jan Feb Mar Apr May Jun Jul Aug Sep Oct Nov Dec
2022: Jan Feb Mar Apr May Jun Jul Aug Sep Oct Nov Dec
2021: Jan Feb Mar Apr May Jun Jul Aug Sep Oct Nov Dec
2020: Jan Feb Mar Apr May Jun Jul Aug Sep Oct Nov Dec
2019: Jan Feb Mar Apr May Jun Jul Aug Sep Oct Nov Dec
2018: Jan Feb Mar Apr May Jun Jul Aug Sep Oct Nov Dec
2017: Jan Feb Mar Apr May Jun Jul Aug Sep Oct Nov Dec
2016: Jan Feb Mar Apr May Jun Jul Aug Sep Oct Nov Dec
2015: Jan Feb Mar Apr May Jun Jul Aug Sep Oct Nov Dec
2014: Jan Feb Mar Apr May Jun Jul Aug Sep Oct Nov Dec
2013: Jan Feb Mar Apr May Jun Jul Aug Sep Oct Nov Dec
2012: Jan Feb Mar Apr May Jun Jul Aug Sep Oct Nov Dec
2011: Jan Feb Mar Apr May Jun Jul Aug Sep Oct Nov Dec
2010: Jan Feb Mar Apr May Jun Jul Aug Sep Oct Nov Dec
2009: Jan Feb Mar Apr May Jun Jul Aug Sep Oct Nov Dec
2008: Jan Feb Mar Apr May Jun Jul Aug Sep Oct Nov Dec
Report for 2019 November
Monthly Climatological Summary for Nov 2019 Name: Garrymore Weather City: Geashill State: Offaly Elevation: 80 m Lat: N 53° 10' 05" Lon: W 007° 21' 37" Temperature (°C), Rain (mm), Wind Speed (km/h) Heat Cool Avg Mean Deg Deg Wind Dom Day Temp High Time Low Time Days Days Rain Speed High Time Dir ---------------------------------------------------------------------------------- 01 12.0 12.9 12:38 9.1 23:56 6.3 0.0 0.0 6.5 31.7 19:24 S 02 8.1 9.7 13:10 5.7 07:21 10.2 0.0 0.0 6.8 49.1 22:27 WSW 03 6.8 9.2 13:54 5.0 05:55 11.5 0.0 0.0 2.6 15.9 16:06 SW 04 6.4 8.8 14:13 3.9 01:55 11.9 0.0 0.0 6.4 33.2 14:16 N 05 7.8 12.2 13:26 2.3 23:45 10.5 0.0 0.0 7.2 33.2 00:14 NNW 06 4.7 7.8 12:55 1.6 00:53 13.6 0.0 0.0 4.0 30.6 18:56 SSW 07 4.7 6.1 11:31 2.5 04:10 13.6 0.0 0.0 7.9 36.7 12:26 N 08 4.0 11.5 13:52 -0.3 08:01 14.3 0.0 0.0 2.6 20.9 03:36 NNW 09 5.5 8.3 12:51 2.2 00:00 12.8 0.0 0.0 11.5 48.0 13:44 NW 10 3.0 6.2 11:23 -1.6 08:04 15.3 0.0 25.8 6.5 46.5 21:15 S 11 4.5 7.8 13:11 2.4 23:47 13.8 0.0 6.6 10.3 39.3 13:17 WNW 12 4.1 8.2 14:07 2.0 23:56 14.2 0.0 0.3 13.3 41.9 12:49 NW 13 1.9 4.6 10:48 -0.1 17:12 16.4 0.0 22.5 7.0 91.9 16:21 ENE 14 3.4 6.0 13:37 1.1 21:19 14.9 0.0 0.6 14.8 43.9 12:33 N 15 2.6 6.8 13:20 -1.0 04:40 15.7 0.0 0.0 7.8 33.2 12:07 NNW 16 1.4 4.5 13:23 -0.9 07:04 16.9 0.0 0.0 3.7 14.8 00:10 NW 17 3.3 6.2 12:06 -0.6 23:53 15.0 0.0 0.0 5.6 34.3 13:34 NNW 18 1.7 8.7 14:41 -4.2 08:32 16.6 0.0 0.0 2.0 15.9 23:33 ESE 19 6.0 10.5 13:36 0.4 23:56 12.3 0.0 0.6 5.9 37.8 09:25 SSE 20 5.6 9.7 11:39 0.5 00:03 12.6 0.0 5.4 8.5 41.9 20:30 SE 21 6.0 6.9 03:23 4.8 19:56 12.3 0.0 5.7 7.3 39.3 02:57 ESE 22 5.4 8.3 14:42 2.7 19:09 12.9 0.0 2.7 5.3 19.4 02:53 NE 23 6.7 7.9 11:15 4.8 00:07 11.6 0.0 8.7 8.5 27.0 11:41 N 24 7.1 8.4 23:40 6.0 06:14 11.2 0.0 1.8 3.9 25.6 23:47 SE 25 9.6 11.2 13:44 7.9 23:34 8.7 0.0 3.0 4.6 25.6 00:08 SE 26 7.9 10.2 14:04 5.7 23:59 10.4 0.0 6.0 7.7 43.0 13:59 SE 27 6.6 8.5 14:52 5.0 02:28 11.7 0.0 1.8 3.8 11.1 03:19 NNW 28 6.8 8.4 13:31 4.4 23:54 11.5 0.0 0.9 3.4 15.9 14:42 NNW 29 2.8 8.6 14:55 -1.0 22:37 15.5 0.0 0.0 1.8 11.1 01:13 ENE 30 4.2 9.4 12:31 -0.7 00:00 14.1 0.0 0.3 5.6 23.3 17:00 ENE ---------------------------------------------------------------------------------- 5.4 12.9 1 -4.2 18 388.3 0.0 92.7 6.4 91.9 13 N Max >= 27.0 0 Max <= 0.0 0 Min <= 0.0 9 Min <= -18.0 0 Max Rain: 25.8 on day 10 Days of Rain: 16 (>= 0.2 mm) 9 (>= 2.0 mm) 2 (>= 20.0 mm) Heat Base: 18.3 Cool Base: 18.3 Method: Integration