NOAA-Style Climate Reports
Select a Year or Month report
2024: Jan Feb Mar Apr May Jun Jul Aug Sep Oct Nov Dec
2023: Jan Feb Mar Apr May Jun Jul Aug Sep Oct Nov Dec
2022: Jan Feb Mar Apr May Jun Jul Aug Sep Oct Nov Dec
2021: Jan Feb Mar Apr May Jun Jul Aug Sep Oct Nov Dec
2020: Jan Feb Mar Apr May Jun Jul Aug Sep Oct Nov Dec
2019: Jan Feb Mar Apr May Jun Jul Aug Sep Oct Nov Dec
2018: Jan Feb Mar Apr May Jun Jul Aug Sep Oct Nov Dec
2017: Jan Feb Mar Apr May Jun Jul Aug Sep Oct Nov Dec
2016: Jan Feb Mar Apr May Jun Jul Aug Sep Oct Nov Dec
2015: Jan Feb Mar Apr May Jun Jul Aug Sep Oct Nov Dec
2014: Jan Feb Mar Apr May Jun Jul Aug Sep Oct Nov Dec
2013: Jan Feb Mar Apr May Jun Jul Aug Sep Oct Nov Dec
2012: Jan Feb Mar Apr May Jun Jul Aug Sep Oct Nov Dec
2011: Jan Feb Mar Apr May Jun Jul Aug Sep Oct Nov Dec
2010: Jan Feb Mar Apr May Jun Jul Aug Sep Oct Nov Dec
2009: Jan Feb Mar Apr May Jun Jul Aug Sep Oct Nov Dec
2008: Jan Feb Mar Apr May Jun Jul Aug Sep Oct Nov Dec
2024: Jan Feb Mar Apr May Jun Jul Aug Sep Oct Nov Dec
2023: Jan Feb Mar Apr May Jun Jul Aug Sep Oct Nov Dec
2022: Jan Feb Mar Apr May Jun Jul Aug Sep Oct Nov Dec
2021: Jan Feb Mar Apr May Jun Jul Aug Sep Oct Nov Dec
2020: Jan Feb Mar Apr May Jun Jul Aug Sep Oct Nov Dec
2019: Jan Feb Mar Apr May Jun Jul Aug Sep Oct Nov Dec
2018: Jan Feb Mar Apr May Jun Jul Aug Sep Oct Nov Dec
2017: Jan Feb Mar Apr May Jun Jul Aug Sep Oct Nov Dec
2016: Jan Feb Mar Apr May Jun Jul Aug Sep Oct Nov Dec
2015: Jan Feb Mar Apr May Jun Jul Aug Sep Oct Nov Dec
2014: Jan Feb Mar Apr May Jun Jul Aug Sep Oct Nov Dec
2013: Jan Feb Mar Apr May Jun Jul Aug Sep Oct Nov Dec
2012: Jan Feb Mar Apr May Jun Jul Aug Sep Oct Nov Dec
2011: Jan Feb Mar Apr May Jun Jul Aug Sep Oct Nov Dec
2010: Jan Feb Mar Apr May Jun Jul Aug Sep Oct Nov Dec
2009: Jan Feb Mar Apr May Jun Jul Aug Sep Oct Nov Dec
2008: Jan Feb Mar Apr May Jun Jul Aug Sep Oct Nov Dec
Report for 2019 September
Monthly Climatological Summary for Sep 2019 Name: Garrymore Weather City: Geashill State: Offaly Elevation: 80 m Lat: N 53° 10' 05" Lon: W 007° 21' 37" Temperature (°C), Rain (mm), Wind Speed (km/h) Heat Cool Avg Mean Deg Deg Wind Dom Day Temp High Time Low Time Days Days Rain Speed High Time Dir ---------------------------------------------------------------------------------- 01 11.9 17.0 16:22 8.1 02:50 6.4 0.0 0.0 5.4 24.1 16:37 W 02 9.0 10.3 00:00 8.9 02:05 9.3 0.0 0.9 7.3 32.4 14:50 SSW 03 9.0 16.5 23:46 9.0 00:00 9.3 0.0 0.3 8.4 28.9 16:07 SSW 04 9.0 9.0 00:00 9.0 00:00 9.3 0.0 86.1 27.1 91.9 19:11 NNW 05 12.7 19.6 12:19 9.0 00:00 5.6 0.0 0.3 43.6 92.6 10:03 N 06 14.0 18.4 16:37 11.1 23:44 4.3 0.0 0.6 9.1 31.7 13:23 W 07 13.1 18.4 16:05 10.3 23:59 5.2 0.0 0.0 4.4 19.4 00:19 NW 08 12.2 17.8 14:49 5.1 06:21 6.1 0.0 3.0 4.8 22.0 12:51 S 09 11.8 15.7 13:17 6.5 23:58 6.5 0.0 5.1 7.8 33.2 12:48 NNW 10 10.6 15.2 13:09 4.6 06:00 7.7 0.0 0.6 7.9 40.4 18:39 S 11 15.0 18.4 15:33 11.3 23:49 3.3 0.0 1.5 7.8 31.7 01:32 SW 12 13.7 19.5 13:10 7.2 23:36 4.7 0.1 3.0 7.8 33.2 09:15 SSW 13 11.3 21.1 17:21 3.1 07:27 7.2 0.2 0.0 1.6 14.8 13:17 NW 14 13.3 21.2 15:54 5.4 06:50 5.4 0.3 0.0 6.0 24.4 10:48 S 15 15.1 18.8 13:59 13.1 09:27 3.2 0.0 1.2 4.7 22.0 15:41 SW 16 12.0 14.5 00:00 7.0 23:12 6.3 0.0 0.9 3.5 17.2 12:30 NNE 17 11.3 20.9 17:49 4.5 07:01 7.3 0.2 0.3 1.4 17.2 14:23 N 18 12.3 23.0 16:46 3.7 06:47 6.8 0.8 0.0 1.2 14.8 12:32 SSE 19 13.6 24.6 17:34 4.8 06:30 5.9 1.2 0.0 2.1 18.3 12:01 SSE 20 12.3 19.6 15:33 5.7 04:23 6.1 0.1 0.9 4.2 37.8 15:39 SE 21 14.5 19.2 11:29 10.8 03:29 3.9 0.1 3.0 5.5 35.7 12:30 SE 22 13.8 15.3 01:28 10.5 23:51 4.5 0.0 14.1 3.5 28.2 17:39 SW 23 11.6 15.4 19:39 6.9 07:11 6.7 0.0 4.5 5.3 34.3 19:37 SSE 24 14.7 18.0 16:50 10.5 23:57 3.6 0.0 0.3 5.8 34.3 16:36 S 25 14.0 18.4 13:19 10.1 00:41 4.3 0.0 1.8 5.9 28.2 23:16 SSW 26 12.2 16.0 15:08 9.8 23:52 6.1 0.0 2.4 11.2 40.4 14:16 SSW 27 12.1 16.5 15:10 9.6 00:11 6.2 0.0 4.8 9.2 28.2 13:12 SSW 28 12.6 15.5 13:48 9.7 21:21 5.7 0.0 9.3 7.6 28.2 02:42 SSW 29 11.6 16.7 17:00 7.0 23:58 6.7 0.0 5.1 7.5 30.6 04:36 N 30 8.7 11.3 17:48 5.7 04:02 9.5 0.0 7.2 1.4 18.3 14:33 ESE ---------------------------------------------------------------------------------- 12.3 24.6 19 3.1 13 183.1 3.0 157.2 7.6 92.6 5 WSW Max >= 27.0 0 Max <= 0.0 0 Min <= 0.0 0 Min <= -18.0 0 Max Rain: 86.1 on day 4 Days of Rain: 24 (>= 0.2 mm) 12 (>= 2.0 mm) 1 (>= 20.0 mm) Heat Base: 18.3 Cool Base: 18.3 Method: Integration