NOAA-Style Climate Reports
Select a Year or Month report
2024: Jan Feb Mar Apr May Jun Jul Aug Sep Oct Nov Dec
2023: Jan Feb Mar Apr May Jun Jul Aug Sep Oct Nov Dec
2022: Jan Feb Mar Apr May Jun Jul Aug Sep Oct Nov Dec
2021: Jan Feb Mar Apr May Jun Jul Aug Sep Oct Nov Dec
2020: Jan Feb Mar Apr May Jun Jul Aug Sep Oct Nov Dec
2019: Jan Feb Mar Apr May Jun Jul Aug Sep Oct Nov Dec
2018: Jan Feb Mar Apr May Jun Jul Aug Sep Oct Nov Dec
2017: Jan Feb Mar Apr May Jun Jul Aug Sep Oct Nov Dec
2016: Jan Feb Mar Apr May Jun Jul Aug Sep Oct Nov Dec
2015: Jan Feb Mar Apr May Jun Jul Aug Sep Oct Nov Dec
2014: Jan Feb Mar Apr May Jun Jul Aug Sep Oct Nov Dec
2013: Jan Feb Mar Apr May Jun Jul Aug Sep Oct Nov Dec
2012: Jan Feb Mar Apr May Jun Jul Aug Sep Oct Nov Dec
2011: Jan Feb Mar Apr May Jun Jul Aug Sep Oct Nov Dec
2010: Jan Feb Mar Apr May Jun Jul Aug Sep Oct Nov Dec
2009: Jan Feb Mar Apr May Jun Jul Aug Sep Oct Nov Dec
2008: Jan Feb Mar Apr May Jun Jul Aug Sep Oct Nov Dec
2024: Jan Feb Mar Apr May Jun Jul Aug Sep Oct Nov Dec
2023: Jan Feb Mar Apr May Jun Jul Aug Sep Oct Nov Dec
2022: Jan Feb Mar Apr May Jun Jul Aug Sep Oct Nov Dec
2021: Jan Feb Mar Apr May Jun Jul Aug Sep Oct Nov Dec
2020: Jan Feb Mar Apr May Jun Jul Aug Sep Oct Nov Dec
2019: Jan Feb Mar Apr May Jun Jul Aug Sep Oct Nov Dec
2018: Jan Feb Mar Apr May Jun Jul Aug Sep Oct Nov Dec
2017: Jan Feb Mar Apr May Jun Jul Aug Sep Oct Nov Dec
2016: Jan Feb Mar Apr May Jun Jul Aug Sep Oct Nov Dec
2015: Jan Feb Mar Apr May Jun Jul Aug Sep Oct Nov Dec
2014: Jan Feb Mar Apr May Jun Jul Aug Sep Oct Nov Dec
2013: Jan Feb Mar Apr May Jun Jul Aug Sep Oct Nov Dec
2012: Jan Feb Mar Apr May Jun Jul Aug Sep Oct Nov Dec
2011: Jan Feb Mar Apr May Jun Jul Aug Sep Oct Nov Dec
2010: Jan Feb Mar Apr May Jun Jul Aug Sep Oct Nov Dec
2009: Jan Feb Mar Apr May Jun Jul Aug Sep Oct Nov Dec
2008: Jan Feb Mar Apr May Jun Jul Aug Sep Oct Nov Dec
Report for 2019 July
Monthly Climatological Summary for Jul 2019 Name: Garrymore Weather City: Geashill State: Offaly Elevation: 80 m Lat: N 53° 10' 05" Lon: W 007° 21' 37" Temperature (°C), Rain (mm), Wind Speed (km/h) Heat Cool Avg Mean Deg Deg Wind Dom Day Temp High Time Low Time Days Days Rain Speed High Time Dir ---------------------------------------------------------------------------------- 01 14.8 19.2 17:10 11.0 04:00 3.6 0.0 0.6 8.1 35.0 10:12 NW 02 14.6 19.2 16:09 10.5 23:57 3.7 0.0 0.0 3.8 16.9 20:14 NNW 03 15.6 24.6 17:18 6.6 03:43 4.2 1.5 0.0 2.3 20.6 11:36 NNE 04 15.6 23.2 17:20 6.2 05:37 4.0 1.4 0.0 3.7 22.8 17:19 WNW 05 15.3 20.5 17:17 7.6 05:44 3.5 0.4 0.0 3.3 18.0 19:45 W 06 15.3 20.1 15:11 12.8 03:40 3.0 0.1 1.5 3.0 37.0 10:03 WNW 07 16.0 22.4 19:19 10.2 05:20 2.9 0.6 0.0 2.9 15.6 11:01 NNE 08 15.4 21.0 16:34 9.9 01:31 3.2 0.3 0.0 2.8 15.6 08:52 S 09 18.3 23.5 19:09 13.0 05:28 1.6 1.5 0.0 2.9 15.6 16:18 WNW 10 15.8 19.9 13:08 12.8 05:39 2.6 0.1 5.4 4.5 22.8 12:30 S 11 17.2 22.5 14:47 14.3 00:55 1.8 0.8 0.3 6.5 22.8 16:52 WSW 12 15.3 18.3 17:00 13.0 01:16 3.0 0.0 0.0 7.1 27.8 13:01 NW 13 15.9 21.9 17:37 12.1 05:46 3.0 0.5 0.0 4.8 19.1 12:25 N 14 17.1 27.8 17:45 7.9 05:38 3.5 2.3 0.0 2.2 19.1 16:03 NNE 15 16.6 24.3 15:26 9.4 05:28 3.1 1.4 0.0 6.6 31.3 17:42 S 16 18.3 23.8 17:01 13.0 03:55 1.4 1.4 5.7 3.1 18.0 19:49 SW 17 15.3 18.7 18:00 12.9 07:19 3.0 0.0 2.7 8.6 44.3 14:35 S 18 16.1 20.9 14:59 12.2 01:23 2.7 0.4 0.6 6.1 28.9 16:51 WSW 19 16.2 22.2 16:54 12.2 04:09 2.7 0.6 6.3 6.6 33.5 20:31 S 20 15.5 18.8 14:23 12.5 07:16 2.8 0.0 3.0 6.0 28.9 06:06 WNW 21 15.6 18.8 12:10 11.6 02:32 2.8 0.0 31.2 12.8 51.5 14:38 S 22 19.8 24.0 13:35 17.3 05:21 0.2 1.6 0.3 12.8 43.3 16:32 S 23 18.1 22.8 18:22 16.0 05:19 0.9 0.8 0.0 10.3 36.1 09:21 S 24 17.6 22.0 14:31 15.2 02:14 1.2 0.6 0.0 8.5 37.0 16:17 S 25 18.3 21.4 15:28 15.8 00:00 0.5 0.5 8.4 13.5 44.3 14:55 SSE 26 17.4 22.0 16:31 12.3 23:53 1.4 0.6 0.0 9.5 91.9 01:13 S 27 15.3 22.0 16:31 7.9 05:39 3.5 0.5 0.0 3.8 20.6 17:54 NW 28 15.0 19.6 14:10 9.9 03:37 3.4 0.1 0.0 3.5 18.0 13:02 NW 29 16.4 22.5 16:43 12.0 04:31 2.8 0.9 0.3 3.0 16.9 19:28 NW 30 15.3 20.6 15:38 12.1 23:59 3.1 0.1 4.8 9.1 91.9 01:56 NNW 31 15.8 22.3 17:47 9.0 06:14 3.4 0.9 0.0 5.9 91.9 02:19 NW ---------------------------------------------------------------------------------- 16.3 27.8 14 6.2 4 82.5 19.9 71.1 6.1 91.9 26 SW Max >= 27.0 1 Max <= 0.0 0 Min <= 0.0 0 Min <= -18.0 0 Max Rain: 31.2 on day 21 Days of Rain: 14 (>= 0.2 mm) 8 (>= 2.0 mm) 1 (>= 20.0 mm) Heat Base: 18.3 Cool Base: 18.3 Method: Integration