NOAA-Style Climate Reports
Select a Year or Month report
2024: Jan Feb Mar Apr May Jun Jul Aug Sep Oct Nov Dec
2023: Jan Feb Mar Apr May Jun Jul Aug Sep Oct Nov Dec
2022: Jan Feb Mar Apr May Jun Jul Aug Sep Oct Nov Dec
2021: Jan Feb Mar Apr May Jun Jul Aug Sep Oct Nov Dec
2020: Jan Feb Mar Apr May Jun Jul Aug Sep Oct Nov Dec
2019: Jan Feb Mar Apr May Jun Jul Aug Sep Oct Nov Dec
2018: Jan Feb Mar Apr May Jun Jul Aug Sep Oct Nov Dec
2017: Jan Feb Mar Apr May Jun Jul Aug Sep Oct Nov Dec
2016: Jan Feb Mar Apr May Jun Jul Aug Sep Oct Nov Dec
2015: Jan Feb Mar Apr May Jun Jul Aug Sep Oct Nov Dec
2014: Jan Feb Mar Apr May Jun Jul Aug Sep Oct Nov Dec
2013: Jan Feb Mar Apr May Jun Jul Aug Sep Oct Nov Dec
2012: Jan Feb Mar Apr May Jun Jul Aug Sep Oct Nov Dec
2011: Jan Feb Mar Apr May Jun Jul Aug Sep Oct Nov Dec
2010: Jan Feb Mar Apr May Jun Jul Aug Sep Oct Nov Dec
2009: Jan Feb Mar Apr May Jun Jul Aug Sep Oct Nov Dec
2008: Jan Feb Mar Apr May Jun Jul Aug Sep Oct Nov Dec
2024: Jan Feb Mar Apr May Jun Jul Aug Sep Oct Nov Dec
2023: Jan Feb Mar Apr May Jun Jul Aug Sep Oct Nov Dec
2022: Jan Feb Mar Apr May Jun Jul Aug Sep Oct Nov Dec
2021: Jan Feb Mar Apr May Jun Jul Aug Sep Oct Nov Dec
2020: Jan Feb Mar Apr May Jun Jul Aug Sep Oct Nov Dec
2019: Jan Feb Mar Apr May Jun Jul Aug Sep Oct Nov Dec
2018: Jan Feb Mar Apr May Jun Jul Aug Sep Oct Nov Dec
2017: Jan Feb Mar Apr May Jun Jul Aug Sep Oct Nov Dec
2016: Jan Feb Mar Apr May Jun Jul Aug Sep Oct Nov Dec
2015: Jan Feb Mar Apr May Jun Jul Aug Sep Oct Nov Dec
2014: Jan Feb Mar Apr May Jun Jul Aug Sep Oct Nov Dec
2013: Jan Feb Mar Apr May Jun Jul Aug Sep Oct Nov Dec
2012: Jan Feb Mar Apr May Jun Jul Aug Sep Oct Nov Dec
2011: Jan Feb Mar Apr May Jun Jul Aug Sep Oct Nov Dec
2010: Jan Feb Mar Apr May Jun Jul Aug Sep Oct Nov Dec
2009: Jan Feb Mar Apr May Jun Jul Aug Sep Oct Nov Dec
2008: Jan Feb Mar Apr May Jun Jul Aug Sep Oct Nov Dec
Report for 2018 December
Monthly Climatological Summary for Dec 2018 Name: Garrymore Weather City: Geashill State: Offaly Elevation: 80 m Lat: N 53° 10' 05" Lon: W 007° 21' 37" Temperature (°C), Rain (mm), Wind Speed (km/h) Heat Cool Avg Mean Deg Deg Wind Dom Day Temp High Time Low Time Days Days Rain Speed High Time Dir ---------------------------------------------------------------------------------- 01 7.3 9.3 12:39 4.3 00:39 11.0 0.0 6.0 1.9 19.1 00:00 SSE 02 10.1 12.1 12:13 8.6 00:00 8.2 0.0 5.4 10.8 42.2 14:20 SW 03 5.1 8.6 00:00 0.3 23:41 13.2 0.0 3.6 5.5 22.8 12:46 NW 04 0.4 3.7 23:19 -3.1 06:57 17.9 0.0 3.0 1.5 18.0 16:48 SE 05 7.5 10.2 14:37 3.7 00:00 10.8 0.0 6.6 1.8 16.9 00:35 SSE 06 10.1 11.9 12:32 8.7 19:14 8.2 0.0 3.6 10.0 39.6 23:29 S 07 6.9 11.8 00:40 4.1 09:11 11.4 0.0 63.0 14.9 46.9 23:34 WSW 08 7.6 9.9 10:47 6.3 20:45 10.7 0.0 164.4 14.7 53.0 00:42 W 09 6.8 9.2 12:38 4.5 21:28 11.5 0.0 9.3 13.3 43.3 06:10 WNW 10 5.6 9.1 21:28 1.6 05:04 12.7 0.0 0.0 5.2 37.0 23:27 SSE 11 8.7 9.7 13:08 7.4 00:30 9.6 0.0 5.4 14.2 46.9 11:01 SSE 12 6.1 7.8 00:00 4.7 05:18 12.2 0.0 3.0 5.9 44.3 21:43 SSE 13 5.3 7.1 00:00 4.6 07:13 13.1 0.0 10.8 12.8 44.3 01:28 SE 14 6.0 7.6 19:15 4.5 03:09 12.3 0.0 20.4 13.1 56.7 20:14 SSE 15 7.5 11.6 14:42 4.7 18:15 10.8 0.0 203.1 16.4 63.3 05:42 S 16 3.6 6.9 15:06 2.2 05:34 14.7 0.0 0.0 8.6 36.1 00:05 S 17 6.6 10.8 22:45 1.0 06:18 11.7 0.0 44.1 16.5 60.2 17:26 S 18 7.8 10.8 01:10 3.0 23:46 10.5 0.0 302.4 17.5 75.7 05:10 S 19 4.5 6.8 22:48 0.8 07:17 13.8 0.0 1.5 12.8 33.5 12:47 S 20 6.4 8.3 13:00 5.1 23:44 11.9 0.0 0.9 9.4 39.6 12:57 SW 21 6.5 9.9 14:05 4.4 08:42 11.8 0.0 8.1 5.2 33.5 13:33 SW 22 7.2 10.3 13:47 5.6 09:30 11.1 0.0 3.6 6.8 26.3 02:50 SW 23 5.6 6.7 13:55 3.6 22:08 12.7 0.0 6.3 3.7 19.1 01:36 NE 24 6.3 8.3 22:53 4.3 01:00 12.0 0.0 0.6 2.7 22.8 13:48 SSE 25 9.8 10.8 15:01 8.3 00:00 8.5 0.0 0.3 10.5 37.0 13:01 SSE 26 9.2 10.6 13:50 8.3 08:42 9.1 0.0 0.0 11.9 44.3 11:27 S 27 8.3 9.2 11:58 7.7 08:25 10.0 0.0 0.0 6.1 16.9 01:36 S 28 9.6 11.1 12:24 7.9 00:23 8.7 0.0 0.0 7.4 25.2 22:55 S 29 10.6 11.3 03:45 9.9 10:33 7.7 0.0 1.8 6.1 30.0 06:32 SW 30 9.4 10.6 00:15 7.5 09:01 8.9 0.0 0.0 4.4 19.1 03:48 SSW 31 8.7 9.2 12:10 8.1 07:42 9.6 0.0 0.0 6.6 22.8 11:15 SSW ---------------------------------------------------------------------------------- 7.1 12.1 2 -3.1 4 346.3 0.0 877.2 9.0 75.7 18 S Max >= 27.0 0 Max <= 0.0 0 Min <= 0.0 1 Min <= -18.0 0 Max Rain: 302.4 on day 18 Days of Rain: 24 (>= 0.2 mm) 19 (>= 2.0 mm) 6 (>= 20.0 mm) Heat Base: 18.3 Cool Base: 18.3 Method: Integration