NOAA-Style Climate Reports
Select a Year or Month report
2024: Jan Feb Mar Apr May Jun Jul Aug Sep Oct Nov Dec
2023: Jan Feb Mar Apr May Jun Jul Aug Sep Oct Nov Dec
2022: Jan Feb Mar Apr May Jun Jul Aug Sep Oct Nov Dec
2021: Jan Feb Mar Apr May Jun Jul Aug Sep Oct Nov Dec
2020: Jan Feb Mar Apr May Jun Jul Aug Sep Oct Nov Dec
2019: Jan Feb Mar Apr May Jun Jul Aug Sep Oct Nov Dec
2018: Jan Feb Mar Apr May Jun Jul Aug Sep Oct Nov Dec
2017: Jan Feb Mar Apr May Jun Jul Aug Sep Oct Nov Dec
2016: Jan Feb Mar Apr May Jun Jul Aug Sep Oct Nov Dec
2015: Jan Feb Mar Apr May Jun Jul Aug Sep Oct Nov Dec
2014: Jan Feb Mar Apr May Jun Jul Aug Sep Oct Nov Dec
2013: Jan Feb Mar Apr May Jun Jul Aug Sep Oct Nov Dec
2012: Jan Feb Mar Apr May Jun Jul Aug Sep Oct Nov Dec
2011: Jan Feb Mar Apr May Jun Jul Aug Sep Oct Nov Dec
2010: Jan Feb Mar Apr May Jun Jul Aug Sep Oct Nov Dec
2009: Jan Feb Mar Apr May Jun Jul Aug Sep Oct Nov Dec
2008: Jan Feb Mar Apr May Jun Jul Aug Sep Oct Nov Dec
2024: Jan Feb Mar Apr May Jun Jul Aug Sep Oct Nov Dec
2023: Jan Feb Mar Apr May Jun Jul Aug Sep Oct Nov Dec
2022: Jan Feb Mar Apr May Jun Jul Aug Sep Oct Nov Dec
2021: Jan Feb Mar Apr May Jun Jul Aug Sep Oct Nov Dec
2020: Jan Feb Mar Apr May Jun Jul Aug Sep Oct Nov Dec
2019: Jan Feb Mar Apr May Jun Jul Aug Sep Oct Nov Dec
2018: Jan Feb Mar Apr May Jun Jul Aug Sep Oct Nov Dec
2017: Jan Feb Mar Apr May Jun Jul Aug Sep Oct Nov Dec
2016: Jan Feb Mar Apr May Jun Jul Aug Sep Oct Nov Dec
2015: Jan Feb Mar Apr May Jun Jul Aug Sep Oct Nov Dec
2014: Jan Feb Mar Apr May Jun Jul Aug Sep Oct Nov Dec
2013: Jan Feb Mar Apr May Jun Jul Aug Sep Oct Nov Dec
2012: Jan Feb Mar Apr May Jun Jul Aug Sep Oct Nov Dec
2011: Jan Feb Mar Apr May Jun Jul Aug Sep Oct Nov Dec
2010: Jan Feb Mar Apr May Jun Jul Aug Sep Oct Nov Dec
2009: Jan Feb Mar Apr May Jun Jul Aug Sep Oct Nov Dec
2008: Jan Feb Mar Apr May Jun Jul Aug Sep Oct Nov Dec
Report for 2018 May
Monthly Climatological Summary for May 2018 Name: Garrymore Weather City: Geashill State: Offaly Elevation: 80 m Lat: N 53° 10' 05" Lon: W 007° 21' 37" Temperature (°C), Rain (mm), Wind Speed (km/h) Heat Cool Avg Mean Deg Deg Wind Dom Day Temp High Time Low Time Days Days Rain Speed High Time Dir ---------------------------------------------------------------------------------- 01 6.7 9.9 12:44 1.5 03:20 11.6 0.0 6.0 13.0 51.5 12:10 S 02 8.1 12.1 15:16 4.4 06:44 10.2 0.0 9.6 10.9 40.4 15:26 WNW 03 8.6 11.3 16:36 5.7 06:04 9.7 0.0 0.3 9.3 37.8 14:47 S 04 13.0 19.9 16:01 8.3 04:49 5.4 0.1 0.0 6.7 28.2 16:49 S 05 14.2 22.0 19:19 8.8 07:24 4.5 0.4 0.0 7.8 33.2 14:15 S 06 13.7 23.2 19:25 3.9 06:02 5.5 0.9 0.3 6.1 28.2 11:09 SSW 07 13.3 19.2 15:57 8.1 01:18 5.0 0.0 0.0 7.1 27.0 16:06 S 08 12.1 15.8 14:54 6.5 23:59 6.2 0.0 1.2 10.6 36.7 10:55 SW 09 7.9 12.0 18:46 4.6 01:35 10.4 0.0 7.5 9.4 49.1 11:52 S 10 9.1 14.0 15:50 3.5 05:51 9.2 0.0 0.3 8.7 40.4 20:50 SSW 11 9.0 14.4 18:28 4.6 23:54 9.3 0.0 20.7 11.8 57.6 09:08 S 12 8.3 16.7 17:41 -0.1 05:29 10.0 0.0 0.0 4.1 27.0 12:04 S 13 9.0 15.1 17:42 0.9 03:23 9.3 0.0 1.2 6.9 29.6 11:15 S 14 12.0 15.7 18:30 8.1 01:32 6.3 0.0 0.0 3.3 20.9 00:00 S 15 11.0 17.4 12:22 4.6 23:49 7.3 0.0 0.6 4.3 34.3 16:20 NNW 16 9.4 18.3 17:51 0.9 05:21 8.9 0.0 0.0 6.7 31.7 09:09 NNE 17 10.6 18.3 13:10 2.0 03:35 7.7 0.0 0.0 2.6 18.3 14:22 SSE 18 13.6 21.3 16:35 7.1 05:49 4.9 0.2 1.2 3.2 15.9 22:30 SSE 19 12.4 19.0 14:48 5.6 05:26 5.9 0.0 1.2 13.1 45.4 18:01 S 20 11.4 13.8 15:31 9.0 12:33 6.9 0.0 10.2 11.8 43.0 15:57 S 21 10.2 12.6 10:04 7.7 23:56 8.1 0.0 3.9 7.3 27.0 18:16 NNE 22 10.5 18.1 14:33 3.3 04:53 7.8 0.0 0.0 5.0 18.3 00:09 N 23 14.3 26.2 16:59 3.9 05:35 5.8 1.8 0.0 8.3 91.9 01:13 NE 24 12.8 22.6 11:34 4.2 05:32 6.0 0.5 0.0 5.3 91.9 15:22 NNE 25 16.9 24.3 16:09 10.4 05:50 3.0 1.6 0.3 7.6 34.3 13:04 NNE 26 15.7 21.7 13:27 11.6 04:18 3.2 0.5 0.6 6.0 24.4 15:19 NE 27 16.1 24.1 15:18 10.4 07:08 3.1 0.8 5.1 12.9 91.9 15:28 NNE 28 17.4 27.4 15:15 8.6 05:08 3.1 2.2 0.0 7.4 91.9 00:00 N 29 18.3 25.9 15:56 9.6 04:08 3.0 2.9 0.0 2.5 20.9 10:51 ENE 30 17.1 25.6 17:33 9.5 04:40 3.2 2.0 0.0 3.1 24.4 13:07 NE 31 17.7 24.4 12:42 11.4 05:19 2.4 1.8 0.0 4.3 22.0 15:05 SSE ---------------------------------------------------------------------------------- 12.3 27.4 28 -0.1 12 202.9 15.7 70.2 7.3 91.9 23 S Max >= 27.0 1 Max <= 0.0 0 Min <= 0.0 1 Min <= -18.0 0 Max Rain: 20.7 on day 11 Days of Rain: 17 (>= 0.2 mm) 7 (>= 2.0 mm) 1 (>= 20.0 mm) Heat Base: 18.3 Cool Base: 18.3 Method: Integration