NOAA-Style Climate Reports
Select a Year or Month report
2024: Jan Feb Mar Apr May Jun Jul Aug Sep Oct Nov Dec
2023: Jan Feb Mar Apr May Jun Jul Aug Sep Oct Nov Dec
2022: Jan Feb Mar Apr May Jun Jul Aug Sep Oct Nov Dec
2021: Jan Feb Mar Apr May Jun Jul Aug Sep Oct Nov Dec
2020: Jan Feb Mar Apr May Jun Jul Aug Sep Oct Nov Dec
2019: Jan Feb Mar Apr May Jun Jul Aug Sep Oct Nov Dec
2018: Jan Feb Mar Apr May Jun Jul Aug Sep Oct Nov Dec
2017: Jan Feb Mar Apr May Jun Jul Aug Sep Oct Nov Dec
2016: Jan Feb Mar Apr May Jun Jul Aug Sep Oct Nov Dec
2015: Jan Feb Mar Apr May Jun Jul Aug Sep Oct Nov Dec
2014: Jan Feb Mar Apr May Jun Jul Aug Sep Oct Nov Dec
2013: Jan Feb Mar Apr May Jun Jul Aug Sep Oct Nov Dec
2012: Jan Feb Mar Apr May Jun Jul Aug Sep Oct Nov Dec
2011: Jan Feb Mar Apr May Jun Jul Aug Sep Oct Nov Dec
2010: Jan Feb Mar Apr May Jun Jul Aug Sep Oct Nov Dec
2009: Jan Feb Mar Apr May Jun Jul Aug Sep Oct Nov Dec
2008: Jan Feb Mar Apr May Jun Jul Aug Sep Oct Nov Dec
2024: Jan Feb Mar Apr May Jun Jul Aug Sep Oct Nov Dec
2023: Jan Feb Mar Apr May Jun Jul Aug Sep Oct Nov Dec
2022: Jan Feb Mar Apr May Jun Jul Aug Sep Oct Nov Dec
2021: Jan Feb Mar Apr May Jun Jul Aug Sep Oct Nov Dec
2020: Jan Feb Mar Apr May Jun Jul Aug Sep Oct Nov Dec
2019: Jan Feb Mar Apr May Jun Jul Aug Sep Oct Nov Dec
2018: Jan Feb Mar Apr May Jun Jul Aug Sep Oct Nov Dec
2017: Jan Feb Mar Apr May Jun Jul Aug Sep Oct Nov Dec
2016: Jan Feb Mar Apr May Jun Jul Aug Sep Oct Nov Dec
2015: Jan Feb Mar Apr May Jun Jul Aug Sep Oct Nov Dec
2014: Jan Feb Mar Apr May Jun Jul Aug Sep Oct Nov Dec
2013: Jan Feb Mar Apr May Jun Jul Aug Sep Oct Nov Dec
2012: Jan Feb Mar Apr May Jun Jul Aug Sep Oct Nov Dec
2011: Jan Feb Mar Apr May Jun Jul Aug Sep Oct Nov Dec
2010: Jan Feb Mar Apr May Jun Jul Aug Sep Oct Nov Dec
2009: Jan Feb Mar Apr May Jun Jul Aug Sep Oct Nov Dec
2008: Jan Feb Mar Apr May Jun Jul Aug Sep Oct Nov Dec
Report for 2018 March
Monthly Climatological Summary for Mar 2018 Name: Garrymore Weather City: Geashill State: Offaly Elevation: 80 m Lat: N 53° 10' 05" Lon: W 007° 21' 37" Temperature (°C), Rain (mm), Wind Speed (km/h) Heat Cool Avg Mean Deg Deg Wind Dom Day Temp High Time Low Time Days Days Rain Speed High Time Dir ---------------------------------------------------------------------------------- 01 -3.6 -1.3 14:15 -5.9 00:21 21.8 0.0 10.2 12.3 49.1 22:17 ENE 02 -1.0 -0.1 13:00 -1.6 00:00 19.3 0.0 139.5 18.5 91.9 14:23 ENE 03 0.5 2.1 11:52 -1.7 00:06 17.8 0.0 1.8 20.6 91.9 05:58 ENE 04 1.7 3.2 13:40 0.5 04:03 16.6 0.0 3.6 9.5 91.9 19:03 ENE 05 2.4 4.4 16:05 1.2 06:35 15.9 0.0 1.2 2.9 15.9 06:25 WNW 06 3.9 8.1 11:53 0.8 06:27 14.4 0.0 0.0 5.9 91.9 16:13 SSW 07 3.5 9.4 13:38 -0.7 06:40 14.8 0.0 0.0 9.6 91.9 15:42 SSW 08 3.2 10.0 14:26 -1.6 05:32 15.1 0.0 0.0 5.2 91.9 12:26 W 09 1.8 7.7 14:06 -4.4 07:05 16.5 0.0 2.1 5.1 29.6 20:53 ENE 10 7.4 12.3 14:21 3.9 00:00 10.9 0.0 8.7 10.2 43.0 16:22 SSE 11 7.0 12.3 13:44 2.5 01:54 11.3 0.0 0.3 5.7 24.4 04:54 ENE 12 6.4 10.7 14:46 2.2 23:54 11.9 0.0 3.9 10.6 91.9 11:11 NW 13 4.7 9.5 14:08 -1.5 04:27 13.6 0.0 1.8 12.8 91.9 01:55 S 14 8.1 9.0 08:34 7.3 21:20 10.2 0.0 64.5 16.9 91.9 10:47 SSE 15 8.1 11.5 11:47 6.2 04:57 10.2 0.0 1.5 11.8 91.9 10:13 SE 16 6.4 11.3 13:30 2.0 07:40 11.9 0.0 0.6 11.4 91.9 00:38 SE 17 1.9 5.3 02:25 -2.9 22:47 16.4 0.0 1.5 13.5 45.4 11:47 ENE 18 -1.1 0.9 14:41 -3.2 03:35 19.4 0.0 2.1 14.7 91.9 19:13 NE 19 2.0 6.8 14:49 -1.3 23:59 16.3 0.0 0.6 10.7 40.4 12:39 NE 20 1.9 10.0 15:56 -5.0 06:34 16.4 0.0 0.0 3.2 22.0 13:32 NW 21 4.3 10.1 14:05 -3.7 03:53 14.0 0.0 0.0 5.7 28.2 14:59 SW 22 5.8 8.8 12:44 1.9 00:46 12.5 0.0 14.7 17.8 91.9 05:57 S 23 6.8 9.2 11:13 4.0 23:10 11.5 0.0 3.0 10.7 91.9 01:51 SW 24 5.6 11.4 17:01 1.0 06:17 12.7 0.0 0.3 9.8 91.9 01:23 N 25 4.7 11.4 13:36 -1.8 07:46 13.6 0.0 0.0 9.1 91.9 00:37 NW 26 4.8 9.5 12:31 -1.9 04:59 13.5 0.0 4.8 16.1 91.9 01:12 SSE 27 7.0 9.9 03:10 3.0 21:42 11.3 0.0 6.6 10.5 41.9 10:53 W 28 4.9 9.5 14:04 0.9 23:52 13.4 0.0 0.6 11.9 91.9 19:48 SW 29 2.7 8.0 15:17 -1.7 05:12 15.6 0.0 4.8 8.3 91.9 17:04 E 30 3.5 6.3 15:28 0.8 05:50 14.8 0.0 0.3 10.2 91.9 17:52 NNE 31 4.6 8.6 13:52 1.1 23:58 13.7 0.0 0.0 9.2 33.2 13:39 N ---------------------------------------------------------------------------------- 3.9 12.3 10 -5.9 1 447.3 0.0 279.0 10.7 91.9 2 ESE Max >= 27.0 0 Max <= 0.0 2 Min <= 0.0 15 Min <= -18.0 0 Max Rain: 139.5 on day 2 Days of Rain: 24 (>= 0.2 mm) 13 (>= 2.0 mm) 2 (>= 20.0 mm) Heat Base: 18.3 Cool Base: 18.3 Method: Integration