NOAA-Style Climate Reports
Select a Year or Month report
2024: Jan Feb Mar Apr May Jun Jul Aug Sep Oct Nov Dec
2023: Jan Feb Mar Apr May Jun Jul Aug Sep Oct Nov Dec
2022: Jan Feb Mar Apr May Jun Jul Aug Sep Oct Nov Dec
2021: Jan Feb Mar Apr May Jun Jul Aug Sep Oct Nov Dec
2020: Jan Feb Mar Apr May Jun Jul Aug Sep Oct Nov Dec
2019: Jan Feb Mar Apr May Jun Jul Aug Sep Oct Nov Dec
2018: Jan Feb Mar Apr May Jun Jul Aug Sep Oct Nov Dec
2017: Jan Feb Mar Apr May Jun Jul Aug Sep Oct Nov Dec
2016: Jan Feb Mar Apr May Jun Jul Aug Sep Oct Nov Dec
2015: Jan Feb Mar Apr May Jun Jul Aug Sep Oct Nov Dec
2014: Jan Feb Mar Apr May Jun Jul Aug Sep Oct Nov Dec
2013: Jan Feb Mar Apr May Jun Jul Aug Sep Oct Nov Dec
2012: Jan Feb Mar Apr May Jun Jul Aug Sep Oct Nov Dec
2011: Jan Feb Mar Apr May Jun Jul Aug Sep Oct Nov Dec
2010: Jan Feb Mar Apr May Jun Jul Aug Sep Oct Nov Dec
2009: Jan Feb Mar Apr May Jun Jul Aug Sep Oct Nov Dec
2008: Jan Feb Mar Apr May Jun Jul Aug Sep Oct Nov Dec
2024: Jan Feb Mar Apr May Jun Jul Aug Sep Oct Nov Dec
2023: Jan Feb Mar Apr May Jun Jul Aug Sep Oct Nov Dec
2022: Jan Feb Mar Apr May Jun Jul Aug Sep Oct Nov Dec
2021: Jan Feb Mar Apr May Jun Jul Aug Sep Oct Nov Dec
2020: Jan Feb Mar Apr May Jun Jul Aug Sep Oct Nov Dec
2019: Jan Feb Mar Apr May Jun Jul Aug Sep Oct Nov Dec
2018: Jan Feb Mar Apr May Jun Jul Aug Sep Oct Nov Dec
2017: Jan Feb Mar Apr May Jun Jul Aug Sep Oct Nov Dec
2016: Jan Feb Mar Apr May Jun Jul Aug Sep Oct Nov Dec
2015: Jan Feb Mar Apr May Jun Jul Aug Sep Oct Nov Dec
2014: Jan Feb Mar Apr May Jun Jul Aug Sep Oct Nov Dec
2013: Jan Feb Mar Apr May Jun Jul Aug Sep Oct Nov Dec
2012: Jan Feb Mar Apr May Jun Jul Aug Sep Oct Nov Dec
2011: Jan Feb Mar Apr May Jun Jul Aug Sep Oct Nov Dec
2010: Jan Feb Mar Apr May Jun Jul Aug Sep Oct Nov Dec
2009: Jan Feb Mar Apr May Jun Jul Aug Sep Oct Nov Dec
2008: Jan Feb Mar Apr May Jun Jul Aug Sep Oct Nov Dec
Report for 2017 November
Monthly Climatological Summary for Nov 2017 Name: Garrymore Weather City: Geashill State: Offaly Elevation: 80 m Lat: N 53° 10' 05" Lon: W 007° 21' 37" Temperature (°C), Rain (mm), Wind Speed (km/h) Heat Cool Avg Mean Deg Deg Wind Dom Day Temp High Time Low Time Days Days Rain Speed High Time Dir ---------------------------------------------------------------------------------- 01 9.9 16.2 14:02 5.8 20:03 8.4 0.0 0.0 4.3 19.4 00:04 SSW 02 9.0 11.3 13:14 7.4 23:41 9.3 0.0 0.0 2.2 13.3 02:35 NW 03 8.5 13.5 16:22 7.1 00:55 9.8 0.0 0.0 5.3 27.0 16:21 S 04 5.7 9.8 12:57 2.8 20:34 12.6 0.0 1.8 6.3 35.7 13:33 WNW 05 4.8 10.0 13:53 0.3 22:30 13.5 0.0 0.9 9.1 30.6 11:23 WNW 06 8.2 11.7 22:28 1.1 00:00 10.1 0.0 4.8 15.8 55.2 20:54 S 07 5.2 10.8 00:06 -0.3 22:50 13.1 0.0 10.8 6.3 39.3 01:19 WNW 08 4.6 10.8 23:12 -2.0 05:09 13.7 0.0 1.8 6.6 27.0 22:26 SSW 09 10.1 11.7 14:14 7.0 18:20 8.2 0.0 3.3 10.1 37.8 23:51 WNW 10 8.2 11.2 00:58 5.4 08:23 10.1 0.0 11.4 9.8 41.9 02:18 WNW 11 7.7 11.3 02:55 2.8 23:57 10.6 0.0 10.8 5.5 31.7 00:17 NNW 12 4.0 7.7 13:45 -0.1 23:41 14.3 0.0 1.8 10.3 36.7 09:53 NW 13 3.2 8.6 23:56 -2.5 06:26 15.1 0.0 4.5 6.8 25.6 13:43 S 14 10.2 12.7 12:54 7.2 23:52 8.1 0.0 0.3 5.7 27.0 01:58 SW 15 7.7 10.4 14:29 3.8 07:27 10.6 0.0 0.3 5.0 24.4 23:50 S 16 5.5 9.6 04:53 -1.6 23:59 12.8 0.0 3.3 7.9 43.0 00:15 W 17 2.1 7.8 14:06 -3.8 05:13 16.1 0.0 0.3 3.6 22.0 13:21 S 18 5.9 12.5 12:56 4.4 23:16 12.4 0.0 3.6 2.4 18.3 12:55 WSW 19 6.6 9.4 23:54 4.2 07:43 11.7 0.0 4.5 5.6 35.7 22:45 S 20 11.9 13.5 21:08 9.4 00:00 6.4 0.0 0.9 9.1 30.6 00:05 SW 21 11.7 13.8 14:48 9.8 23:56 6.6 0.0 1.5 9.3 36.7 09:37 SSW 22 6.9 9.8 00:00 2.0 23:48 11.4 0.0 44.1 5.7 27.0 19:23 NW 23 3.7 7.0 12:40 -0.9 23:48 14.6 0.0 4.5 11.0 51.5 05:57 W 24 0.1 5.0 10:53 -3.7 06:35 18.2 0.0 1.5 4.6 28.2 12:21 W 25 1.7 4.9 12:42 -0.3 00:00 16.6 0.0 1.5 10.1 31.7 13:57 WNW 26 5.1 9.3 21:31 0.5 04:09 13.2 0.0 8.1 8.9 37.8 20:17 SW 27 5.5 7.5 00:00 3.7 23:09 12.8 0.0 1.2 10.6 30.6 13:45 WNW 28 2.2 5.7 13:46 -0.3 23:56 16.1 0.0 0.3 10.2 29.6 13:27 NW 29 0.3 4.3 13:40 -1.6 06:11 18.0 0.0 0.3 7.7 27.0 13:15 NW 30 1.9 5.5 13:13 -0.3 23:37 16.4 0.0 0.3 9.5 29.6 13:41 NW ---------------------------------------------------------------------------------- 5.9 16.2 1 -3.8 17 370.8 0.0 128.4 7.5 55.2 6 W Max >= 27.0 0 Max <= 0.0 0 Min <= 0.0 12 Min <= -18.0 0 Max Rain: 44.1 on day 22 Days of Rain: 27 (>= 0.2 mm) 12 (>= 2.0 mm) 1 (>= 20.0 mm) Heat Base: 18.3 Cool Base: 18.3 Method: Integration