NOAA-Style Climate Reports
Select a Year or Month report
2024: Jan Feb Mar Apr May Jun Jul Aug Sep Oct Nov Dec
2023: Jan Feb Mar Apr May Jun Jul Aug Sep Oct Nov Dec
2022: Jan Feb Mar Apr May Jun Jul Aug Sep Oct Nov Dec
2021: Jan Feb Mar Apr May Jun Jul Aug Sep Oct Nov Dec
2020: Jan Feb Mar Apr May Jun Jul Aug Sep Oct Nov Dec
2019: Jan Feb Mar Apr May Jun Jul Aug Sep Oct Nov Dec
2018: Jan Feb Mar Apr May Jun Jul Aug Sep Oct Nov Dec
2017: Jan Feb Mar Apr May Jun Jul Aug Sep Oct Nov Dec
2016: Jan Feb Mar Apr May Jun Jul Aug Sep Oct Nov Dec
2015: Jan Feb Mar Apr May Jun Jul Aug Sep Oct Nov Dec
2014: Jan Feb Mar Apr May Jun Jul Aug Sep Oct Nov Dec
2013: Jan Feb Mar Apr May Jun Jul Aug Sep Oct Nov Dec
2012: Jan Feb Mar Apr May Jun Jul Aug Sep Oct Nov Dec
2011: Jan Feb Mar Apr May Jun Jul Aug Sep Oct Nov Dec
2010: Jan Feb Mar Apr May Jun Jul Aug Sep Oct Nov Dec
2009: Jan Feb Mar Apr May Jun Jul Aug Sep Oct Nov Dec
2008: Jan Feb Mar Apr May Jun Jul Aug Sep Oct Nov Dec
2024: Jan Feb Mar Apr May Jun Jul Aug Sep Oct Nov Dec
2023: Jan Feb Mar Apr May Jun Jul Aug Sep Oct Nov Dec
2022: Jan Feb Mar Apr May Jun Jul Aug Sep Oct Nov Dec
2021: Jan Feb Mar Apr May Jun Jul Aug Sep Oct Nov Dec
2020: Jan Feb Mar Apr May Jun Jul Aug Sep Oct Nov Dec
2019: Jan Feb Mar Apr May Jun Jul Aug Sep Oct Nov Dec
2018: Jan Feb Mar Apr May Jun Jul Aug Sep Oct Nov Dec
2017: Jan Feb Mar Apr May Jun Jul Aug Sep Oct Nov Dec
2016: Jan Feb Mar Apr May Jun Jul Aug Sep Oct Nov Dec
2015: Jan Feb Mar Apr May Jun Jul Aug Sep Oct Nov Dec
2014: Jan Feb Mar Apr May Jun Jul Aug Sep Oct Nov Dec
2013: Jan Feb Mar Apr May Jun Jul Aug Sep Oct Nov Dec
2012: Jan Feb Mar Apr May Jun Jul Aug Sep Oct Nov Dec
2011: Jan Feb Mar Apr May Jun Jul Aug Sep Oct Nov Dec
2010: Jan Feb Mar Apr May Jun Jul Aug Sep Oct Nov Dec
2009: Jan Feb Mar Apr May Jun Jul Aug Sep Oct Nov Dec
2008: Jan Feb Mar Apr May Jun Jul Aug Sep Oct Nov Dec
Report for 2017 August
Monthly Climatological Summary for Aug 2017 Name: Garrymore Weather City: Geashill State: Offaly Elevation: 80 m Lat: N 53° 10' 05" Lon: W 007° 21' 37" Temperature (°C), Rain (mm), Wind Speed (km/h) Heat Cool Avg Mean Deg Deg Wind Dom Day Temp High Time Low Time Days Days Rain Speed High Time Dir ---------------------------------------------------------------------------------- 01 13.9 18.3 16:47 9.9 05:51 4.4 0.0 0.0 11.1 91.9 00:38 SSE 02 15.2 19.7 12:54 11.6 02:40 3.3 0.1 3.3 11.5 91.9 01:53 S 03 15.5 19.7 17:25 12.8 01:18 2.9 0.1 2.4 13.8 92.6 23:41 SSW 04 13.9 19.0 16:04 9.5 06:15 4.4 0.0 0.0 11.6 91.9 06:25 NW 05 14.0 19.1 17:33 9.4 23:56 4.4 0.1 0.9 7.0 91.9 07:50 W 06 11.9 15.4 14:47 7.7 01:59 6.4 0.0 5.1 12.3 91.9 10:28 SSW 07 12.5 19.0 16:24 9.6 03:38 5.8 0.0 0.6 8.0 91.9 00:36 SW 08 12.8 18.1 15:48 9.7 06:44 5.5 0.0 2.4 8.1 91.9 21:41 N 09 13.6 20.0 16:48 7.3 03:56 5.0 0.2 0.3 13.6 91.9 04:25 NW 10 12.7 18.8 14:39 6.4 04:47 5.6 0.0 0.0 4.4 22.0 16:39 WSW 11 15.1 20.6 16:17 11.0 01:14 3.5 0.3 1.5 11.2 91.9 03:47 SSW 12 15.2 19.8 15:47 11.3 23:59 3.2 0.1 0.0 7.0 29.6 10:38 WNW 13 13.0 19.3 14:47 5.2 06:49 5.3 0.1 0.3 5.7 27.0 18:44 S 14 14.7 19.1 12:50 10.4 23:55 3.6 0.0 9.9 11.2 91.9 03:40 SSW 15 13.9 20.3 17:52 7.9 06:07 4.6 0.2 0.9 9.5 91.9 00:44 SSW 16 14.8 19.1 16:28 10.4 00:30 3.5 0.0 21.6 25.0 91.9 05:53 SSW 17 14.2 19.8 15:51 8.0 02:25 4.2 0.1 0.9 21.8 91.9 00:00 S 18 12.2 16.6 18:14 9.7 07:36 6.1 0.0 6.0 14.7 91.9 05:52 SW 19 12.8 17.1 17:59 10.4 00:50 5.5 0.0 6.3 15.7 91.9 04:01 WSW 20 11.9 15.5 18:47 6.8 03:10 6.4 0.0 5.4 3.0 19.4 14:55 ESE 21 17.3 23.2 14:55 13.8 01:26 1.9 0.9 9.9 6.9 24.4 17:38 S 22 16.6 19.3 15:24 14.7 23:54 1.8 0.0 0.0 8.7 91.9 14:11 SSE 23 14.6 19.2 15:56 9.4 05:14 3.8 0.0 0.3 7.2 91.9 08:52 SSW 24 13.8 16.8 12:16 10.9 05:35 4.5 0.0 0.0 11.8 91.9 07:03 S 25 14.6 19.2 15:57 11.3 06:38 3.7 0.0 0.0 6.6 24.4 16:03 S 26 15.7 22.3 16:30 10.0 06:29 3.2 0.6 0.0 1.8 15.9 14:44 W 27 17.3 20.5 13:57 14.5 07:28 1.6 0.5 0.0 14.8 91.9 05:12 SSE 28 15.6 18.9 13:25 11.5 23:59 2.7 0.0 0.3 6.2 27.0 08:20 SSW 29 11.0 15.2 14:24 7.5 06:03 7.3 0.0 0.0 3.3 91.9 09:59 SW 30 11.7 17.7 15:38 6.5 04:32 6.6 0.0 0.0 4.0 27.0 13:50 SW 31 12.5 19.5 18:28 6.3 06:17 5.9 0.1 0.0 1.9 15.9 15:15 NW ---------------------------------------------------------------------------------- 14.0 23.2 21 5.2 13 136.6 3.4 78.3 9.7 92.6 3 SSW Max >= 27.0 0 Max <= 0.0 0 Min <= 0.0 0 Min <= -18.0 0 Max Rain: 21.6 on day 16 Days of Rain: 19 (>= 0.2 mm) 10 (>= 2.0 mm) 1 (>= 20.0 mm) Heat Base: 18.3 Cool Base: 18.3 Method: Integration