NOAA-Style Climate Reports
Select a Year or Month report
2024: Jan Feb Mar Apr May Jun Jul Aug Sep Oct Nov Dec
2023: Jan Feb Mar Apr May Jun Jul Aug Sep Oct Nov Dec
2022: Jan Feb Mar Apr May Jun Jul Aug Sep Oct Nov Dec
2021: Jan Feb Mar Apr May Jun Jul Aug Sep Oct Nov Dec
2020: Jan Feb Mar Apr May Jun Jul Aug Sep Oct Nov Dec
2019: Jan Feb Mar Apr May Jun Jul Aug Sep Oct Nov Dec
2018: Jan Feb Mar Apr May Jun Jul Aug Sep Oct Nov Dec
2017: Jan Feb Mar Apr May Jun Jul Aug Sep Oct Nov Dec
2016: Jan Feb Mar Apr May Jun Jul Aug Sep Oct Nov Dec
2015: Jan Feb Mar Apr May Jun Jul Aug Sep Oct Nov Dec
2014: Jan Feb Mar Apr May Jun Jul Aug Sep Oct Nov Dec
2013: Jan Feb Mar Apr May Jun Jul Aug Sep Oct Nov Dec
2012: Jan Feb Mar Apr May Jun Jul Aug Sep Oct Nov Dec
2011: Jan Feb Mar Apr May Jun Jul Aug Sep Oct Nov Dec
2010: Jan Feb Mar Apr May Jun Jul Aug Sep Oct Nov Dec
2009: Jan Feb Mar Apr May Jun Jul Aug Sep Oct Nov Dec
2008: Jan Feb Mar Apr May Jun Jul Aug Sep Oct Nov Dec
2024: Jan Feb Mar Apr May Jun Jul Aug Sep Oct Nov Dec
2023: Jan Feb Mar Apr May Jun Jul Aug Sep Oct Nov Dec
2022: Jan Feb Mar Apr May Jun Jul Aug Sep Oct Nov Dec
2021: Jan Feb Mar Apr May Jun Jul Aug Sep Oct Nov Dec
2020: Jan Feb Mar Apr May Jun Jul Aug Sep Oct Nov Dec
2019: Jan Feb Mar Apr May Jun Jul Aug Sep Oct Nov Dec
2018: Jan Feb Mar Apr May Jun Jul Aug Sep Oct Nov Dec
2017: Jan Feb Mar Apr May Jun Jul Aug Sep Oct Nov Dec
2016: Jan Feb Mar Apr May Jun Jul Aug Sep Oct Nov Dec
2015: Jan Feb Mar Apr May Jun Jul Aug Sep Oct Nov Dec
2014: Jan Feb Mar Apr May Jun Jul Aug Sep Oct Nov Dec
2013: Jan Feb Mar Apr May Jun Jul Aug Sep Oct Nov Dec
2012: Jan Feb Mar Apr May Jun Jul Aug Sep Oct Nov Dec
2011: Jan Feb Mar Apr May Jun Jul Aug Sep Oct Nov Dec
2010: Jan Feb Mar Apr May Jun Jul Aug Sep Oct Nov Dec
2009: Jan Feb Mar Apr May Jun Jul Aug Sep Oct Nov Dec
2008: Jan Feb Mar Apr May Jun Jul Aug Sep Oct Nov Dec
Report for 2017 March
Monthly Climatological Summary for Mar 2017 Name: Garrymore Weather City: Geashill State: Offaly Elevation: 80 m Lat: N 53° 10' 05" Lon: W 007° 21' 37" Temperature (°C), Rain (mm), Wind Speed (km/h) Heat Cool Avg Mean Deg Deg Wind Dom Day Temp High Time Low Time Days Days Rain Speed High Time Dir ---------------------------------------------------------------------------------- 01 4.3 8.9 10:57 1.4 06:17 14.0 0.0 17.1 8.4 46.5 21:42 SW 02 4.7 9.2 01:41 2.7 04:39 13.6 0.0 45.0 11.3 91.9 02:31 SW 03 5.2 6.5 12:49 3.6 02:41 13.1 0.0 14.7 7.9 91.9 17:27 ENE 04 4.5 5.9 00:55 2.4 08:33 13.8 0.0 7.8 19.0 91.9 05:43 W 05 4.1 8.3 15:59 1.3 23:28 14.2 0.0 3.0 14.2 92.6 11:50 SW 06 2.7 5.9 16:42 -0.1 04:22 15.6 0.0 4.2 7.3 91.9 12:45 SW 07 4.9 11.2 22:56 0.0 01:18 13.4 0.0 3.3 13.8 91.9 14:38 S 08 9.3 13.9 13:40 1.5 01:16 9.0 0.0 0.6 18.1 91.9 07:19 SW 09 8.8 13.4 14:15 4.2 07:28 9.5 0.0 0.0 18.5 91.9 07:40 SSW 10 9.6 11.4 10:40 7.1 00:00 8.7 0.0 1.5 12.0 41.9 16:20 S 11 10.6 16.2 15:51 8.1 23:36 7.7 0.0 0.6 10.5 91.9 16:47 SSE 12 7.7 11.5 15:53 1.6 23:10 10.6 0.0 3.6 11.6 91.9 08:31 WNW 13 10.5 15.9 14:38 2.5 00:00 7.8 0.0 0.0 8.2 28.2 22:54 SW 14 11.2 14.8 12:55 6.6 22:58 7.1 0.0 0.3 9.0 34.3 14:21 WSW 15 9.9 16.6 13:27 4.3 06:56 8.4 0.0 0.0 7.8 27.0 11:26 S 16 7.7 11.3 12:56 2.4 21:11 10.6 0.0 1.8 10.5 36.7 08:43 SW 17 8.0 10.6 17:51 4.0 00:00 10.3 0.0 69.6 16.0 91.9 21:05 WSW 18 11.0 12.5 12:15 10.1 06:57 7.3 0.0 5.7 13.3 45.4 23:21 WSW 19 10.9 13.4 12:19 9.0 22:56 7.4 0.0 10.5 11.9 46.5 06:38 SW 20 6.7 10.0 01:54 0.7 22:24 11.6 0.0 11.1 11.3 46.5 13:22 WSW 21 2.7 8.7 13:54 -0.3 06:55 15.6 0.0 3.9 9.8 91.9 14:36 SW 22 2.8 5.6 12:16 -0.2 02:50 15.5 0.0 21.3 20.9 91.9 05:37 N 23 5.5 10.0 15:01 2.8 23:52 12.8 0.0 1.5 16.3 40.4 00:40 NNE 24 5.9 13.4 16:17 -0.6 23:48 12.4 0.0 0.0 6.5 91.9 14:11 NE 25 6.3 17.0 15:26 -2.6 05:26 12.0 0.0 3.3 3.1 22.0 15:58 SE 26 7.9 17.3 15:12 0.4 07:32 10.4 0.0 3.3 4.9 24.4 13:23 ESE 27 8.8 18.6 14:51 1.8 06:55 9.5 0.0 0.0 2.9 19.4 12:40 E 28 7.6 13.2 14:43 1.4 06:08 10.6 0.0 3.6 0.4 11.1 00:53 E 29 11.4 15.1 14:19 8.7 00:12 6.9 0.0 1.2 0.0 3.5 20:16 E 30 11.7 14.6 15:10 10.0 05:27 6.6 0.0 2.1 0.0 2.6 00:00 E 31 10.8 14.0 17:10 6.2 23:25 7.5 0.0 3.9 0.0 3.5 20:35 E ---------------------------------------------------------------------------------- 7.5 18.6 27 -2.6 25 333.5 0.0 244.5 9.9 92.6 5 SW Max >= 27.0 0 Max <= 0.0 0 Min <= 0.0 6 Min <= -18.0 0 Max Rain: 69.6 on day 17 Days of Rain: 26 (>= 0.2 mm) 19 (>= 2.0 mm) 3 (>= 20.0 mm) Heat Base: 18.3 Cool Base: 18.3 Method: Integration