NOAA-Style Climate Reports
Select a Year or Month report
2024: Jan Feb Mar Apr May Jun Jul Aug Sep Oct Nov Dec
2023: Jan Feb Mar Apr May Jun Jul Aug Sep Oct Nov Dec
2022: Jan Feb Mar Apr May Jun Jul Aug Sep Oct Nov Dec
2021: Jan Feb Mar Apr May Jun Jul Aug Sep Oct Nov Dec
2020: Jan Feb Mar Apr May Jun Jul Aug Sep Oct Nov Dec
2019: Jan Feb Mar Apr May Jun Jul Aug Sep Oct Nov Dec
2018: Jan Feb Mar Apr May Jun Jul Aug Sep Oct Nov Dec
2017: Jan Feb Mar Apr May Jun Jul Aug Sep Oct Nov Dec
2016: Jan Feb Mar Apr May Jun Jul Aug Sep Oct Nov Dec
2015: Jan Feb Mar Apr May Jun Jul Aug Sep Oct Nov Dec
2014: Jan Feb Mar Apr May Jun Jul Aug Sep Oct Nov Dec
2013: Jan Feb Mar Apr May Jun Jul Aug Sep Oct Nov Dec
2012: Jan Feb Mar Apr May Jun Jul Aug Sep Oct Nov Dec
2011: Jan Feb Mar Apr May Jun Jul Aug Sep Oct Nov Dec
2010: Jan Feb Mar Apr May Jun Jul Aug Sep Oct Nov Dec
2009: Jan Feb Mar Apr May Jun Jul Aug Sep Oct Nov Dec
2008: Jan Feb Mar Apr May Jun Jul Aug Sep Oct Nov Dec
2024: Jan Feb Mar Apr May Jun Jul Aug Sep Oct Nov Dec
2023: Jan Feb Mar Apr May Jun Jul Aug Sep Oct Nov Dec
2022: Jan Feb Mar Apr May Jun Jul Aug Sep Oct Nov Dec
2021: Jan Feb Mar Apr May Jun Jul Aug Sep Oct Nov Dec
2020: Jan Feb Mar Apr May Jun Jul Aug Sep Oct Nov Dec
2019: Jan Feb Mar Apr May Jun Jul Aug Sep Oct Nov Dec
2018: Jan Feb Mar Apr May Jun Jul Aug Sep Oct Nov Dec
2017: Jan Feb Mar Apr May Jun Jul Aug Sep Oct Nov Dec
2016: Jan Feb Mar Apr May Jun Jul Aug Sep Oct Nov Dec
2015: Jan Feb Mar Apr May Jun Jul Aug Sep Oct Nov Dec
2014: Jan Feb Mar Apr May Jun Jul Aug Sep Oct Nov Dec
2013: Jan Feb Mar Apr May Jun Jul Aug Sep Oct Nov Dec
2012: Jan Feb Mar Apr May Jun Jul Aug Sep Oct Nov Dec
2011: Jan Feb Mar Apr May Jun Jul Aug Sep Oct Nov Dec
2010: Jan Feb Mar Apr May Jun Jul Aug Sep Oct Nov Dec
2009: Jan Feb Mar Apr May Jun Jul Aug Sep Oct Nov Dec
2008: Jan Feb Mar Apr May Jun Jul Aug Sep Oct Nov Dec
Report for 2016 November
Monthly Climatological Summary for Nov 2016 Name: Garrymore Weather City: Geashill State: Offaly Elevation: 80 m Lat: N 53° 10' 05" Lon: W 007° 21' 37" Temperature (°C), Rain (mm), Wind Speed (km/h) Heat Cool Avg Mean Deg Deg Wind Dom Day Temp High Time Low Time Days Days Rain Speed High Time Dir ---------------------------------------------------------------------------------- 01 6.8 11.7 14:21 0.5 23:56 11.5 0.0 0.0 8.1 31.7 12:46 N 02 5.5 11.2 14:35 0.3 00:09 12.8 0.0 0.0 2.3 12.2 12:00 WNW 03 7.0 10.3 16:21 4.6 07:16 11.3 0.0 0.3 6.0 23.3 14:09 SSW 04 5.9 10.4 12:48 1.5 05:49 12.4 0.0 8.1 5.4 24.4 11:40 W 05 4.2 8.9 13:36 0.9 23:24 14.1 0.0 12.0 8.3 36.7 13:42 NW 06 3.1 8.1 13:18 -0.1 23:47 15.2 0.0 19.2 10.3 43.0 12:42 NW 07 2.2 8.8 14:54 -1.4 07:50 16.1 0.0 0.0 4.5 19.4 14:09 WNW 08 4.6 8.5 16:52 0.7 00:33 13.7 0.0 27.3 7.6 34.3 17:48 SW 09 6.4 11.0 13:25 3.3 01:10 11.9 0.0 0.3 7.5 28.2 11:16 W 10 5.8 10.7 14:27 0.7 23:57 12.5 0.0 1.8 7.6 40.4 14:39 W 11 5.7 11.8 23:56 -1.3 02:17 12.6 0.0 102.0 11.2 54.1 17:12 S 12 9.2 13.0 13:21 4.0 23:58 9.1 0.0 1.2 6.8 28.2 02:27 W 13 8.0 12.3 13:32 3.5 00:35 10.3 0.0 0.0 5.2 20.9 20:43 S 14 12.8 15.3 18:52 9.5 00:00 5.5 0.0 0.0 6.8 28.2 19:24 SSW 15 11.3 13.9 00:01 8.0 19:10 7.0 0.0 2.1 5.6 25.6 01:41 WSW 16 8.1 11.1 05:12 4.8 21:01 10.2 0.0 18.0 11.0 43.0 03:29 SW 17 3.4 6.0 13:53 0.0 09:21 14.9 0.0 29.4 9.2 36.7 18:53 SW 18 2.6 6.5 15:00 -0.1 06:21 15.7 0.0 8.4 8.6 37.8 20:15 W 19 1.0 3.4 14:31 -2.0 22:36 17.3 0.0 0.0 3.2 18.3 00:22 S 20 -0.9 1.4 14:45 -3.3 04:25 19.2 0.0 0.0 4.0 14.8 08:49 WNW 21 0.9 3.5 23:56 -1.6 06:33 17.4 0.0 1.5 12.3 40.4 13:37 N 22 3.8 7.6 14:11 0.0 23:00 14.5 0.0 2.7 13.0 41.9 02:34 NW 23 1.9 7.3 14:31 -1.2 08:37 16.4 0.0 0.0 4.8 14.8 14:38 NNW 24 2.4 8.8 13:22 -1.4 23:29 15.9 0.0 0.3 5.1 27.0 14:40 NNE 25 1.3 8.5 13:47 -3.1 08:02 17.0 0.0 0.3 4.3 22.0 13:29 N 26 1.5 6.4 13:48 -3.1 05:13 16.8 0.0 0.3 3.0 15.9 12:52 NNW 27 5.7 8.2 13:10 3.2 00:00 12.6 0.0 0.3 1.6 13.3 19:30 ENE 28 5.1 6.3 12:16 3.8 23:59 13.2 0.0 0.0 2.6 17.2 09:44 E 29 3.8 8.8 11:52 -2.4 23:54 14.5 0.0 0.0 2.1 15.9 12:57 S 30 1.2 11.6 14:48 -3.8 02:48 17.1 0.0 0.0 0.6 8.7 09:00 SE ---------------------------------------------------------------------------------- 4.7 15.3 14 -3.8 30 408.7 0.0 235.5 6.3 54.1 11 W Max >= 27.0 0 Max <= 0.0 0 Min <= 0.0 15 Min <= -18.0 0 Max Rain: 102.0 on day 11 Days of Rain: 19 (>= 0.2 mm) 10 (>= 2.0 mm) 3 (>= 20.0 mm) Heat Base: 18.3 Cool Base: 18.3 Method: Integration