NOAA-Style Climate Reports
Select a Year or Month report
2024: Jan Feb Mar Apr May Jun Jul Aug Sep Oct Nov Dec
2023: Jan Feb Mar Apr May Jun Jul Aug Sep Oct Nov Dec
2022: Jan Feb Mar Apr May Jun Jul Aug Sep Oct Nov Dec
2021: Jan Feb Mar Apr May Jun Jul Aug Sep Oct Nov Dec
2020: Jan Feb Mar Apr May Jun Jul Aug Sep Oct Nov Dec
2019: Jan Feb Mar Apr May Jun Jul Aug Sep Oct Nov Dec
2018: Jan Feb Mar Apr May Jun Jul Aug Sep Oct Nov Dec
2017: Jan Feb Mar Apr May Jun Jul Aug Sep Oct Nov Dec
2016: Jan Feb Mar Apr May Jun Jul Aug Sep Oct Nov Dec
2015: Jan Feb Mar Apr May Jun Jul Aug Sep Oct Nov Dec
2014: Jan Feb Mar Apr May Jun Jul Aug Sep Oct Nov Dec
2013: Jan Feb Mar Apr May Jun Jul Aug Sep Oct Nov Dec
2012: Jan Feb Mar Apr May Jun Jul Aug Sep Oct Nov Dec
2011: Jan Feb Mar Apr May Jun Jul Aug Sep Oct Nov Dec
2010: Jan Feb Mar Apr May Jun Jul Aug Sep Oct Nov Dec
2009: Jan Feb Mar Apr May Jun Jul Aug Sep Oct Nov Dec
2008: Jan Feb Mar Apr May Jun Jul Aug Sep Oct Nov Dec
2024: Jan Feb Mar Apr May Jun Jul Aug Sep Oct Nov Dec
2023: Jan Feb Mar Apr May Jun Jul Aug Sep Oct Nov Dec
2022: Jan Feb Mar Apr May Jun Jul Aug Sep Oct Nov Dec
2021: Jan Feb Mar Apr May Jun Jul Aug Sep Oct Nov Dec
2020: Jan Feb Mar Apr May Jun Jul Aug Sep Oct Nov Dec
2019: Jan Feb Mar Apr May Jun Jul Aug Sep Oct Nov Dec
2018: Jan Feb Mar Apr May Jun Jul Aug Sep Oct Nov Dec
2017: Jan Feb Mar Apr May Jun Jul Aug Sep Oct Nov Dec
2016: Jan Feb Mar Apr May Jun Jul Aug Sep Oct Nov Dec
2015: Jan Feb Mar Apr May Jun Jul Aug Sep Oct Nov Dec
2014: Jan Feb Mar Apr May Jun Jul Aug Sep Oct Nov Dec
2013: Jan Feb Mar Apr May Jun Jul Aug Sep Oct Nov Dec
2012: Jan Feb Mar Apr May Jun Jul Aug Sep Oct Nov Dec
2011: Jan Feb Mar Apr May Jun Jul Aug Sep Oct Nov Dec
2010: Jan Feb Mar Apr May Jun Jul Aug Sep Oct Nov Dec
2009: Jan Feb Mar Apr May Jun Jul Aug Sep Oct Nov Dec
2008: Jan Feb Mar Apr May Jun Jul Aug Sep Oct Nov Dec
Report for 2016 June
Monthly Climatological Summary for Jun 2016 Name: Garrymore Weather City: Geashill State: Offaly Elevation: 80 m Lat: N 53° 10' 05" Lon: W 007° 21' 37" Temperature (°C), Rain (mm), Wind Speed (km/h) Heat Cool Avg Mean Deg Deg Wind Dom Day Temp High Time Low Time Days Days Rain Speed High Time Dir ---------------------------------------------------------------------------------- 01 15.1 25.6 16:11 5.4 05:25 4.8 1.6 0.0 6.0 27.0 13:24 NW 02 16.0 25.3 18:49 7.7 05:15 3.9 1.6 0.0 5.7 28.2 12:34 NNW 03 16.9 30.7 16:11 4.8 05:12 4.7 3.4 0.0 2.5 19.4 16:28 E 04 16.9 32.0 14:21 6.1 05:11 3.8 2.4 0.0 1.9 20.9 12:36 NNW 05 20.3 28.3 12:38 13.9 05:10 1.4 3.4 0.0 3.6 28.2 16:45 ENE 06 18.8 26.0 17:46 11.7 01:40 1.7 2.3 0.0 4.0 25.6 14:06 E 07 19.8 29.9 19:38 12.9 01:43 1.5 3.0 0.0 1.9 14.8 09:52 ESE 08 18.7 26.7 17:26 12.0 04:33 1.7 2.1 0.0 3.5 22.0 14:27 NNW 09 18.7 27.9 16:20 11.0 03:49 2.3 2.6 0.0 4.8 23.3 16:46 E 10 16.4 24.8 15:12 13.3 05:16 2.6 0.7 17.4 2.6 30.6 15:32 E 11 18.0 26.9 15:21 13.4 00:11 2.0 1.6 0.9 4.3 27.0 18:10 ESE 12 15.9 22.5 15:30 12.4 03:09 2.8 0.4 2.7 5.0 31.7 16:05 SSW 13 15.2 22.7 12:23 11.3 04:33 3.4 0.4 9.9 3.2 25.6 16:07 SE 14 13.2 20.2 13:43 11.3 06:08 5.2 0.0 16.2 5.5 24.4 04:22 SW 15 13.4 18.9 16:48 9.9 04:04 4.9 0.0 2.1 6.0 25.6 12:28 W 16 11.7 14.5 17:10 9.7 01:32 6.6 0.0 0.3 8.3 33.2 21:13 W 17 11.7 14.9 15:59 9.4 05:31 6.6 0.0 0.0 7.5 24.4 10:35 W 18 13.3 20.6 14:13 9.3 05:17 5.1 0.1 0.9 4.5 19.4 17:34 SW 19 15.0 17.5 16:41 12.7 00:25 3.3 0.0 8.1 9.9 41.9 14:38 ESE 20 15.1 20.7 15:44 12.3 05:18 3.3 0.1 0.3 6.9 29.6 12:11 S 21 15.7 21.6 12:50 11.4 04:15 3.1 0.5 0.0 11.9 41.9 16:42 ESE 22 16.1 23.6 15:01 10.3 03:51 2.9 0.7 0.0 6.4 25.6 00:07 SE 23 14.5 21.8 11:30 7.8 04:06 4.1 0.2 3.6 7.4 41.9 14:19 ESE 24 13.2 19.3 11:50 10.6 23:41 5.1 0.0 2.7 6.4 28.2 16:37 SSW 25 12.7 15.0 15:11 10.4 00:06 5.6 0.0 0.3 7.4 29.6 14:07 SW 26 13.9 18.2 13:18 10.4 00:58 4.4 0.0 3.0 6.8 30.6 18:09 S 27 13.6 18.8 11:54 9.3 23:55 4.7 0.0 0.3 7.6 30.6 12:59 SSW 28 12.6 20.6 16:34 7.8 01:34 5.8 0.1 0.3 5.0 33.2 19:36 SE 29 12.9 17.9 12:29 9.9 23:51 5.4 0.0 10.5 6.8 31.7 13:54 S 30 11.7 15.0 11:44 8.1 05:10 6.6 0.0 3.0 6.9 33.2 14:12 SE ---------------------------------------------------------------------------------- 15.2 32.0 4 4.8 3 119.3 27.2 82.5 5.7 41.9 19 SSE Max >= 27.0 5 Max <= 0.0 0 Min <= 0.0 0 Min <= -18.0 0 Max Rain: 17.4 on day 10 Days of Rain: 18 (>= 0.2 mm) 11 (>= 2.0 mm) 0 (>= 20.0 mm) Heat Base: 18.3 Cool Base: 18.3 Method: Integration