NOAA-Style Climate Reports
Select a Year or Month report
2024: Jan Feb Mar Apr May Jun Jul Aug Sep Oct Nov Dec
2023: Jan Feb Mar Apr May Jun Jul Aug Sep Oct Nov Dec
2022: Jan Feb Mar Apr May Jun Jul Aug Sep Oct Nov Dec
2021: Jan Feb Mar Apr May Jun Jul Aug Sep Oct Nov Dec
2020: Jan Feb Mar Apr May Jun Jul Aug Sep Oct Nov Dec
2019: Jan Feb Mar Apr May Jun Jul Aug Sep Oct Nov Dec
2018: Jan Feb Mar Apr May Jun Jul Aug Sep Oct Nov Dec
2017: Jan Feb Mar Apr May Jun Jul Aug Sep Oct Nov Dec
2016: Jan Feb Mar Apr May Jun Jul Aug Sep Oct Nov Dec
2015: Jan Feb Mar Apr May Jun Jul Aug Sep Oct Nov Dec
2014: Jan Feb Mar Apr May Jun Jul Aug Sep Oct Nov Dec
2013: Jan Feb Mar Apr May Jun Jul Aug Sep Oct Nov Dec
2012: Jan Feb Mar Apr May Jun Jul Aug Sep Oct Nov Dec
2011: Jan Feb Mar Apr May Jun Jul Aug Sep Oct Nov Dec
2010: Jan Feb Mar Apr May Jun Jul Aug Sep Oct Nov Dec
2009: Jan Feb Mar Apr May Jun Jul Aug Sep Oct Nov Dec
2008: Jan Feb Mar Apr May Jun Jul Aug Sep Oct Nov Dec
2024: Jan Feb Mar Apr May Jun Jul Aug Sep Oct Nov Dec
2023: Jan Feb Mar Apr May Jun Jul Aug Sep Oct Nov Dec
2022: Jan Feb Mar Apr May Jun Jul Aug Sep Oct Nov Dec
2021: Jan Feb Mar Apr May Jun Jul Aug Sep Oct Nov Dec
2020: Jan Feb Mar Apr May Jun Jul Aug Sep Oct Nov Dec
2019: Jan Feb Mar Apr May Jun Jul Aug Sep Oct Nov Dec
2018: Jan Feb Mar Apr May Jun Jul Aug Sep Oct Nov Dec
2017: Jan Feb Mar Apr May Jun Jul Aug Sep Oct Nov Dec
2016: Jan Feb Mar Apr May Jun Jul Aug Sep Oct Nov Dec
2015: Jan Feb Mar Apr May Jun Jul Aug Sep Oct Nov Dec
2014: Jan Feb Mar Apr May Jun Jul Aug Sep Oct Nov Dec
2013: Jan Feb Mar Apr May Jun Jul Aug Sep Oct Nov Dec
2012: Jan Feb Mar Apr May Jun Jul Aug Sep Oct Nov Dec
2011: Jan Feb Mar Apr May Jun Jul Aug Sep Oct Nov Dec
2010: Jan Feb Mar Apr May Jun Jul Aug Sep Oct Nov Dec
2009: Jan Feb Mar Apr May Jun Jul Aug Sep Oct Nov Dec
2008: Jan Feb Mar Apr May Jun Jul Aug Sep Oct Nov Dec
Report for 2016 May
Monthly Climatological Summary for May 2016 Name: Garrymore Weather City: Geashill State: Offaly Elevation: 80 m Lat: N 53° 10' 05" Lon: W 007° 21' 37" Temperature (°C), Rain (mm), Wind Speed (km/h) Heat Cool Avg Mean Deg Deg Wind Dom Day Temp High Time Low Time Days Days Rain Speed High Time Dir ---------------------------------------------------------------------------------- 01 11.7 17.3 18:02 6.6 01:15 6.6 0.0 0.6 14.2 43.0 03:19 NE 02 8.4 11.6 00:00 7.5 06:42 9.9 0.0 2.1 12.2 52.6 00:57 ENE 03 9.7 15.0 17:40 7.5 00:00 8.6 0.0 0.0 8.7 28.2 13:30 E 04 10.2 15.7 12:39 5.7 01:30 8.1 0.0 0.0 16.9 64.8 11:11 E 05 11.1 18.0 16:35 6.4 23:44 7.2 0.0 0.3 7.5 25.6 00:28 SSE 06 10.7 17.9 14:41 5.7 05:28 7.6 0.0 0.0 9.2 30.6 18:14 NW 07 8.9 11.8 17:51 5.8 05:39 9.4 0.0 7.5 8.1 28.2 01:01 NW 08 15.8 23.9 17:09 10.4 02:38 3.7 1.2 0.9 7.5 35.7 17:27 NE 09 15.2 22.7 14:08 11.0 05:38 3.6 0.5 0.0 8.4 31.7 16:59 NNW 10 13.6 19.9 18:17 10.5 06:41 4.8 0.0 3.3 10.2 37.8 22:15 NNW 11 13.3 17.9 14:40 10.7 05:23 5.0 0.0 1.2 11.0 33.2 14:05 NNW 12 14.9 22.5 15:23 10.2 03:26 4.0 0.6 0.0 12.8 41.9 14:00 NNW 13 14.2 21.5 16:24 7.5 05:34 4.6 0.5 0.0 7.6 27.0 16:39 NW 14 13.1 20.7 15:26 6.9 04:53 5.3 0.1 0.0 6.7 23.3 08:47 N 15 11.2 18.7 19:26 2.7 05:46 7.1 0.0 0.0 4.1 22.0 00:03 W 16 12.3 22.2 14:29 2.3 05:25 6.3 0.3 0.0 2.7 18.3 16:51 WSW 17 11.8 18.4 13:23 5.3 06:04 6.5 0.0 6.0 6.9 30.6 16:08 ESE 18 10.2 15.9 15:48 5.8 03:31 8.1 0.0 0.9 5.5 31.7 16:07 SW 19 11.2 18.7 13:38 4.9 01:41 7.1 0.0 3.9 8.3 33.2 13:10 SE 20 11.0 13.1 09:33 8.2 06:09 7.3 0.0 3.0 10.5 35.7 15:47 ESE 21 12.9 18.3 14:18 7.4 23:59 5.4 0.0 3.0 7.4 29.6 05:57 SE 22 9.5 20.0 12:46 3.1 05:21 8.8 0.0 5.1 4.5 29.6 12:57 SW 23 9.9 17.5 14:42 2.6 05:45 8.4 0.0 0.0 3.6 18.3 10:23 WSW 24 12.5 23.7 16:05 1.5 05:41 6.6 0.8 0.0 4.2 27.0 18:23 N 25 10.4 19.4 15:37 5.3 01:31 7.9 0.0 0.0 6.8 33.2 10:10 NNW 26 9.8 14.4 14:40 5.9 01:22 8.5 0.0 0.0 3.3 17.2 13:17 NNW 27 14.2 23.2 17:39 7.9 04:54 4.8 0.7 0.0 3.2 22.0 16:12 NE 28 14.6 22.1 16:01 9.6 04:37 4.0 0.3 0.0 4.0 23.3 12:13 NNW 29 16.3 27.1 16:00 7.3 05:58 3.6 1.6 0.0 2.9 19.4 14:42 NNW 30 15.9 24.0 19:26 7.7 05:23 3.4 1.0 0.0 4.7 22.0 15:48 WNW 31 15.4 22.6 15:55 8.1 04:58 3.9 0.9 0.0 5.6 24.4 16:42 W ---------------------------------------------------------------------------------- 12.3 27.1 29 1.5 24 196.1 8.5 37.8 7.4 64.8 4 NNE Max >= 27.0 1 Max <= 0.0 0 Min <= 0.0 0 Min <= -18.0 0 Max Rain: 7.5 on day 7 Days of Rain: 13 (>= 0.2 mm) 8 (>= 2.0 mm) 0 (>= 20.0 mm) Heat Base: 18.3 Cool Base: 18.3 Method: Integration