NOAA-Style Climate Reports
Select a Year or Month report
2024: Jan Feb Mar Apr May Jun Jul Aug Sep Oct Nov Dec
2023: Jan Feb Mar Apr May Jun Jul Aug Sep Oct Nov Dec
2022: Jan Feb Mar Apr May Jun Jul Aug Sep Oct Nov Dec
2021: Jan Feb Mar Apr May Jun Jul Aug Sep Oct Nov Dec
2020: Jan Feb Mar Apr May Jun Jul Aug Sep Oct Nov Dec
2019: Jan Feb Mar Apr May Jun Jul Aug Sep Oct Nov Dec
2018: Jan Feb Mar Apr May Jun Jul Aug Sep Oct Nov Dec
2017: Jan Feb Mar Apr May Jun Jul Aug Sep Oct Nov Dec
2016: Jan Feb Mar Apr May Jun Jul Aug Sep Oct Nov Dec
2015: Jan Feb Mar Apr May Jun Jul Aug Sep Oct Nov Dec
2014: Jan Feb Mar Apr May Jun Jul Aug Sep Oct Nov Dec
2013: Jan Feb Mar Apr May Jun Jul Aug Sep Oct Nov Dec
2012: Jan Feb Mar Apr May Jun Jul Aug Sep Oct Nov Dec
2011: Jan Feb Mar Apr May Jun Jul Aug Sep Oct Nov Dec
2010: Jan Feb Mar Apr May Jun Jul Aug Sep Oct Nov Dec
2009: Jan Feb Mar Apr May Jun Jul Aug Sep Oct Nov Dec
2008: Jan Feb Mar Apr May Jun Jul Aug Sep Oct Nov Dec
2024: Jan Feb Mar Apr May Jun Jul Aug Sep Oct Nov Dec
2023: Jan Feb Mar Apr May Jun Jul Aug Sep Oct Nov Dec
2022: Jan Feb Mar Apr May Jun Jul Aug Sep Oct Nov Dec
2021: Jan Feb Mar Apr May Jun Jul Aug Sep Oct Nov Dec
2020: Jan Feb Mar Apr May Jun Jul Aug Sep Oct Nov Dec
2019: Jan Feb Mar Apr May Jun Jul Aug Sep Oct Nov Dec
2018: Jan Feb Mar Apr May Jun Jul Aug Sep Oct Nov Dec
2017: Jan Feb Mar Apr May Jun Jul Aug Sep Oct Nov Dec
2016: Jan Feb Mar Apr May Jun Jul Aug Sep Oct Nov Dec
2015: Jan Feb Mar Apr May Jun Jul Aug Sep Oct Nov Dec
2014: Jan Feb Mar Apr May Jun Jul Aug Sep Oct Nov Dec
2013: Jan Feb Mar Apr May Jun Jul Aug Sep Oct Nov Dec
2012: Jan Feb Mar Apr May Jun Jul Aug Sep Oct Nov Dec
2011: Jan Feb Mar Apr May Jun Jul Aug Sep Oct Nov Dec
2010: Jan Feb Mar Apr May Jun Jul Aug Sep Oct Nov Dec
2009: Jan Feb Mar Apr May Jun Jul Aug Sep Oct Nov Dec
2008: Jan Feb Mar Apr May Jun Jul Aug Sep Oct Nov Dec
Report for 2016 February
Monthly Climatological Summary for Feb 2016 Name: Garrymore Weather City: Geashill State: Offaly Elevation: 80 m Lat: N 53° 10' 05" Lon: W 007° 21' 37" Temperature (°C), Rain (mm), Wind Speed (km/h) Heat Cool Avg Mean Deg Deg Wind Dom Day Temp High Time Low Time Days Days Rain Speed High Time Dir ---------------------------------------------------------------------------------- 13 2.7 5.1 17:47 2.1 20:53 4.0 0.0 0.0 4.5 14.8 18:00 NNW 14 2.2 5.7 14:38 -1.8 23:57 16.1 0.0 0.3 9.6 33.3 08:21 W 15 1.1 7.6 15:14 -3.3 07:58 17.2 0.0 0.0 3.8 20.4 23:01 S 16 5.7 13.0 17:18 0.9 02:39 12.6 0.0 24.9 21.3 70.4 10:06 SSE 17 1.7 6.1 13:50 -2.7 21:59 16.6 0.0 6.0 3.1 24.1 11:13 W 18 0.6 6.9 13:14 -4.1 04:54 17.7 0.0 0.6 4.2 33.3 16:37 S 19 5.8 10.2 13:31 0.3 00:00 12.5 0.0 0.6 10.7 37.0 19:03 S 20 7.6 10.7 13:30 5.8 08:28 10.7 0.0 6.3 10.5 42.6 16:58 S 21 9.3 11.6 14:51 4.6 23:35 9.0 0.0 3.0 12.0 50.0 05:22 S 22 4.0 7.8 15:52 0.3 07:32 14.3 0.0 0.0 4.9 25.9 15:11 SW 23 1.8 7.7 13:59 -3.1 23:58 16.5 0.0 0.0 4.7 27.8 12:56 WNW 24 0.1 6.8 14:51 -5.0 05:18 18.2 0.0 0.0 3.1 18.5 13:55 WSW 25 1.8 6.6 15:31 -3.1 02:01 16.5 0.0 0.0 4.1 20.4 13:42 ESE 26 3.6 6.8 12:10 1.3 00:39 14.7 0.0 2.4 4.3 24.1 10:56 ENE 27 3.2 5.8 11:21 1.4 06:27 15.1 0.0 0.0 4.8 25.9 10:40 NNW 28 3.5 9.4 14:24 0.7 07:01 14.8 0.0 0.0 2.4 14.8 13:21 ENE 29 4.8 9.3 22:43 1.3 06:36 13.5 0.0 10.2 13.1 55.6 11:31 SSE ---------------------------------------------------------------------------------- 3.5 13.0 16 -5.0 24 240.0 0.0 54.3 7.2 70.4 16 S Max >= 27.0 0 Max <= 0.0 0 Min <= 0.0 7 Min <= -18.0 0 Max Rain: 24.9 on day 16 Days of Rain: 9 (>= 0.2 mm) 6 (>= 2.0 mm) 1 (>= 20.0 mm) Heat Base: 18.3 Cool Base: 18.3 Method: Integration