NOAA-Style Climate Reports
Select a Year or Month report
2024: Jan Feb Mar Apr May Jun Jul Aug Sep Oct Nov Dec
2023: Jan Feb Mar Apr May Jun Jul Aug Sep Oct Nov Dec
2022: Jan Feb Mar Apr May Jun Jul Aug Sep Oct Nov Dec
2021: Jan Feb Mar Apr May Jun Jul Aug Sep Oct Nov Dec
2020: Jan Feb Mar Apr May Jun Jul Aug Sep Oct Nov Dec
2019: Jan Feb Mar Apr May Jun Jul Aug Sep Oct Nov Dec
2018: Jan Feb Mar Apr May Jun Jul Aug Sep Oct Nov Dec
2017: Jan Feb Mar Apr May Jun Jul Aug Sep Oct Nov Dec
2016: Jan Feb Mar Apr May Jun Jul Aug Sep Oct Nov Dec
2015: Jan Feb Mar Apr May Jun Jul Aug Sep Oct Nov Dec
2014: Jan Feb Mar Apr May Jun Jul Aug Sep Oct Nov Dec
2013: Jan Feb Mar Apr May Jun Jul Aug Sep Oct Nov Dec
2012: Jan Feb Mar Apr May Jun Jul Aug Sep Oct Nov Dec
2011: Jan Feb Mar Apr May Jun Jul Aug Sep Oct Nov Dec
2010: Jan Feb Mar Apr May Jun Jul Aug Sep Oct Nov Dec
2009: Jan Feb Mar Apr May Jun Jul Aug Sep Oct Nov Dec
2008: Jan Feb Mar Apr May Jun Jul Aug Sep Oct Nov Dec
2024: Jan Feb Mar Apr May Jun Jul Aug Sep Oct Nov Dec
2023: Jan Feb Mar Apr May Jun Jul Aug Sep Oct Nov Dec
2022: Jan Feb Mar Apr May Jun Jul Aug Sep Oct Nov Dec
2021: Jan Feb Mar Apr May Jun Jul Aug Sep Oct Nov Dec
2020: Jan Feb Mar Apr May Jun Jul Aug Sep Oct Nov Dec
2019: Jan Feb Mar Apr May Jun Jul Aug Sep Oct Nov Dec
2018: Jan Feb Mar Apr May Jun Jul Aug Sep Oct Nov Dec
2017: Jan Feb Mar Apr May Jun Jul Aug Sep Oct Nov Dec
2016: Jan Feb Mar Apr May Jun Jul Aug Sep Oct Nov Dec
2015: Jan Feb Mar Apr May Jun Jul Aug Sep Oct Nov Dec
2014: Jan Feb Mar Apr May Jun Jul Aug Sep Oct Nov Dec
2013: Jan Feb Mar Apr May Jun Jul Aug Sep Oct Nov Dec
2012: Jan Feb Mar Apr May Jun Jul Aug Sep Oct Nov Dec
2011: Jan Feb Mar Apr May Jun Jul Aug Sep Oct Nov Dec
2010: Jan Feb Mar Apr May Jun Jul Aug Sep Oct Nov Dec
2009: Jan Feb Mar Apr May Jun Jul Aug Sep Oct Nov Dec
2008: Jan Feb Mar Apr May Jun Jul Aug Sep Oct Nov Dec
Report for 2015 December
Monthly Climatological Summary for Dec 2015 Name: Garrymore Weather City: Geashill State: Offaly Elevation: 80 m Lat: N 53° 10' 05" Lon: W 007° 21' 37" Temperature (°C), Rain (mm), Wind Speed (km/h) Heat Cool Avg Mean Deg Deg Wind Dom Day Temp High Time Low Time Days Days Rain Speed High Time Dir ---------------------------------------------------------------------------------- 01 10.2 13.2 13:38 5.5 00:00 8.1 0.0 1.5 13.7 50.0 06:46 SE 02 8.4 12.3 03:55 4.0 22:51 9.9 0.0 4.5 10.2 64.8 03:35 S 03 4.1 4.3 00:50 4.1 00:00 14.2 0.0 0.0 64.4 56.9 02:56 SSE 04 7.9 10.8 13:55 4.1 00:00 10.4 0.0 4.5 27.2 63.7 22:12 SSE 05 10.3 12.6 05:45 8.0 01:02 8.0 0.0 14.7 28.9 67.4 09:15 S 06 6.4 11.4 03:40 3.4 18:21 11.9 0.0 2.7 8.3 58.7 03:52 S 07 10.7 13.8 15:49 4.8 00:00 7.6 0.0 4.2 19.8 67.4 15:09 SSE 08 6.1 11.2 00:12 1.4 22:14 12.2 0.0 0.3 15.1 55.2 01:53 SSW 09 7.9 10.2 12:40 1.5 01:30 10.4 0.0 3.3 18.2 58.7 18:22 S 10 5.4 7.9 00:00 3.1 23:17 12.9 0.0 1.8 9.3 39.3 00:30 S 11 3.9 6.9 14:10 1.9 02:31 14.4 0.0 0.0 6.9 40.4 07:59 S 12 2.7 7.3 10:23 -0.4 23:30 15.6 0.0 21.9 5.9 30.6 17:42 NNW 13 4.4 8.2 19:34 -0.4 00:00 13.9 0.0 3.3 3.5 22.0 19:54 ENE 14 8.1 9.4 16:49 5.9 21:42 10.2 0.0 1.2 5.5 29.6 12:59 ENE 15 9.1 11.4 20:28 6.1 00:24 9.2 0.0 3.6 8.1 37.8 15:46 E 16 11.7 13.2 13:27 10.6 08:38 6.6 0.0 0.6 11.9 43.9 16:33 SSE 17 10.9 12.3 04:12 8.0 22:15 7.4 0.0 1.2 12.2 56.3 02:10 S 18 10.7 13.4 23:22 7.4 03:10 7.6 0.0 0.6 15.4 55.2 22:36 S 19 11.5 15.1 03:18 8.1 23:31 6.8 0.0 3.3 20.1 67.4 11:35 S 20 6.9 9.2 14:01 3.1 23:14 11.4 0.0 0.0 12.5 43.9 06:27 S 21 6.4 11.1 13:28 1.7 03:24 11.9 0.0 5.4 13.0 61.3 23:28 SSE 22 8.3 12.0 04:10 4.9 21:24 10.0 0.0 4.5 16.6 60.2 01:16 S 23 6.2 10.2 21:02 1.7 08:29 12.1 0.0 48.6 20.6 80.7 19:44 SSE 24 3.8 9.5 00:00 0.5 23:44 14.5 0.0 3.3 13.8 57.6 07:13 SSW 25 3.5 9.1 23:49 0.1 01:18 14.8 0.0 11.1 5.8 37.8 11:11 ESE 26 4.7 10.4 00:00 -0.6 22:39 13.6 0.0 8.7 4.1 27.0 02:39 WSW 27 4.7 10.8 19:53 -0.4 09:40 13.6 0.0 0.3 9.1 41.9 23:42 SSE 28 9.8 16.3 13:31 6.6 23:57 8.5 0.0 15.3 17.9 68.5 07:36 S 29 7.7 12.0 21:10 3.4 08:45 10.6 0.0 24.9 19.5 82.2 18:53 S 30 7.0 13.2 00:46 2.7 19:46 11.3 0.0 57.0 17.5 78.5 09:59 S 31 2.3 6.1 13:22 -0.3 22:19 16.0 0.0 2.1 9.3 40.4 11:34 SE ---------------------------------------------------------------------------------- 7.2 16.3 28 -0.6 26 345.6 0.0 254.4 15.0 82.2 29 SSE Max >= 27.0 0 Max <= 0.0 0 Min <= 0.0 5 Min <= -18.0 0 Max Rain: 57.0 on day 30 Days of Rain: 28 (>= 0.2 mm) 20 (>= 2.0 mm) 4 (>= 20.0 mm) Heat Base: 18.3 Cool Base: 18.3 Method: Integration