NOAA-Style Climate Reports
Select a Year or Month report
2024: Jan Feb Mar Apr May Jun Jul Aug Sep Oct Nov Dec
2023: Jan Feb Mar Apr May Jun Jul Aug Sep Oct Nov Dec
2022: Jan Feb Mar Apr May Jun Jul Aug Sep Oct Nov Dec
2021: Jan Feb Mar Apr May Jun Jul Aug Sep Oct Nov Dec
2020: Jan Feb Mar Apr May Jun Jul Aug Sep Oct Nov Dec
2019: Jan Feb Mar Apr May Jun Jul Aug Sep Oct Nov Dec
2018: Jan Feb Mar Apr May Jun Jul Aug Sep Oct Nov Dec
2017: Jan Feb Mar Apr May Jun Jul Aug Sep Oct Nov Dec
2016: Jan Feb Mar Apr May Jun Jul Aug Sep Oct Nov Dec
2015: Jan Feb Mar Apr May Jun Jul Aug Sep Oct Nov Dec
2014: Jan Feb Mar Apr May Jun Jul Aug Sep Oct Nov Dec
2013: Jan Feb Mar Apr May Jun Jul Aug Sep Oct Nov Dec
2012: Jan Feb Mar Apr May Jun Jul Aug Sep Oct Nov Dec
2011: Jan Feb Mar Apr May Jun Jul Aug Sep Oct Nov Dec
2010: Jan Feb Mar Apr May Jun Jul Aug Sep Oct Nov Dec
2009: Jan Feb Mar Apr May Jun Jul Aug Sep Oct Nov Dec
2008: Jan Feb Mar Apr May Jun Jul Aug Sep Oct Nov Dec
2024: Jan Feb Mar Apr May Jun Jul Aug Sep Oct Nov Dec
2023: Jan Feb Mar Apr May Jun Jul Aug Sep Oct Nov Dec
2022: Jan Feb Mar Apr May Jun Jul Aug Sep Oct Nov Dec
2021: Jan Feb Mar Apr May Jun Jul Aug Sep Oct Nov Dec
2020: Jan Feb Mar Apr May Jun Jul Aug Sep Oct Nov Dec
2019: Jan Feb Mar Apr May Jun Jul Aug Sep Oct Nov Dec
2018: Jan Feb Mar Apr May Jun Jul Aug Sep Oct Nov Dec
2017: Jan Feb Mar Apr May Jun Jul Aug Sep Oct Nov Dec
2016: Jan Feb Mar Apr May Jun Jul Aug Sep Oct Nov Dec
2015: Jan Feb Mar Apr May Jun Jul Aug Sep Oct Nov Dec
2014: Jan Feb Mar Apr May Jun Jul Aug Sep Oct Nov Dec
2013: Jan Feb Mar Apr May Jun Jul Aug Sep Oct Nov Dec
2012: Jan Feb Mar Apr May Jun Jul Aug Sep Oct Nov Dec
2011: Jan Feb Mar Apr May Jun Jul Aug Sep Oct Nov Dec
2010: Jan Feb Mar Apr May Jun Jul Aug Sep Oct Nov Dec
2009: Jan Feb Mar Apr May Jun Jul Aug Sep Oct Nov Dec
2008: Jan Feb Mar Apr May Jun Jul Aug Sep Oct Nov Dec
Report for 2015 October
Monthly Climatological Summary for Oct 2015 Name: Garrymore Weather City: Geashill State: Offaly Elevation: 80 m Lat: N 53° 10' 05" Lon: W 007° 21' 37" Temperature (°C), Rain (mm), Wind Speed (km/h) Heat Cool Avg Mean Deg Deg Wind Dom Day Temp High Time Low Time Days Days Rain Speed High Time Dir ---------------------------------------------------------------------------------- 01 11.2 20.9 17:26 5.8 23:58 7.3 0.2 0.0 0.6 11.1 16:52 NE 02 8.3 13.6 19:11 5.3 00:35 10.0 0.0 0.0 1.2 12.2 10:57 N 03 9.2 11.2 16:28 4.5 22:48 9.1 0.0 0.0 1.2 8.7 16:57 NNW 04 9.2 15.1 15:57 4.5 00:00 9.1 0.0 0.0 2.4 27.0 12:48 E 05 13.4 17.3 19:45 10.6 09:17 4.9 0.0 1.5 4.1 27.0 19:43 SE 06 15.1 19.1 16:26 8.6 23:19 3.2 0.0 0.0 5.3 20.9 16:50 N 07 9.0 15.8 14:26 2.5 08:03 9.2 0.0 0.3 2.1 22.0 13:14 SSW 08 10.2 18.6 14:40 3.9 06:59 8.1 0.0 0.3 4.7 24.4 14:41 SE 09 12.4 18.0 18:51 9.3 23:36 5.9 0.0 0.0 5.3 31.7 10:42 SE 10 11.2 16.6 14:15 8.5 02:05 7.1 0.0 0.0 1.0 22.0 14:22 ENE 11 10.7 17.5 15:32 6.1 23:29 7.6 0.0 0.0 0.3 9.8 17:28 SE 12 8.6 13.2 16:02 3.6 23:59 9.7 0.0 0.0 4.2 27.0 14:55 NW 13 6.9 16.7 15:58 0.8 06:13 11.4 0.0 0.3 0.6 12.2 14:47 W 14 8.3 16.1 15:52 0.4 07:55 10.0 0.0 0.0 1.0 18.3 14:49 ESE 15 7.9 14.0 14:40 1.1 08:09 10.4 0.0 0.0 1.2 12.2 15:06 NNE 16 6.7 12.8 13:01 0.5 07:52 11.6 0.0 0.0 1.3 14.8 13:05 N 17 9.0 13.9 12:22 4.2 04:37 9.3 0.0 0.0 3.5 22.0 15:56 N 18 8.9 11.2 15:34 6.8 07:59 9.4 0.0 0.0 1.6 13.3 15:30 N 19 9.1 13.5 16:28 3.7 23:57 9.2 0.0 0.0 1.4 18.3 14:46 WSW 20 8.0 12.2 12:44 1.8 01:57 10.3 0.0 2.4 3.5 20.9 23:28 SSE 21 12.7 13.3 05:55 10.4 00:00 2.2 0.0 0.3 9.6 34.3 03:29 S ---------------------------------------------------------------------------------- 9.8 20.9 1 0.4 14 175.0 0.2 5.1 2.4 34.3 21 ESE Max >= 27.0 0 Max <= 0.0 0 Min <= 0.0 0 Min <= -18.0 0 Max Rain: 2.4 on day 20 Days of Rain: 6 (>= 0.2 mm) 1 (>= 2.0 mm) 0 (>= 20.0 mm) Heat Base: 18.3 Cool Base: 18.3 Method: Integration