NOAA-Style Climate Reports
Select a Year or Month report
2024: Jan Feb Mar Apr May Jun Jul Aug Sep Oct Nov Dec
2023: Jan Feb Mar Apr May Jun Jul Aug Sep Oct Nov Dec
2022: Jan Feb Mar Apr May Jun Jul Aug Sep Oct Nov Dec
2021: Jan Feb Mar Apr May Jun Jul Aug Sep Oct Nov Dec
2020: Jan Feb Mar Apr May Jun Jul Aug Sep Oct Nov Dec
2019: Jan Feb Mar Apr May Jun Jul Aug Sep Oct Nov Dec
2018: Jan Feb Mar Apr May Jun Jul Aug Sep Oct Nov Dec
2017: Jan Feb Mar Apr May Jun Jul Aug Sep Oct Nov Dec
2016: Jan Feb Mar Apr May Jun Jul Aug Sep Oct Nov Dec
2015: Jan Feb Mar Apr May Jun Jul Aug Sep Oct Nov Dec
2014: Jan Feb Mar Apr May Jun Jul Aug Sep Oct Nov Dec
2013: Jan Feb Mar Apr May Jun Jul Aug Sep Oct Nov Dec
2012: Jan Feb Mar Apr May Jun Jul Aug Sep Oct Nov Dec
2011: Jan Feb Mar Apr May Jun Jul Aug Sep Oct Nov Dec
2010: Jan Feb Mar Apr May Jun Jul Aug Sep Oct Nov Dec
2009: Jan Feb Mar Apr May Jun Jul Aug Sep Oct Nov Dec
2008: Jan Feb Mar Apr May Jun Jul Aug Sep Oct Nov Dec
2024: Jan Feb Mar Apr May Jun Jul Aug Sep Oct Nov Dec
2023: Jan Feb Mar Apr May Jun Jul Aug Sep Oct Nov Dec
2022: Jan Feb Mar Apr May Jun Jul Aug Sep Oct Nov Dec
2021: Jan Feb Mar Apr May Jun Jul Aug Sep Oct Nov Dec
2020: Jan Feb Mar Apr May Jun Jul Aug Sep Oct Nov Dec
2019: Jan Feb Mar Apr May Jun Jul Aug Sep Oct Nov Dec
2018: Jan Feb Mar Apr May Jun Jul Aug Sep Oct Nov Dec
2017: Jan Feb Mar Apr May Jun Jul Aug Sep Oct Nov Dec
2016: Jan Feb Mar Apr May Jun Jul Aug Sep Oct Nov Dec
2015: Jan Feb Mar Apr May Jun Jul Aug Sep Oct Nov Dec
2014: Jan Feb Mar Apr May Jun Jul Aug Sep Oct Nov Dec
2013: Jan Feb Mar Apr May Jun Jul Aug Sep Oct Nov Dec
2012: Jan Feb Mar Apr May Jun Jul Aug Sep Oct Nov Dec
2011: Jan Feb Mar Apr May Jun Jul Aug Sep Oct Nov Dec
2010: Jan Feb Mar Apr May Jun Jul Aug Sep Oct Nov Dec
2009: Jan Feb Mar Apr May Jun Jul Aug Sep Oct Nov Dec
2008: Jan Feb Mar Apr May Jun Jul Aug Sep Oct Nov Dec
Report for 2015 September
Monthly Climatological Summary for Sep 2015 Name: Garrymore Weather City: Geashill State: Offaly Elevation: 80 m Lat: N 53° 10' 05" Lon: W 007° 21' 37" Temperature (°C), Rain (mm), Wind Speed (km/h) Heat Cool Avg Mean Deg Deg Wind Dom Day Temp High Time Low Time Days Days Rain Speed High Time Dir ---------------------------------------------------------------------------------- 01 11.7 17.0 14:25 8.1 23:26 6.6 0.0 0.0 5.9 34.3 14:48 WNW 02 10.6 15.0 15:44 6.4 01:56 7.7 0.0 0.0 5.5 25.6 19:46 WNW 03 11.1 14.2 15:15 8.2 06:48 7.2 0.0 0.0 6.1 29.6 13:20 NW 04 12.6 17.0 14:33 10.0 06:51 5.7 0.0 0.0 6.7 28.2 18:02 WNW 05 11.6 15.9 16:39 6.7 23:57 6.7 0.0 0.0 7.0 29.6 10:57 NNW 06 10.4 15.4 16:19 4.5 03:50 7.9 0.0 0.6 1.5 12.2 15:21 NW 07 12.5 18.2 15:45 8.2 22:01 5.8 0.0 0.0 1.1 11.1 11:16 N 08 14.3 22.7 14:38 9.5 23:00 4.7 0.7 0.9 3.4 30.6 12:23 ESE 09 14.0 21.5 14:21 8.9 05:18 4.6 0.3 0.6 3.6 31.7 15:41 E 10 14.8 23.7 15:29 8.8 04:49 4.0 0.5 12.0 4.0 34.3 15:24 ESE 11 13.6 15.0 14:18 12.1 03:24 4.7 0.0 29.4 4.7 28.2 22:50 E 12 12.9 18.0 17:18 8.6 23:33 5.4 0.0 0.0 6.7 33.2 13:39 S 13 11.5 17.8 16:35 6.7 06:46 6.8 0.0 3.3 2.4 30.6 17:08 ESE 14 10.1 14.5 13:14 6.8 01:40 8.2 0.0 8.4 2.4 19.4 15:26 NW 15 11.0 16.4 16:52 8.2 04:57 7.3 0.0 0.6 4.0 20.9 15:18 WSW 16 10.3 17.5 15:26 5.0 07:27 8.0 0.0 0.3 2.1 20.9 18:32 W 17 12.2 20.1 15:03 5.8 01:51 6.2 0.1 0.3 2.3 18.3 23:44 S 18 12.6 17.6 15:15 8.3 23:55 5.7 0.0 0.0 3.5 15.9 05:56 W 19 11.8 18.8 15:40 5.1 06:30 6.5 0.0 0.0 2.7 23.3 15:51 SSE 20 12.8 15.3 10:51 11.1 04:37 5.5 0.0 14.7 7.6 33.2 17:38 SSE 21 12.0 17.5 14:17 8.1 00:52 6.3 0.0 12.3 4.0 25.6 01:17 SW 22 10.1 15.4 16:36 6.4 22:13 8.2 0.0 0.6 5.6 28.2 13:58 W 23 11.3 16.9 13:22 6.6 00:03 7.0 0.0 1.8 5.8 28.2 21:02 S 24 10.8 15.4 15:55 7.4 07:33 7.5 0.0 3.3 6.7 35.7 16:08 SSW 25 11.3 16.3 13:43 6.3 00:45 7.0 0.0 0.0 2.2 15.9 10:40 SSW 26 12.9 19.9 16:51 6.2 08:00 5.5 0.1 0.0 5.0 24.4 16:09 SSE 27 11.6 20.7 15:12 5.5 01:15 6.8 0.1 0.6 3.1 31.7 15:02 SE 28 11.2 19.3 15:47 4.5 07:39 7.2 0.1 2.4 5.3 36.7 14:14 SE 29 11.9 20.3 16:43 6.4 05:33 6.6 0.2 0.3 2.6 24.4 11:33 ESE 30 12.0 18.5 13:54 6.6 00:00 6.3 0.0 0.0 1.8 22.0 14:01 NNE ---------------------------------------------------------------------------------- 11.9 23.7 10 4.5 6 193.6 2.1 92.4 4.2 36.7 28 SSW Max >= 27.0 0 Max <= 0.0 0 Min <= 0.0 0 Min <= -18.0 0 Max Rain: 29.4 on day 11 Days of Rain: 18 (>= 0.2 mm) 8 (>= 2.0 mm) 1 (>= 20.0 mm) Heat Base: 18.3 Cool Base: 18.3 Method: Integration