NOAA-Style Climate Reports
Select a Year or Month report
2024: Jan Feb Mar Apr May Jun Jul Aug Sep Oct Nov Dec
2023: Jan Feb Mar Apr May Jun Jul Aug Sep Oct Nov Dec
2022: Jan Feb Mar Apr May Jun Jul Aug Sep Oct Nov Dec
2021: Jan Feb Mar Apr May Jun Jul Aug Sep Oct Nov Dec
2020: Jan Feb Mar Apr May Jun Jul Aug Sep Oct Nov Dec
2019: Jan Feb Mar Apr May Jun Jul Aug Sep Oct Nov Dec
2018: Jan Feb Mar Apr May Jun Jul Aug Sep Oct Nov Dec
2017: Jan Feb Mar Apr May Jun Jul Aug Sep Oct Nov Dec
2016: Jan Feb Mar Apr May Jun Jul Aug Sep Oct Nov Dec
2015: Jan Feb Mar Apr May Jun Jul Aug Sep Oct Nov Dec
2014: Jan Feb Mar Apr May Jun Jul Aug Sep Oct Nov Dec
2013: Jan Feb Mar Apr May Jun Jul Aug Sep Oct Nov Dec
2012: Jan Feb Mar Apr May Jun Jul Aug Sep Oct Nov Dec
2011: Jan Feb Mar Apr May Jun Jul Aug Sep Oct Nov Dec
2010: Jan Feb Mar Apr May Jun Jul Aug Sep Oct Nov Dec
2009: Jan Feb Mar Apr May Jun Jul Aug Sep Oct Nov Dec
2008: Jan Feb Mar Apr May Jun Jul Aug Sep Oct Nov Dec
2024: Jan Feb Mar Apr May Jun Jul Aug Sep Oct Nov Dec
2023: Jan Feb Mar Apr May Jun Jul Aug Sep Oct Nov Dec
2022: Jan Feb Mar Apr May Jun Jul Aug Sep Oct Nov Dec
2021: Jan Feb Mar Apr May Jun Jul Aug Sep Oct Nov Dec
2020: Jan Feb Mar Apr May Jun Jul Aug Sep Oct Nov Dec
2019: Jan Feb Mar Apr May Jun Jul Aug Sep Oct Nov Dec
2018: Jan Feb Mar Apr May Jun Jul Aug Sep Oct Nov Dec
2017: Jan Feb Mar Apr May Jun Jul Aug Sep Oct Nov Dec
2016: Jan Feb Mar Apr May Jun Jul Aug Sep Oct Nov Dec
2015: Jan Feb Mar Apr May Jun Jul Aug Sep Oct Nov Dec
2014: Jan Feb Mar Apr May Jun Jul Aug Sep Oct Nov Dec
2013: Jan Feb Mar Apr May Jun Jul Aug Sep Oct Nov Dec
2012: Jan Feb Mar Apr May Jun Jul Aug Sep Oct Nov Dec
2011: Jan Feb Mar Apr May Jun Jul Aug Sep Oct Nov Dec
2010: Jan Feb Mar Apr May Jun Jul Aug Sep Oct Nov Dec
2009: Jan Feb Mar Apr May Jun Jul Aug Sep Oct Nov Dec
2008: Jan Feb Mar Apr May Jun Jul Aug Sep Oct Nov Dec
Report for 2015 July
Monthly Climatological Summary for Jul 2015 Name: Garrymore Weather City: Geashill State: Offaly Elevation: 80 m Lat: N 53° 10' 05" Lon: W 007° 21' 37" Temperature (°C), Rain (mm), Wind Speed (km/h) Heat Cool Avg Mean Deg Deg Wind Dom Day Temp High Time Low Time Days Days Rain Speed High Time Dir ---------------------------------------------------------------------------------- 01 19.7 30.7 18:30 14.0 05:01 1.0 2.5 0.0 3.4 28.2 19:52 SSE 02 18.3 24.8 11:17 13.5 23:59 1.4 1.4 0.0 6.5 33.2 20:07 SE 03 18.0 25.0 13:34 11.3 03:59 2.2 1.9 2.1 5.9 34.3 12:37 E 04 17.3 24.4 14:50 13.4 23:56 1.8 0.8 5.7 8.5 48.0 17:00 SE 05 15.9 24.4 14:38 10.0 05:28 3.2 0.8 0.9 5.0 40.4 12:56 SE 06 14.6 21.5 15:52 8.8 04:07 3.9 0.3 2.1 9.1 46.5 10:52 SE 07 14.4 19.4 10:58 8.2 05:52 3.9 0.0 2.1 9.4 35.7 11:16 S 08 13.8 17.7 15:10 10.7 22:00 4.5 0.0 0.6 7.9 33.2 14:19 W 09 15.0 20.7 11:16 7.5 04:01 3.8 0.4 0.0 6.4 30.6 15:37 SE 10 17.5 24.9 12:34 14.0 05:07 1.8 1.0 0.0 10.9 43.9 11:31 SE 11 14.3 18.2 13:11 9.4 04:00 4.0 0.0 0.9 10.6 43.0 17:43 SSE 12 14.9 19.7 16:56 11.7 04:50 3.4 0.1 1.2 4.2 25.6 11:18 SSW 13 16.0 22.5 12:22 11.9 03:36 2.7 0.4 4.2 5.2 28.2 10:45 S 14 14.5 20.6 12:36 10.6 04:16 3.9 0.1 1.2 3.2 22.0 14:58 NNW 15 15.2 23.0 16:56 7.6 05:45 3.8 0.8 0.0 2.3 18.3 15:19 N 16 13.9 16.0 10:04 9.1 03:13 4.4 0.0 0.0 1.3 19.4 09:21 ENE 17 16.0 16.0 00:00 16.0 00:00 2.3 0.0 0.0 1.1 5.0 00:00 ENE 18 16.4 21.0 16:30 11.0 23:50 2.1 0.2 3.3 8.0 41.9 12:01 SE 19 13.7 19.3 20:20 6.3 05:01 4.6 0.0 0.9 4.0 24.4 01:31 SSW 20 15.6 22.2 17:08 11.3 03:53 3.3 0.6 1.5 6.8 35.7 13:19 SSE 21 14.7 18.7 18:51 9.4 23:37 3.6 0.0 0.0 6.7 25.6 02:37 SSE 22 14.0 20.9 11:52 9.1 00:43 4.5 0.2 0.0 4.2 28.2 15:01 SSW 23 14.7 20.3 17:28 9.9 02:55 3.9 0.3 0.3 3.6 19.4 12:02 S 24 13.1 19.7 13:19 9.6 03:59 5.2 0.0 3.0 5.0 24.4 16:05 NW 25 13.6 24.2 16:41 6.5 04:44 5.0 0.4 0.3 3.9 27.0 20:10 S 26 13.6 17.7 18:35 10.6 05:07 4.7 0.0 9.6 6.4 39.3 12:43 E 27 13.5 17.4 15:29 11.0 23:59 4.8 0.0 6.6 8.4 36.7 18:27 SSW 28 11.7 16.7 11:54 8.5 05:57 6.6 0.0 6.0 7.3 33.2 01:05 WSW 29 11.7 17.4 15:12 7.0 23:56 6.6 0.0 0.6 7.2 30.6 18:27 W 30 12.7 19.4 14:25 5.6 01:51 5.7 0.0 0.0 3.3 22.0 11:06 SSW 31 13.0 16.0 12:01 10.4 03:44 5.4 0.0 0.6 8.4 36.7 16:36 SE ---------------------------------------------------------------------------------- 14.9 30.7 1 5.6 30 118.0 12.2 53.7 5.9 48.0 4 SSE Max >= 27.0 1 Max <= 0.0 0 Min <= 0.0 0 Min <= -18.0 0 Max Rain: 9.6 on day 26 Days of Rain: 21 (>= 0.2 mm) 10 (>= 2.0 mm) 0 (>= 20.0 mm) Heat Base: 18.3 Cool Base: 18.3 Method: Integration