NOAA-Style Climate Reports
Select a Year or Month report
2024: Jan Feb Mar Apr May Jun Jul Aug Sep Oct Nov Dec
2023: Jan Feb Mar Apr May Jun Jul Aug Sep Oct Nov Dec
2022: Jan Feb Mar Apr May Jun Jul Aug Sep Oct Nov Dec
2021: Jan Feb Mar Apr May Jun Jul Aug Sep Oct Nov Dec
2020: Jan Feb Mar Apr May Jun Jul Aug Sep Oct Nov Dec
2019: Jan Feb Mar Apr May Jun Jul Aug Sep Oct Nov Dec
2018: Jan Feb Mar Apr May Jun Jul Aug Sep Oct Nov Dec
2017: Jan Feb Mar Apr May Jun Jul Aug Sep Oct Nov Dec
2016: Jan Feb Mar Apr May Jun Jul Aug Sep Oct Nov Dec
2015: Jan Feb Mar Apr May Jun Jul Aug Sep Oct Nov Dec
2014: Jan Feb Mar Apr May Jun Jul Aug Sep Oct Nov Dec
2013: Jan Feb Mar Apr May Jun Jul Aug Sep Oct Nov Dec
2012: Jan Feb Mar Apr May Jun Jul Aug Sep Oct Nov Dec
2011: Jan Feb Mar Apr May Jun Jul Aug Sep Oct Nov Dec
2010: Jan Feb Mar Apr May Jun Jul Aug Sep Oct Nov Dec
2009: Jan Feb Mar Apr May Jun Jul Aug Sep Oct Nov Dec
2008: Jan Feb Mar Apr May Jun Jul Aug Sep Oct Nov Dec
2024: Jan Feb Mar Apr May Jun Jul Aug Sep Oct Nov Dec
2023: Jan Feb Mar Apr May Jun Jul Aug Sep Oct Nov Dec
2022: Jan Feb Mar Apr May Jun Jul Aug Sep Oct Nov Dec
2021: Jan Feb Mar Apr May Jun Jul Aug Sep Oct Nov Dec
2020: Jan Feb Mar Apr May Jun Jul Aug Sep Oct Nov Dec
2019: Jan Feb Mar Apr May Jun Jul Aug Sep Oct Nov Dec
2018: Jan Feb Mar Apr May Jun Jul Aug Sep Oct Nov Dec
2017: Jan Feb Mar Apr May Jun Jul Aug Sep Oct Nov Dec
2016: Jan Feb Mar Apr May Jun Jul Aug Sep Oct Nov Dec
2015: Jan Feb Mar Apr May Jun Jul Aug Sep Oct Nov Dec
2014: Jan Feb Mar Apr May Jun Jul Aug Sep Oct Nov Dec
2013: Jan Feb Mar Apr May Jun Jul Aug Sep Oct Nov Dec
2012: Jan Feb Mar Apr May Jun Jul Aug Sep Oct Nov Dec
2011: Jan Feb Mar Apr May Jun Jul Aug Sep Oct Nov Dec
2010: Jan Feb Mar Apr May Jun Jul Aug Sep Oct Nov Dec
2009: Jan Feb Mar Apr May Jun Jul Aug Sep Oct Nov Dec
2008: Jan Feb Mar Apr May Jun Jul Aug Sep Oct Nov Dec
Report for 2015 March
Monthly Climatological Summary for Mar 2015 Name: Garrymore Weather City: Geashill State: Offaly Elevation: 80 m Lat: N 53° 10' 05" Lon: W 007° 21' 37" Temperature (°C), Rain (mm), Wind Speed (km/h) Heat Cool Avg Mean Deg Deg Wind Dom Day Temp High Time Low Time Days Days Rain Speed High Time Dir ---------------------------------------------------------------------------------- 01 3.2 7.4 15:44 -0.1 23:33 15.1 0.0 6.0 9.2 40.4 01:38 SW 02 1.9 6.9 13:04 -0.4 05:59 16.4 0.0 2.7 10.9 55.2 03:41 SSW 03 1.8 6.9 14:26 -0.4 05:27 16.5 0.0 4.2 9.8 57.6 13:53 SW 04 5.0 10.0 14:48 1.3 05:53 13.3 0.0 0.3 7.9 28.2 01:47 SW 05 8.1 12.4 14:42 5.7 00:00 10.2 0.0 0.0 12.3 34.3 09:47 S 06 9.0 13.6 13:51 7.0 05:06 9.3 0.0 3.0 20.7 63.7 13:58 S 07 11.6 17.2 14:44 9.0 00:00 6.7 0.0 0.9 19.0 64.8 15:20 S 08 6.4 10.7 00:22 -0.4 22:04 12.0 0.0 0.9 6.5 35.7 00:11 WSW 09 6.8 12.7 13:34 -1.5 01:34 11.5 0.0 6.9 15.4 58.7 05:07 S 10 5.9 16.7 13:46 -1.4 07:24 12.4 0.0 0.0 5.2 29.6 15:59 SSE 11 6.5 13.6 10:54 0.7 21:57 11.8 0.0 2.4 12.4 60.2 05:05 SSE 12 6.1 11.0 06:29 0.3 23:59 12.2 0.0 5.7 8.5 54.1 09:37 SSE 13 3.0 12.1 14:41 -2.3 03:40 15.3 0.0 0.3 3.2 22.0 11:00 NNW 14 1.9 8.4 13:49 -4.0 07:07 16.4 0.0 0.0 2.7 20.9 14:44 ENE 15 4.1 10.8 12:50 -0.1 07:20 14.2 0.0 0.0 3.4 20.9 10:35 E 16 4.5 8.0 14:27 1.2 00:00 13.8 0.0 0.3 2.5 18.3 12:03 ENE 17 5.3 13.9 13:43 -0.2 07:58 13.0 0.0 0.0 2.2 17.2 11:16 E 18 5.0 17.1 15:38 -1.4 07:29 13.3 0.0 0.3 1.6 15.9 15:08 NE 19 1.2 11.5 17:03 -3.9 06:35 17.1 0.0 0.0 1.2 11.1 21:40 NW 20 7.5 12.8 14:05 3.7 03:52 10.8 0.0 0.0 5.8 25.6 14:13 NW 21 7.9 16.6 14:05 1.0 23:57 10.4 0.0 0.0 5.7 25.6 09:41 N 22 6.8 17.2 16:24 -1.9 05:26 11.5 0.0 0.6 5.1 28.2 21:13 SSW 23 6.7 11.5 13:22 1.2 23:06 11.6 0.0 0.3 7.9 34.3 14:53 W 24 3.5 9.7 14:07 0.1 23:57 14.8 0.0 0.9 9.5 48.0 17:52 WNW 25 3.6 10.0 11:07 -3.0 06:27 14.7 0.0 5.1 9.2 45.4 18:26 S 26 7.0 10.9 14:23 2.5 23:30 11.3 0.0 0.3 12.4 50.0 11:10 W 27 7.6 16.2 14:31 1.9 02:13 10.7 0.0 0.0 7.7 25.6 12:10 SE 28 10.1 14.2 11:47 7.4 23:15 8.2 0.0 3.3 14.3 55.2 19:29 SSW 29 6.6 12.2 08:24 3.2 22:33 11.7 0.0 5.4 10.0 50.0 07:59 SW 30 6.9 11.6 20:44 1.9 07:12 11.4 0.0 66.6 13.1 64.8 22:41 S 31 6.5 9.0 15:28 2.8 23:58 11.8 0.0 72.3 18.8 72.4 13:51 S ---------------------------------------------------------------------------------- 5.7 17.2 7 -4.0 14 389.4 0.0 188.7 8.9 72.4 31 SSW Max >= 27.0 0 Max <= 0.0 0 Min <= 0.0 14 Min <= -18.0 0 Max Rain: 72.3 on day 31 Days of Rain: 22 (>= 0.2 mm) 12 (>= 2.0 mm) 2 (>= 20.0 mm) Heat Base: 18.3 Cool Base: 18.3 Method: Integration