NOAA-Style Climate Reports
Select a Year or Month report
2024: Jan Feb Mar Apr May Jun Jul Aug Sep Oct Nov Dec
2023: Jan Feb Mar Apr May Jun Jul Aug Sep Oct Nov Dec
2022: Jan Feb Mar Apr May Jun Jul Aug Sep Oct Nov Dec
2021: Jan Feb Mar Apr May Jun Jul Aug Sep Oct Nov Dec
2020: Jan Feb Mar Apr May Jun Jul Aug Sep Oct Nov Dec
2019: Jan Feb Mar Apr May Jun Jul Aug Sep Oct Nov Dec
2018: Jan Feb Mar Apr May Jun Jul Aug Sep Oct Nov Dec
2017: Jan Feb Mar Apr May Jun Jul Aug Sep Oct Nov Dec
2016: Jan Feb Mar Apr May Jun Jul Aug Sep Oct Nov Dec
2015: Jan Feb Mar Apr May Jun Jul Aug Sep Oct Nov Dec
2014: Jan Feb Mar Apr May Jun Jul Aug Sep Oct Nov Dec
2013: Jan Feb Mar Apr May Jun Jul Aug Sep Oct Nov Dec
2012: Jan Feb Mar Apr May Jun Jul Aug Sep Oct Nov Dec
2011: Jan Feb Mar Apr May Jun Jul Aug Sep Oct Nov Dec
2010: Jan Feb Mar Apr May Jun Jul Aug Sep Oct Nov Dec
2009: Jan Feb Mar Apr May Jun Jul Aug Sep Oct Nov Dec
2008: Jan Feb Mar Apr May Jun Jul Aug Sep Oct Nov Dec
2024: Jan Feb Mar Apr May Jun Jul Aug Sep Oct Nov Dec
2023: Jan Feb Mar Apr May Jun Jul Aug Sep Oct Nov Dec
2022: Jan Feb Mar Apr May Jun Jul Aug Sep Oct Nov Dec
2021: Jan Feb Mar Apr May Jun Jul Aug Sep Oct Nov Dec
2020: Jan Feb Mar Apr May Jun Jul Aug Sep Oct Nov Dec
2019: Jan Feb Mar Apr May Jun Jul Aug Sep Oct Nov Dec
2018: Jan Feb Mar Apr May Jun Jul Aug Sep Oct Nov Dec
2017: Jan Feb Mar Apr May Jun Jul Aug Sep Oct Nov Dec
2016: Jan Feb Mar Apr May Jun Jul Aug Sep Oct Nov Dec
2015: Jan Feb Mar Apr May Jun Jul Aug Sep Oct Nov Dec
2014: Jan Feb Mar Apr May Jun Jul Aug Sep Oct Nov Dec
2013: Jan Feb Mar Apr May Jun Jul Aug Sep Oct Nov Dec
2012: Jan Feb Mar Apr May Jun Jul Aug Sep Oct Nov Dec
2011: Jan Feb Mar Apr May Jun Jul Aug Sep Oct Nov Dec
2010: Jan Feb Mar Apr May Jun Jul Aug Sep Oct Nov Dec
2009: Jan Feb Mar Apr May Jun Jul Aug Sep Oct Nov Dec
2008: Jan Feb Mar Apr May Jun Jul Aug Sep Oct Nov Dec
Report for 2014 July
Monthly Climatological Summary for Jul 2014 Name: Garrymore Weather City: Geashill State: Offaly Elevation: 80 m Lat: N 53° 10' 05" Lon: W 007° 21' 37" Temperature (°C), Rain (mm), Wind Speed (km/h) Heat Cool Avg Mean Deg Deg Wind Dom Day Temp High Time Low Time Days Days Rain Speed High Time Dir ---------------------------------------------------------------------------------- 01 18.1 25.3 18:21 8.2 05:26 2.9 2.6 0.0 0.4 11.1 12:03 E 02 17.5 22.5 16:23 12.1 05:50 1.8 1.0 0.0 5.0 33.2 15:29 SSE 03 17.0 21.5 13:15 13.2 04:22 1.7 0.4 1.2 3.9 22.0 09:41 SSE 04 15.3 17.0 12:39 11.0 23:58 3.0 0.0 2.1 4.1 25.6 04:47 SSE 05 13.7 18.5 18:47 8.3 04:01 4.6 0.0 1.2 2.4 24.4 11:48 SSW 06 12.4 17.0 10:48 6.7 04:33 5.9 0.0 4.5 2.0 20.9 10:57 WSW 07 13.9 17.9 19:46 10.4 03:00 4.4 0.0 1.2 1.1 14.8 19:22 SE 08 14.2 18.9 17:30 11.0 05:17 4.1 0.0 2.7 3.8 25.6 10:02 WNW 09 14.7 20.6 15:26 7.8 05:43 3.9 0.3 0.9 3.3 19.4 12:07 WNW 10 16.2 20.2 18:15 13.9 05:53 2.3 0.2 1.5 2.0 18.3 19:13 W 11 17.1 20.2 14:29 13.9 05:45 1.5 0.3 0.0 1.9 15.9 13:38 SSE 12 17.1 19.6 17:14 13.4 23:47 1.4 0.2 0.0 3.1 19.4 21:06 SSE 13 15.4 19.6 15:01 12.2 05:08 3.0 0.1 0.0 3.0 22.0 02:53 WNW 14 14.9 20.1 16:28 10.6 03:34 3.6 0.3 0.9 5.1 30.6 15:36 SSE 15 16.5 21.1 13:47 11.5 06:26 2.4 0.6 0.0 3.8 27.0 19:12 SE 16 17.9 22.1 17:22 13.9 23:57 1.4 1.0 0.0 5.1 31.7 01:00 SSE 17 18.0 26.2 15:34 9.0 06:06 3.2 3.0 0.0 2.2 20.9 18:50 ESE 18 18.5 24.7 17:24 14.9 06:29 1.3 1.5 6.0 2.2 24.4 20:27 ESE 19 18.7 24.1 16:27 15.5 00:34 1.0 1.3 2.1 1.9 14.8 16:31 SE 20 17.3 21.4 19:34 14.0 05:27 1.7 0.7 1.5 2.3 14.8 08:12 W 21 17.8 23.1 16:00 11.9 03:57 2.0 1.4 0.6 2.9 20.9 10:36 SE 22 21.6 28.6 15:10 16.0 04:47 0.4 3.7 0.0 2.3 15.9 01:37 ESE 23 23.3 29.2 15:34 17.3 06:18 0.2 5.1 0.0 2.1 20.9 12:48 E 24 21.2 29.2 17:45 14.1 05:19 1.1 4.0 0.0 0.3 13.3 19:57 E 25 21.9 30.2 16:48 11.8 05:29 1.5 5.2 0.0 0.3 22.0 13:53 ESE 26 18.7 21.8 15:06 14.9 23:59 0.5 0.8 0.3 1.9 19.4 15:24 WNW 27 16.0 20.6 14:12 11.0 05:49 2.6 0.3 0.6 3.8 25.6 15:03 WNW 28 16.1 19.6 18:04 13.6 02:43 2.3 0.1 0.0 4.7 22.0 00:39 WNW 29 16.6 19.9 18:09 13.6 23:59 2.0 0.3 0.0 3.2 24.4 14:20 WNW 30 17.0 22.2 17:00 13.1 03:23 2.0 0.6 1.2 3.5 22.0 12:21 S 31 16.4 21.1 15:33 13.4 03:23 2.3 0.4 0.3 3.1 24.4 14:46 S ---------------------------------------------------------------------------------- 17.1 30.2 25 6.7 6 72.0 35.4 28.8 2.8 33.2 2 S Max >= 27.0 4 Max <= 0.0 0 Min <= 0.0 0 Min <= -18.0 0 Max Rain: 6.0 on day 18 Days of Rain: 17 (>= 0.2 mm) 5 (>= 2.0 mm) 0 (>= 20.0 mm) Heat Base: 18.3 Cool Base: 18.3 Method: Integration