NOAA-Style Climate Reports
Select a Year or Month report
2024: Jan Feb Mar Apr May Jun Jul Aug Sep Oct Nov Dec
2023: Jan Feb Mar Apr May Jun Jul Aug Sep Oct Nov Dec
2022: Jan Feb Mar Apr May Jun Jul Aug Sep Oct Nov Dec
2021: Jan Feb Mar Apr May Jun Jul Aug Sep Oct Nov Dec
2020: Jan Feb Mar Apr May Jun Jul Aug Sep Oct Nov Dec
2019: Jan Feb Mar Apr May Jun Jul Aug Sep Oct Nov Dec
2018: Jan Feb Mar Apr May Jun Jul Aug Sep Oct Nov Dec
2017: Jan Feb Mar Apr May Jun Jul Aug Sep Oct Nov Dec
2016: Jan Feb Mar Apr May Jun Jul Aug Sep Oct Nov Dec
2015: Jan Feb Mar Apr May Jun Jul Aug Sep Oct Nov Dec
2014: Jan Feb Mar Apr May Jun Jul Aug Sep Oct Nov Dec
2013: Jan Feb Mar Apr May Jun Jul Aug Sep Oct Nov Dec
2012: Jan Feb Mar Apr May Jun Jul Aug Sep Oct Nov Dec
2011: Jan Feb Mar Apr May Jun Jul Aug Sep Oct Nov Dec
2010: Jan Feb Mar Apr May Jun Jul Aug Sep Oct Nov Dec
2009: Jan Feb Mar Apr May Jun Jul Aug Sep Oct Nov Dec
2008: Jan Feb Mar Apr May Jun Jul Aug Sep Oct Nov Dec
2024: Jan Feb Mar Apr May Jun Jul Aug Sep Oct Nov Dec
2023: Jan Feb Mar Apr May Jun Jul Aug Sep Oct Nov Dec
2022: Jan Feb Mar Apr May Jun Jul Aug Sep Oct Nov Dec
2021: Jan Feb Mar Apr May Jun Jul Aug Sep Oct Nov Dec
2020: Jan Feb Mar Apr May Jun Jul Aug Sep Oct Nov Dec
2019: Jan Feb Mar Apr May Jun Jul Aug Sep Oct Nov Dec
2018: Jan Feb Mar Apr May Jun Jul Aug Sep Oct Nov Dec
2017: Jan Feb Mar Apr May Jun Jul Aug Sep Oct Nov Dec
2016: Jan Feb Mar Apr May Jun Jul Aug Sep Oct Nov Dec
2015: Jan Feb Mar Apr May Jun Jul Aug Sep Oct Nov Dec
2014: Jan Feb Mar Apr May Jun Jul Aug Sep Oct Nov Dec
2013: Jan Feb Mar Apr May Jun Jul Aug Sep Oct Nov Dec
2012: Jan Feb Mar Apr May Jun Jul Aug Sep Oct Nov Dec
2011: Jan Feb Mar Apr May Jun Jul Aug Sep Oct Nov Dec
2010: Jan Feb Mar Apr May Jun Jul Aug Sep Oct Nov Dec
2009: Jan Feb Mar Apr May Jun Jul Aug Sep Oct Nov Dec
2008: Jan Feb Mar Apr May Jun Jul Aug Sep Oct Nov Dec
Report for 2013 November
Monthly Climatological Summary for Nov 2013 Name: Garrymore Weather City: Geashill State: Offaly Elevation: 80 m Lat: N 53° 10' 05" Lon: W 007° 21' 37" Temperature (°C), Rain (mm), Wind Speed (km/h) Heat Cool Avg Mean Deg Deg Wind Dom Day Temp High Time Low Time Days Days Rain Speed High Time Dir ---------------------------------------------------------------------------------- 01 6.0 11.6 12:37 -0.2 23:52 12.3 0.0 0.3 2.1 15.9 11:50 SSE 02 5.5 11.0 10:23 -0.2 00:00 12.8 0.0 4.8 8.5 46.5 16:11 SSE 03 6.1 10.5 13:04 1.2 23:58 12.2 0.0 0.0 3.8 34.3 05:51 SSW 04 3.7 9.0 13:58 -1.3 06:51 14.6 0.0 0.3 2.8 23.3 22:37 SSE 05 7.8 9.6 10:06 5.8 00:00 10.5 0.0 1.2 5.5 30.6 04:27 SSW 06 6.7 10.5 16:01 3.2 22:27 11.6 0.0 0.6 3.1 19.4 15:23 S 07 5.5 10.4 14:39 0.3 03:41 12.8 0.0 1.2 5.9 31.7 12:31 SSE 08 4.4 9.4 12:59 1.3 21:41 13.9 0.0 0.6 3.2 27.0 14:45 SSE 09 3.6 8.8 12:24 -0.5 07:48 14.7 0.0 0.6 2.5 18.3 11:51 SSE 10 4.9 11.0 23:44 -0.7 07:42 13.4 0.0 8.7 4.3 25.6 15:45 ESE 11 11.3 15.3 09:14 8.0 00:23 7.0 0.0 0.3 3.9 22.0 08:07 S 12 6.1 11.0 14:13 0.4 23:43 12.2 0.0 0.0 1.9 20.9 12:36 WSW 13 5.8 10.3 13:31 0.5 00:00 12.5 0.0 1.8 7.1 40.4 21:11 SE 14 6.8 9.2 13:27 4.9 07:51 11.5 0.0 0.3 6.9 35.7 12:50 WNW 15 8.3 11.1 13:37 5.2 00:44 10.0 0.0 0.0 1.6 18.3 11:37 SW 16 9.5 11.7 14:33 6.9 05:49 8.8 0.0 0.0 3.2 22.0 11:49 SSE 17 9.9 11.5 13:48 8.1 23:45 8.4 0.0 4.5 3.7 18.3 17:02 SE 18 4.7 8.3 13:29 1.3 23:52 13.6 0.0 1.2 4.0 23.3 13:10 WNW 19 -0.1 6.2 23:21 -0.5 04:40 18.4 0.0 0.0 5.0 22.0 23:16 W 20 5.5 7.8 12:38 2.3 21:48 12.8 0.0 1.5 11.0 45.4 15:46 WNW 21 1.7 2.4 00:00 -1.5 22:36 16.6 0.0 0.0 9.3 18.5 19:08 W 22 -0.1 4.9 13:51 -3.8 23:24 18.4 0.0 0.0 1.6 14.8 11:38 WNW 23 1.9 5.3 23:29 -3.9 00:27 16.4 0.0 0.0 2.4 15.9 14:49 W 24 5.5 8.0 01:11 4.1 03:08 12.8 0.0 0.3 0.8 11.1 10:03 NW 25 4.8 7.5 13:30 3.7 17:10 13.5 0.0 0.3 0.3 9.8 14:37 W 26 5.7 9.1 13:48 3.9 05:52 12.5 0.0 0.0 1.0 12.2 22:33 W 27 7.4 9.5 13:10 5.0 03:34 10.9 0.0 0.0 1.5 11.1 00:42 W 28 8.0 10.3 13:49 6.3 07:08 10.3 0.0 0.0 1.3 15.9 23:58 WSW 29 7.1 8.8 08:30 4.1 23:48 11.2 0.0 0.6 7.2 36.7 08:49 W 30 5.1 8.2 13:47 1.8 08:28 13.1 0.0 0.0 2.9 17.2 10:00 W ---------------------------------------------------------------------------------- 5.6 15.3 11 -3.9 23 379.7 0.0 29.1 3.9 46.5 2 SW Max >= 27.0 0 Max <= 0.0 0 Min <= 0.0 9 Min <= -18.0 0 Max Rain: 8.7 on day 10 Days of Rain: 18 (>= 0.2 mm) 3 (>= 2.0 mm) 0 (>= 20.0 mm) Heat Base: 18.3 Cool Base: 18.3 Method: Integration