NOAA-Style Climate Reports
Select a Year or Month report
2024: Jan Feb Mar Apr May Jun Jul Aug Sep Oct Nov Dec
2023: Jan Feb Mar Apr May Jun Jul Aug Sep Oct Nov Dec
2022: Jan Feb Mar Apr May Jun Jul Aug Sep Oct Nov Dec
2021: Jan Feb Mar Apr May Jun Jul Aug Sep Oct Nov Dec
2020: Jan Feb Mar Apr May Jun Jul Aug Sep Oct Nov Dec
2019: Jan Feb Mar Apr May Jun Jul Aug Sep Oct Nov Dec
2018: Jan Feb Mar Apr May Jun Jul Aug Sep Oct Nov Dec
2017: Jan Feb Mar Apr May Jun Jul Aug Sep Oct Nov Dec
2016: Jan Feb Mar Apr May Jun Jul Aug Sep Oct Nov Dec
2015: Jan Feb Mar Apr May Jun Jul Aug Sep Oct Nov Dec
2014: Jan Feb Mar Apr May Jun Jul Aug Sep Oct Nov Dec
2013: Jan Feb Mar Apr May Jun Jul Aug Sep Oct Nov Dec
2012: Jan Feb Mar Apr May Jun Jul Aug Sep Oct Nov Dec
2011: Jan Feb Mar Apr May Jun Jul Aug Sep Oct Nov Dec
2010: Jan Feb Mar Apr May Jun Jul Aug Sep Oct Nov Dec
2009: Jan Feb Mar Apr May Jun Jul Aug Sep Oct Nov Dec
2008: Jan Feb Mar Apr May Jun Jul Aug Sep Oct Nov Dec
2024: Jan Feb Mar Apr May Jun Jul Aug Sep Oct Nov Dec
2023: Jan Feb Mar Apr May Jun Jul Aug Sep Oct Nov Dec
2022: Jan Feb Mar Apr May Jun Jul Aug Sep Oct Nov Dec
2021: Jan Feb Mar Apr May Jun Jul Aug Sep Oct Nov Dec
2020: Jan Feb Mar Apr May Jun Jul Aug Sep Oct Nov Dec
2019: Jan Feb Mar Apr May Jun Jul Aug Sep Oct Nov Dec
2018: Jan Feb Mar Apr May Jun Jul Aug Sep Oct Nov Dec
2017: Jan Feb Mar Apr May Jun Jul Aug Sep Oct Nov Dec
2016: Jan Feb Mar Apr May Jun Jul Aug Sep Oct Nov Dec
2015: Jan Feb Mar Apr May Jun Jul Aug Sep Oct Nov Dec
2014: Jan Feb Mar Apr May Jun Jul Aug Sep Oct Nov Dec
2013: Jan Feb Mar Apr May Jun Jul Aug Sep Oct Nov Dec
2012: Jan Feb Mar Apr May Jun Jul Aug Sep Oct Nov Dec
2011: Jan Feb Mar Apr May Jun Jul Aug Sep Oct Nov Dec
2010: Jan Feb Mar Apr May Jun Jul Aug Sep Oct Nov Dec
2009: Jan Feb Mar Apr May Jun Jul Aug Sep Oct Nov Dec
2008: Jan Feb Mar Apr May Jun Jul Aug Sep Oct Nov Dec
Report for 2013 September
Monthly Climatological Summary for Sep 2013 Name: Garrymore Weather City: Geashill State: Offaly Elevation: 80 m Lat: N 53° 10' 05" Lon: W 007° 21' 37" Temperature (°C), Rain (mm), Wind Speed (km/h) Heat Cool Avg Mean Deg Deg Wind Dom Day Temp High Time Low Time Days Days Rain Speed High Time Dir ---------------------------------------------------------------------------------- 01 13.0 18.3 15:04 6.2 04:14 5.3 0.0 0.0 3.8 25.6 10:25 SSW 02 16.5 19.6 13:47 14.0 00:31 2.0 0.2 0.0 3.6 22.0 16:27 S 03 16.9 23.3 17:09 11.7 06:02 2.6 1.2 0.0 2.7 23.3 14:39 SE 04 15.5 23.6 16:44 8.4 05:37 4.0 1.2 0.0 5.3 33.2 11:47 SE 05 13.0 18.2 14:15 7.0 23:56 5.3 0.0 0.0 2.2 24.4 01:12 WNW 06 10.1 17.5 14:15 3.2 06:24 8.2 0.0 0.0 2.6 28.2 15:24 NW 07 8.5 10.7 12:12 6.3 03:27 9.8 0.0 0.0 4.3 28.2 14:13 WSW 08 11.7 17.7 18:42 8.4 01:34 6.6 0.0 0.0 3.1 20.9 01:19 SSW 09 11.6 18.8 17:24 4.4 05:58 6.7 0.0 0.0 3.1 28.2 17:32 WNW 10 11.7 16.3 16:35 6.4 06:50 6.6 0.0 0.0 4.0 25.6 17:11 WNW 11 14.1 17.5 14:51 11.0 02:44 4.2 0.0 0.0 2.9 22.0 14:57 WSW 12 15.4 18.5 13:20 10.9 23:57 2.9 0.0 0.0 2.6 20.9 12:47 SSW 13 11.2 15.5 17:53 8.6 23:49 7.1 0.0 0.0 0.6 11.1 15:35 WNW 14 11.4 19.1 17:27 5.8 07:07 6.9 0.0 0.0 1.1 14.8 13:23 WNW 15 11.9 16.7 13:37 7.9 22:15 6.4 0.0 0.0 7.8 48.0 13:46 S 16 9.2 13.0 13:20 6.2 05:59 9.1 0.0 0.0 7.1 40.4 12:26 W 17 11.0 15.8 14:24 8.5 00:14 7.3 0.0 0.0 3.8 35.7 14:19 SW 18 10.3 14.4 14:04 7.6 07:27 8.0 0.0 0.0 3.4 34.3 12:52 W 19 11.9 17.2 15:03 7.7 00:12 6.4 0.0 0.0 6.1 30.6 06:38 S 20 12.7 18.3 16:45 7.9 02:52 5.6 0.0 0.0 3.6 23.3 15:36 SE 21 17.2 23.6 16:45 12.8 00:00 2.3 1.2 0.0 3.7 24.4 14:26 SE 22 17.4 23.6 15:34 12.6 06:20 2.0 1.2 0.0 4.6 20.9 17:45 ESE 23 16.7 21.2 14:20 14.8 03:31 1.9 0.4 0.0 3.6 27.0 13:49 E 24 15.4 18.7 15:12 13.2 01:08 2.9 0.0 0.0 2.2 24.4 03:26 ENE 25 16.2 21.8 15:25 13.1 00:01 2.7 0.6 0.0 0.4 9.8 19:19 ESE 26 15.2 20.2 16:54 12.3 23:59 3.2 0.1 0.0 1.2 18.3 14:08 E 27 15.3 21.8 15:03 10.5 02:55 3.4 0.4 0.0 1.6 18.3 13:25 E 28 14.4 21.9 13:55 8.0 07:12 4.4 0.5 0.0 0.2 12.2 16:01 E 29 14.8 21.2 16:20 11.6 08:07 3.8 0.2 0.0 1.4 25.6 15:44 E 30 14.2 16.3 12:51 11.7 18:48 4.1 0.0 0.0 4.8 25.6 10:16 ENE ---------------------------------------------------------------------------------- 13.5 23.6 4 3.2 6 151.7 7.2 0.0 3.2 48.0 15 S Max >= 27.0 0 Max <= 0.0 0 Min <= 0.0 0 Min <= -18.0 0 Max Rain: 0.0 on day 0 Days of Rain: 0 (>= 0.2 mm) 0 (>= 2.0 mm) 0 (>= 20.0 mm) Heat Base: 18.3 Cool Base: 18.3 Method: Integration